000
CXUS56 KSGX 011045
CF6RIV
PRELIMINARY LOCAL CLIMATOLOGICAL DATA (WS FORM: F-6)
STATION: RIVERSIDE/MARCH ARB CA
MONTH: MARCH
YEAR: 2022
LATITUDE: 33 53 N
LONGITUDE: 117-15 E
TEMPERATURE IN F: :PCPN: SNOW: WIND :SUNSHINE: SKY :PK WND
================================================================================
1 2 3 4 5 6A 6B 7 8 9 10 11 12 13 14 15 16 17 18
12Z AVG MX 2MIN
DY MAX MIN AVG DEP HDD CDD WTR SNW DPTH SPD SPD DIR MIN PSBL S-S WX SPD DR
================================================================================
1 87 33 60 M 5 0 0.00 M M 3.9 17 330 M M 0 23 330
2 85 35 60 M 5 0 0.00 M M 3.1 10 330 M M 0 M M
3 76 38 57 M 8 0 T M M 6.1 20 170 M M 2 18 330
4 59 46 53 M 12 0 T M M 5.9 12 310 M M 8 18 310
5 57 39 48 M 17 0 T M M 7.8 17 260 M M 6 33 260
6 61 30 46 M 19 0 0.00 M M 3.5 13 290 M M 1 M M
7 66 31 49 M 16 0 0.00 M M 8.7 25 360 M M 0 38 340
8 69 31 50 M 15 0 0.00 M M 4.4 12 290 M M 0 18 340
9 69 33 51 M 14 0 0.00 M M 4.9 10 320 M M 0 M M
10 70 42 56 M 9 0 0.00 M M 10.1 25 10 M M 2 45 340
11 70 36 53 M 12 0 0.00 M M 6.9 22 20 M M 0 32 360
12 77 35 56 M 9 0 0.00 M M 4.1 13 290 M M 0 M M
13 71 35 53 M 12 0 T M M 4.6 13 310 M M 1 M M
14 82 38 60 M 5 0 0.00 M M 2.3 9 300 M M 0 M M
15 81 42 62 M 3 0 0.00 M M 3.7 15 310 M M 0 M M
16 76 43 60 M 5 0 0.00 M M 4.9 13 320 M M 0 20 300
17 81 46 64 M 1 0 0.00 M M 4.5 16 290 M M 1 M M
18 80 41 61 M 4 0 0.00 M M 3.0 12 320 M M 0 M M
19 74 48 61 M 4 0 0.11 M M 5.0 15 240 M M 3 24 260
20 70 49 60 M 5 0 0.06 M M 5.9 15 310 M M 4 1 21 290
21 80 41 61 M 4 0 0.00 M M 8.7 24 330 M M 0 33 330
22 86 44 65 M 0 0 0.00 M M 7.1 21 340 M M 0 30 10
23 86 48 67 M 0 2 0.00 M M 6.0 14 330 M M 0 M M
24 88 47 68 M 0 3 0.00 M M 3.9 16 300 M M 0 21 300
25 90 49 70 M 0 5 0.00 M M 4.3 15 310 M M 0 M M
26 86 48 67 M 0 2 0.00 M M 3.7 12 330 M M 0 M M
27 79 49 64 M 1 0 0.00 M M 6.9 16 160 M M 4 12 20 150
28 62 49 56 M 9 0 0.42 M M 8.3 21 170 M M 9 30 170
29 64 48 56 M 9 0 0.01 M M 4.5 12 310 M M 6 17 290
30 71 45 58 M 7 0 0.00 M M 3.8 10 320 M M 3 M M
31 66 53 60 M 5 0 0.00 M M 7.1 12 310 M M 9 M M
================================================================================
SM 2319 1292 215 12 0.60 M 167.7 M 59
================================================================================
AV 74.8 41.7 5.4 FASTST M M 2 MAX(MPH)
MISC ----> 25 360 45 340
================================================================================
NOTES:
# LAST OF SEVERAL OCCURRENCES
COLUMN 17 PEAK WIND IN M.P.H.
PRELIMINARY LOCAL CLIMATOLOGICAL DATA (WS FORM: F-6) , PAGE 2
STATION: RIVERSIDE/MARCH ARB CA
MONTH: MARCH
YEAR: 2022
LATITUDE: 33 53 N
LONGITUDE: 117-15 E
[TEMPERATURE DATA] [PRECIPITATION DATA] SYMBOLS USED IN COLUMN 16
AVERAGE MONTHLY: 58.2 TOTAL FOR MONTH: 0.60 1 = FOG OR MIST
DPTR FM NORMAL: 0.0 DPTR FM NORMAL: M 2 = FOG REDUCING VISIBILITY
HIGHEST: 90 ON 25 GRTST 24HR 0.42 ON 28-28 TO 1/4 MILE OR LESS
LOWEST: 30 ON 6 3 = THUNDER
SNOW, ICE PELLETS, HAIL 4 = ICE PELLETS
TOTAL MONTH: M 5 = HAIL
GRTST 24HR M ON M 6 = FREEZING RAIN OR DRIZZLE
GRTST DEPTH: M ON M 7 = DUSTSTORM OR SANDSTORM:
VSBY 1/2 MILE OR LESS
8 = SMOKE OR HAZE
[NO. OF DAYS WITH] [WEATHER - DAYS WITH] 9 = BLOWING SNOW
X = TORNADO
MAX 32 OR BELOW: 0 0.01 INCH OR MORE: 4
MAX 90 OR ABOVE: 1 0.10 INCH OR MORE: 2
MIN 32 OR BELOW: 3 0.50 INCH OR MORE: 0
MIN 0 OR BELOW: 0 1.00 INCH OR MORE: 0
[HDD (BASE 65) ]
TOTAL THIS MO. 215 CLEAR (SCALE 0-3) 24
DPTR FM NORMAL M PTCLDY (SCALE 4-7) 4
TOTAL FM JUL 1 1502 CLOUDY (SCALE 8-10) 3
DPTR FM NORMAL M
[CDD (BASE 65) ]
TOTAL THIS MO. 12
DPTR FM NORMAL M [PRESSURE DATA]
TOTAL FM JAN 1 12 HIGHEST SLP M ON M
DPTR FM NORMAL M LOWEST SLP M ON M
[REMARKS]
#FINAL-03-22#