000
CXUS51 KBTV 010800
CF6SLK
PRELIMINARY LOCAL CLIMATOLOGICAL DATA (WS FORM: F-6)
STATION: SARANAC LAKE NY
MONTH: DECEMBER
YEAR: 2023
LATITUDE: 44 23 N
LONGITUDE: 74 12 W
TEMPERATURE IN F: :PCPN: SNOW: WIND :SUNSHINE: SKY :PK WND
================================================================================
1 2 3 4 5 6A 6B 7 8 9 10 11 12 13 14 15 16 17 18
12Z AVG MX 2MIN
DY MAX MIN AVG DEP HDD CDD WTR SNW DPTH SPD SPD DIR MIN PSBL S-S WX SPD DR
================================================================================
1 41 34 38 12 27 0 0.20 M M 5.6 16 230 M M 10 1 22 220
2 39 33 36 10 29 0 0.04 M M 1.9 10 50 M M 10 1 12 60
3 36 31 34 9 31 0 0.37 M M 7.0 13 60 M M 10 16 16 70
4 35 24 30 5 35 0 0.13 M M 5.2 15 240 M M 10 1 22 250
5 27 21 24 0 41 0 T M M 2.3 9 50 M M 10 1 12 40
6 22 11 17 -7 48 0 0.01 M M 3.6 9 220 M M 10 18 11 220
7 25 5 15 -9 50 0 T M M 2.3 8 220 M M 9 18 10 210
8 37 25 31 8 34 0 0.00 M M 3.0 10 60 M M 9 12 13 160
9 44 30 37 14 28 0 T M M 1.0 8 280 M M 8 1 11 240
10 50 32 41 18 24 0 0.55 M M 4.9 16 220 M M 9 1 26 220
11 33 22 28 6 37 0 0.32 M M 4.9 14 280 M M 10 1 23 270
12 33 16 25 3 40 0 0.01 M M 10.1 23 210 M M 8 1 28 200
13 29 11 20 -2 45 0 0.06 M M 5.5 13 280 M M 8 128 23 310
14 28 -2 13 -8 52 0 0.00 M M 6.2 16 220 M M 3 1 21 230
15 43 25 34 13 31 0 0.00 M M 7.4 14 240 M M 5 1 20 220
16 41 24 33 13 32 0 0.00 M M 2.8 12 60 M M 5 12 14 50
17 46 29 38 18 27 0 0.14 M M 7.6 20 160 M M 5 1 29 160
18 46 35 41 21 24 0 2.00 M M 6.3 16 230 M M 10 1 23 220
19 35 20 28 8 37 0 0.01 M M 8.2 16 220 M M 10 1 22 230
20 31 16 24 5 41 0 0.00 M M 4.0 10 230 M M 9 1 15 240
21 25 2 14 -5 51 0 0.00 M M 4.7 16 50 M M 3 18 40
22 31 -1 15 -4 50 0 0.00 M M 2.1 7 60 M M 0 9 40
23 34 6 20 2 45 0 0.02 M M 1.1 8 220 M M 9 1 11 220
24 36 31 34 16 31 0 0.05 M M 0.0 3 200 M M 10 1 4 30
25 39 27 33 15 32 0 0.00 M M 0.3 7 250 M M 8 12 10 250
26 48 26 37 20 28 0 0.11 M M 0.5 6 220 M M 7 12 9 250
27 47 38 43 26 22 0 0.09 M M 1.3 7 50 M M 10 1 9 30
28 46 39 43 26 22 0 0.08 M M 5.2 14 50 M M 10 1 17 50
29 42 32 37 20 28 0 0.09 M M 3.1 9 260 M M 10 12 12 270
30 33 20 27 11 38 0 0.05 M M 4.0 10 250 M M 10 1 14 340
31 22 18 20 4 45 0 T M M 4.6 10 230 M M 10 1 14 250
================================================================================
SM 1124 680 1105 0 4.33 M 126.7 M 255
================================================================================
AV 36.3 21.9 4.1 FASTST M M 8 MAX(MPH)
MISC ----> 23 210 29 160
================================================================================
NOTES:
# LAST OF SEVERAL OCCURRENCES
COLUMN 17 PEAK WIND IN M.P.H.
PRELIMINARY LOCAL CLIMATOLOGICAL DATA (WS FORM: F-6) , PAGE 2
STATION: SARANAC LAKE NY
MONTH: DECEMBER
YEAR: 2023
LATITUDE: 44 23 N
LONGITUDE: 74 12 W
[TEMPERATURE DATA] [PRECIPITATION DATA] SYMBOLS USED IN COLUMN 16
AVERAGE MONTHLY: 29.1 TOTAL FOR MONTH: 4.33 1 = FOG OR MIST
DPTR FM NORMAL: 8.4 DPTR FM NORMAL: 2.13 2 = FOG REDUCING VISIBILITY
HIGHEST: 50 ON 10 GRTST 24HR 2.13 ON 17-18 TO 1/4 MILE OR LESS
LOWEST: -2 ON 14 3 = THUNDER
SNOW, ICE PELLETS, HAIL 4 = ICE PELLETS
TOTAL MONTH: M 5 = HAIL
GRTST 24HR M ON M 6 = FREEZING RAIN OR DRIZZLE
GRTST DEPTH: M ON M 7 = DUSTSTORM OR SANDSTORM:
VSBY 1/2 MILE OR LESS
8 = SMOKE OR HAZE
[NO. OF DAYS WITH] [WEATHER - DAYS WITH] 9 = BLOWING SNOW
X = TORNADO
MAX 32 OR BELOW: 9 0.01 INCH OR MORE: 19
MAX 90 OR ABOVE: 0 0.10 INCH OR MORE: 8
MIN 32 OR BELOW: 26 0.50 INCH OR MORE: 2
MIN 0 OR BELOW: 2 1.00 INCH OR MORE: 1
[HDD (BASE 65) ]
TOTAL THIS MO. 1105 CLEAR (SCALE 0-3) 2
DPTR FM NORMAL -268 PTCLDY (SCALE 4-7) 7
TOTAL FM JUL 1 3097 CLOUDY (SCALE 8-10) 22
DPTR FM NORMAL -494
[CDD (BASE 65) ]
TOTAL THIS MO. 0
DPTR FM NORMAL 0 [PRESSURE DATA]
TOTAL FM JAN 1 145 HIGHEST SLP 30.61 ON 14
DPTR FM NORMAL 25 LOWEST SLP 29.02 ON 18
[REMARKS]
#FINAL-12-23#