000
CXUS55 KPIH 020606
CF6SNT
PRELIMINARY LOCAL CLIMATOLOGICAL DATA (WS FORM: F-6)
STATION: STANLEY_ID
MONTH: SEPTEMBER
YEAR: 2020
LATITUDE: 44 10 N
LONGITUDE: 114 56 W
TEMPERATURE IN F: :PCPN: SNOW: WIND :SUNSHINE: SKY :PK WND
================================================================================
1 2 3 4 5 6A 6B 7 8 9 10 11 12 13 14 15 16 17 18
12Z AVG MX 2MIN
DY MAX MIN AVG DEP HDD CDD WTR SNW DPTH SPD SPD DIR MIN PSBL S-S WX SPD DR
================================================================================
1 81 26 54 2 11 0 0.00 M M 3.8 14 320 M M 0 24 350
2 82 32 57 6 8 0 0.00 M M 4.2 14 270 M M 0 24 260
3 86 34 60 9 5 0 0.00 M M 2.8 12 270 M M 0 19 270
4 91 33 62 11 3 0 0.00 M M 2.5 10 270 M M 0 20 250
5 91 36 64 14 1 0 0.00 M M 2.4 15 180 M M 0 25 330
6 86 33 60 10 5 0 0.00 M M 2.7 13 350 M M 0 18 340
7 76 33 55 5 10 0 0.00 M M 7.3 25 10 M M 0 43 10
8 63 25 44 -6 21 0 0.00 M M 4.1 14 90 M M 0 23 360
9 74 19 47 -2 18 0 0.00 M M 4.0 16 340 M M 0 25 360
10 78 24 51 2 14 0 0.00 M M 3.5 13 360 M M 0 21 360
11 82 27 55 6 10 0 0.00 M M 3.8 13 350 M M 0 20 360
12 82 27 55 7 10 0 0.00 M M 3.8 10 310 M M 0 17 330
13 83 27 55 7 10 0 0.00 M M 2.3 10 280 M M 0 19 220
14 82 28 55 7 10 0 0.00 M M 3.4 13 210 M M 0 21 300
15 81 29 55 7 10 0 0.00 M M 2.9 10 240 M M 0 17 240
16 81 29 55 7 10 0 0.00 M M 2.5 9 190 M M 0 15 170
17 84 28 56 9 9 0 0.00 M M 3.6 13 220 M M 0 23 160
18 70 33 52 5 13 0 M M M 3.3 21 180 M M 0 34 170
19 58 34 46 -1 19 0 0.02 M M 2.3 18 250 M M 0 31 250
20 66 26 46 0 19 0 0.00 M M 3.1 9 250 M M 0 16 270
21 75 26 51 5 14 0 0.00 M M 2.9 10 220 M M 0 16 250
22 73 28 51 5 14 0 0.00 M M 2.4 15 230 M M 0 26 260
23 74 34 54 8 11 0 0.00 M M 4.2 15 120 M M 0 26 120
24 65 38 52 7 13 0 0.00 M M 5.6 17 280 M M 0 27 220
25 61 29 45 0 20 0 0.55 M M 4.4 17 240 M M 0 33 240
26 54 32 43 -2 22 0 0.22 M M 4.1 14 350 M M 0 25 350
27 58 25 42 -3 23 0 0.00 M M 2.3 9 320 M M 0 14 330
28 72 24 48 4 17 0 0.00 M M 3.1 9 350 M M 0 13 330
29 78 24 51 7 14 0 0.00 M M 2.6 9 330 M M 0 13 350
30 78 24 51 7 14 0 0.00 M M 2.6 10 350 M M 0 16 310
================================================================================
SM 2265 867 378 0 0.79 M 102.5 M 0
================================================================================
AV 75.5 28.9 3.4 FASTST M M 0 MAX(MPH)
MISC ----> # 25 10 # 43 10
================================================================================
NOTES:
# LAST OF SEVERAL OCCURRENCES
PRECIPITATION SUSPECT DURING FREEZING/FROZEN EVENTS
COLUMN 17 PEAK WIND IN M.P.H.
18TH: LOSS OF POWER FROM 2051 TO 0051 MST. SUB-TOTAL ON
PRECIPITATION WAS 0.07 INCHES FOR THE DAY.
PRELIMINARY LOCAL CLIMATOLOGICAL DATA (WS FORM: F-6) , PAGE 2
STATION: STANLEY_ID
MONTH: SEPTEMBER
YEAR: 2020
LATITUDE: 44 10 N
LONGITUDE: 114 56 W
[TEMPERATURE DATA] [PRECIPITATION DATA] SYMBOLS USED IN COLUMN 16
AVERAGE MONTHLY: 52.2 TOTAL FOR MONTH: 0.79 1 = FOG OR MIST
DPTR FM NORMAL: 4.6 DPTR FM NORMAL: -0.13 2 = FOG REDUCING VISIBILITY
HIGHEST: 91 ON 5, 4 GRTST 24HR 0.55 ON 25-25 TO 1/4 MILE OR LESS
LOWEST: 19 ON 9 3 = THUNDER
SNOW, ICE PELLETS, HAIL 4 = ICE PELLETS
TOTAL MONTH: M 5 = HAIL
GRTST 24HR M ON M 6 = FREEZING RAIN OR DRIZZLE
GRTST DEPTH: M ON M 7 = DUSTSTORM OR SANDSTORM:
VSBY 1/2 MILE OR LESS
8 = SMOKE OR HAZE
[NO. OF DAYS WITH] [WEATHER - DAYS WITH] 9 = BLOWING SNOW
X = TORNADO
MAX 32 OR BELOW: 0 0.01 INCH OR MORE: 3
MAX 90 OR ABOVE: 2 0.10 INCH OR MORE: 2
MIN 32 OR BELOW: 21 0.50 INCH OR MORE: 1
MIN 0 OR BELOW: 0 1.00 INCH OR MORE: 0
[HDD (BASE 65) ]
TOTAL THIS MO. 378 CLEAR (SCALE 0-3) 30
DPTR FM NORMAL -143 PTCLDY (SCALE 4-7) 0
TOTAL FM JUL 1 726 CLOUDY (SCALE 8-10) 0
DPTR FM NORMAL -315
[CDD (BASE 65) ]
TOTAL THIS MO. 0
DPTR FM NORMAL 0 [PRESSURE DATA]
TOTAL FM JAN 1 21 HIGHEST SLP 30.53 ON 28
DPTR FM NORMAL 18 LOWEST SLP 29.68 ON 7
[REMARKS]
4TH: HIGH OF 91 TIES PREVIOUS RECORD SET IN 2017.
5TH: HIGH OF 91 BREAKS OLD RECORD OF 88 SET IN 2017.
9TH: LOW OF 19 TIES OLD RECORD SET IN 1977.
25TH: RAINFALL OF 0.55 INCHES BREAKS OLD RECORD OF 0.36 SET IN 1981.
#FINAL-09-20#