000
CXUS52 KTAE 010800
CF6TLH
PRELIMINARY LOCAL CLIMATOLOGICAL DATA (WS FORM: F-6)
STATION: TALLAHASSEE
MONTH: MAY
YEAR: 2022
LATITUDE: 30 22 N
LONGITUDE: 84 22 W
TEMPERATURE IN F: :PCPN: SNOW: WIND :SUNSHINE: SKY :PK WND
================================================================================
1 2 3 4 5 6A 6B 7 8 9 10 11 12 13 14 15 16 17 18
12Z AVG MX 2MIN
DY MAX MIN AVG DEP HDD CDD WTR SNW DPTH SPD SPD DIR MIN PSBL S-S WX SPD DR
================================================================================
1 85 63 74 3 0 9 0.03 M M 3.9 18 70 M M 6 123 23 70
2 89 61 75 4 0 10 0.00 0.0 0 2.9 15 170 M M 5 123 18 170
3 89 65 77 5 0 12 0.35 0.0 M 3.5 23 280 M M 4 13 28 280
4 90 67 79 7 0 14 0.00 0.0 0 2.7 14 340 M M 7 123 17 340
5 92 64 78 6 0 13 0.00 0.0 0 4.4 17 160 M M 1 23 170
6 84 65 75 2 0 10 0.88 0.0 0 6.9 31 310 M M 5 13 40 310
7 85 64 75 2 0 10 0.00 0.0 0 9.5 23 260 M M 2 31 270
8 86 61 74 1 0 9 0.00 0.0 0 5.5 16 310 M M 2 21 300
9 81 63 72 -1 0 7 0.00 0.0 0 8.6 17 80 M M 2 21 80
10 84 56 70 -4 0 5 0.00 0.0 M 5.4 17 360 M M 0 21 30
11 86 54 70 -4 0 5 0.00 0.0 M 5.9 18 350 M M 0 24 340
12 88 54 71 -3 0 6 0.00 0.0 M 5.3 16 360 M M 2 21 360
13 83 67 75 1 0 10 0.39 0.0 M 7.2 30 100 M M 6 13 35 100
14 87 66 77 2 0 12 0.00 0.0 M 4.0 17 150 M M 4 1 22 150
15 89 66 78 3 0 13 T 0.0 0 3.3 25 240 M M 6 13 35 240
16 91 63 77 2 0 12 0.00 0.0 0 4.3 12 210 M M 3 M M
17 93 66 80 4 0 15 0.00 0.0 0 4.1 15 320 M M 4 12 22 320
18 94 67 81 5 0 16 0.00 0.0 0 4.5 15 160 M M 3 3 18 180
19 93 68 81 5 0 16 0.00 0.0 0 5.8 18 170 M M 6 12 23 180
20 90 67 79 3 0 14 0.00 0.0 0 7.3 18 150 M M 3 1 24 150
21 82 72 77 0 0 12 0.06 0.0 0 5.7 18 180 M M 7 13 29 200
22 86 70 78 1 0 13 0.00 0.0 0 6.5 16 160 M M 7 20 150
23 91 72 82 5 0 17 0.09 0.0 0 7.6 16 200 M M 6 3 31 260
24 92 69 81 4 0 16 0.00 0.0 M 6.8 16 130 M M 5 22 150
25 87 70 79 1 0 14 0.01 0.0 M 10.1 18 170 M M 5 3 M M
26 75 69 72 -6 0 7 1.38 0.0 M 3.5 18 240 M M 8 13 26 250
27 90 68 79 1 0 14 0.00 0.0 0 5.4 18 260 M M 6 20 260
28 89 64 77 -1 0 12 0.00 0.0 0 3.2 14 300 M M 3 1 17 300
29 87 63 75 -3 0 10 0.10 0.0 0 1.8 20 200 M M 4 1 24 210
30 94 66 80 1 0 15 0.00 0.0 0 5.4 21 60 M M 4 13 26 70
31 93 68 81 2 0 16 0.00 0.0 0 5.1 23 90 M M 3 3 29 100
================================================================================
SM 2725 2018 0 364 3.29 0.0 166.1 M 129
================================================================================
AV 87.9 65.1 5.4 FASTST M M 4 MAX(MPH)
MISC ----> 31 310 40 310
================================================================================
NOTES:
# LAST OF SEVERAL OCCURRENCES
COLUMN 17 PEAK WIND IN M.P.H.
PRELIMINARY LOCAL CLIMATOLOGICAL DATA (WS FORM: F-6) , PAGE 2
STATION: TALLAHASSEE
MONTH: MAY
YEAR: 2022
LATITUDE: 30 22 N
LONGITUDE: 84 22 W
[TEMPERATURE DATA] [PRECIPITATION DATA] SYMBOLS USED IN COLUMN 16
AVERAGE MONTHLY: 76.5 TOTAL FOR MONTH: 3.29 1 = FOG OR MIST
DPTR FM NORMAL: 1.3 DPTR FM NORMAL: -0.07 2 = FOG REDUCING VISIBILITY
HIGHEST: 94 ON 30,18 GRTST 24HR 1.38 ON 26-26 TO 1/4 MILE OR LESS
LOWEST: 54 ON 12,11 3 = THUNDER
SNOW, ICE PELLETS, HAIL 4 = ICE PELLETS
TOTAL MONTH: 0.0 INCH 5 = HAIL
GRTST 24HR 0.0 6 = FREEZING RAIN OR DRIZZLE
GRTST DEPTH: 0 7 = DUSTSTORM OR SANDSTORM:
VSBY 1/2 MILE OR LESS
8 = SMOKE OR HAZE
[NO. OF DAYS WITH] [WEATHER - DAYS WITH] 9 = BLOWING SNOW
X = TORNADO
MAX 32 OR BELOW: 0 0.01 INCH OR MORE: 9
MAX 90 OR ABOVE: 12 0.10 INCH OR MORE: 5
MIN 32 OR BELOW: 0 0.50 INCH OR MORE: 2
MIN 0 OR BELOW: 0 1.00 INCH OR MORE: 1
[HDD (BASE 65) ]
TOTAL THIS MO. 0 CLEAR (SCALE 0-3) 10
DPTR FM NORMAL -4 PTCLDY (SCALE 4-7) 20
TOTAL FM JUL 1 1239 CLOUDY (SCALE 8-10) 1
DPTR FM NORMAL -230
[CDD (BASE 65) ]
TOTAL THIS MO. 364
DPTR FM NORMAL 44 [PRESSURE DATA]
TOTAL FM JAN 1 596 HIGHEST SLP M ON M
DPTR FM NORMAL 82 LOWEST SLP 29.71 ON 7
[REMARKS]
#FINAL-05-22#