000
CXUS56 KTFX 281205
CF6BZN
PRELIMINARY LOCAL CLIMATOLOGICAL DATA (WS FORM: F-6)

                                          STATION:   BOZEMAN/GALLATIN FIELD MT
                                          MONTH:     MARCH
                                          YEAR:      2015
                                          LATITUDE:   45 46 N
                                          LONGITUDE: 111  9 W

  TEMPERATURE IN F:       :PCPN:    SNOW:  WIND      :SUNSHINE: SKY     :PK WND
================================================================================
1   2   3   4   5  6A  6B    7    8   9   10  11  12  13   14  15   16   17  18
                                     12Z  AVG MX 2MIN
DY MAX MIN AVG DEP HDD CDD  WTR  SNW DPTH SPD SPD DIR MIN PSBL S-S WX    SPD DR
================================================================================

 1  32   3  18 -13  47   0 0.00  0.0    T  3.6  9 180   M    M   0        11 180
 2  43   9  26  -6  39   0 0.01  1.0    0  8.3 28 350   M    M   3 1      36 340
 3  18   1  10 -22  55   0    T  1.0    2  6.9 21 350   M    M   4 18     23 350
 4  33  -4  15 -17  50   0 0.00  0.0    2  3.1  9 200   M    M   1        11 150
 5  50  10  30  -3  35   0 0.00  0.0    1  3.3 16 270   M    M   2        19 270
 6  58  22  40   7  25   0 0.00  0.0    0  6.5 26 300   M    M   3        33 300
 7  56  27  42   9  23   0 0.00  0.0    0  4.1 10 190   M    M   3        12 180
 8  56  20  38   4  27   0 0.00  0.0    0  4.1 15 280   M    M   0        19 290
 9  61  21  41   7  24   0 0.00  0.0    0  4.4 13 150   M    M   0        13 150
10  65  22  44  10  21   0 0.00  0.0    0  4.7 14 160   M    M   0        15 150
11  59  28  44   9  21   0 0.00  0.0    0  5.5 22 210   M    M   4        29 220
12  60  32  46  11  19   0    T  0.0    0  5.6 22 290   M    M   7        29 280
13  63  21  42   6  23   0 0.00  0.0    0  5.0 13 140   M    M   0        14 180
14  69  26  48  12  17   0 0.00  0.0    0 13.2 33 240   M    M   2        43 230
15  66  45  56  20   9   0 0.00  0.0    0 11.0 30 240   M    M   6        36 240
16  60  37  49  12  16   0 0.00  0.0    0  9.4 25 150   M    M   7        32 150
17  40  33  37   0  28   0 0.13    T    0  3.7 13 270   M    M  10 1      16 260
18  52  34  43   6  22   0 0.05  0.0    0  6.5 28 300   M    M  10 12     33 310
19  58  26  42   4  23   0 0.00  0.0    0  3.7 12 290   M    M   2        13 190
20  67  27  47   9  18   0 0.00  0.0    0  4.7 18 220   M    M   0        23 220
21  66  32  49  11  16   0 0.00  0.0    0  6.9 30 240   M    M   4        43 240
22  60  25  43   4  22   0 0.01  0.0    0  5.5 21 230   M    M   3        26 230
23  52  25  39   0  26   0 0.07  0.0    0  5.3 25 290   M    M   4 1      31 300
24  42  28  35  -4  30   0 0.03    T    0  3.5 14 330   M    M   8 1      19 230
25  50  31  41   1  24   0    T    T    T  5.7 18 280   M    M   9 1      25 270
26  61  35  48   8  17   0 0.00  0.0    0  7.4 23 290   M    M   9        27 290
27  74  30  52  12  13   0 0.00  0.0    0  6.5 20 280   M    M   1        24 270
================================================================================
SM 1471  646       690   0  0.30     2.0 158.1          M      102
================================================================================
AV 54.5 23.9                               5.9 FASTST   M    M   4    MAX(MPH)
                                 MISC ---->  # 33 240               # 43  230
================================================================================
NOTES:
# LAST OF SEVERAL OCCURRENCES

COLUMN 17 PEAK WIND IN M.P.H.

PRELIMINARY LOCAL CLIMATOLOGICAL DATA (WS FORM: F-6) , PAGE 2

                                          STATION:  BOZEMAN/GALLATIN FIELD MT
                                          MONTH:    MARCH
                                          YEAR:     2015
                                          LATITUDE:   45 46 N
                                          LONGITUDE: 111  9 W

[TEMPERATURE DATA]      [PRECIPITATION DATA]       SYMBOLS USED IN COLUMN 16

AVERAGE MONTHLY: 39.2   TOTAL FOR MONTH:   0.30    1 = FOG OR MIST
DPTR FM NORMAL:   3.4   DPTR FM NORMAL:   -0.48    2 = FOG REDUCING VISIBILITY
HIGHEST:    74 ON 27    GRTST 24HR  0.13 ON 17-17      TO 1/4 MILE OR LESS
LOWEST:     -4 ON  4                               3 = THUNDER
                        SNOW, ICE PELLETS, HAIL    4 = ICE PELLETS
                        TOTAL MONTH:   2.0 INCHES  5 = HAIL
                        GRTST 24HR   1.0 ON  3- 3  6 = FREEZING RAIN OR DRIZZLE
                        GRTST DEPTH:   2 ON  4, 3  7 = DUSTSTORM OR SANDSTORM:
                                                       VSBY 1/2 MILE OR LESS
                                                   8 = SMOKE OR HAZE
[NO. OF DAYS WITH]      [WEATHER - DAYS WITH]      9 = BLOWING SNOW
                                                   X = TORNADO
MAX 32 OR BELOW:   2    0.01 INCH OR MORE:   6
MAX 90 OR ABOVE:   0    0.10 INCH OR MORE:   1
MIN 32 OR BELOW:  22    0.50 INCH OR MORE:   0
MIN  0 OR BELOW:   1    1.00 INCH OR MORE:   0

[HDD (BASE 65) ]
TOTAL THIS MO.   690    CLEAR  (SCALE 0-3)  15
DPTR FM NORMAL   -97    PTCLDY (SCALE 4-7)   8
TOTAL FM JUL 1  6272    CLOUDY (SCALE 8-10)  4
DPTR FM NORMAL   -95

[CDD (BASE 65) ]
TOTAL THIS MO.     0
DPTR FM NORMAL     0    [PRESSURE DATA]
TOTAL FM JAN 1     0    HIGHEST SLP M ON M
DPTR FM NORMAL     0    LOWEST  SLP 29.75 ON 23

[REMARKS]
