000
CXUS51 KRLX 191255
CF6CRW
PRELIMINARY LOCAL CLIMATOLOGICAL DATA (WS FORM: F-6)

                                          STATION:   CHARLESTON WV
                                          MONTH:     FEBRUARY
                                          YEAR:      2017
                                          LATITUDE:   38 22 N
                                          LONGITUDE:  81 36 W

  TEMPERATURE IN F:       :PCPN:    SNOW:  WIND      :SUNSHINE: SKY     :PK WND
================================================================================
1   2   3   4   5  6A  6B    7    8   9   10  11  12  13   14  15   16   17  18
                                     12Z  AVG MX 2MIN
DY MAX MIN AVG DEP HDD CDD  WTR  SNW DPTH SPD SPD DIR MIN PSBL S-S WX    SPD DR
================================================================================

 1  51  39  45  10  20   0    T  0.0    0  5.5 21 240   M    M  10        31 250
 2  43  28  36   0  29   0 0.00  0.0    0  6.4 17 260   M    M   5        24 260
 3  35  22  29  -7  36   0 0.00  0.0    0  4.9 16 330   M    M   6        23 340
 4  37  14  26 -10  39   0 0.00  0.0    0  1.5 10 100   M    M   3 1      15 110
 5  54  26  40   4  25   0 0.00  0.0    0  7.7 21 240   M    M   7        32 240
 6  66  27  47  11  18   0 0.03  0.0    0  2.7 15 190   M    M   2 1      20 190
 7  74  56  65  29   0   0 0.04  0.0    0 13.1 31 210   M    M   9        41 200
 8  63  41  52  16  13   0 0.59  0.0    0  7.8 21 310   M    M   9 1      26 320
 9  41  19  30  -6  35   0 0.06    T    0 10.5 29 290   M    M   8 18     38 300
10  53  17  35  -2  30   0 0.00  0.0    0  3.9 13 220   M    M   6        20 210
11  67  51  59  22   6   0 0.00  0.0    0  9.3 22 230   M    M   7        28 220
12  69  43  56  19   9   0 0.04  0.0    0 12.9 33 320   M    M   8        46 350
13  47  29  38   1  27   0 0.00  0.0    0  7.4 22 320   M    M   1        31 320
14  53  27  40   3  25   0 0.00  0.0    0  4.1 16 190   M    M   7        19 200
15  45  34  40   2  25   0    T    T    0 10.8 23 290   M    M   8        35 270
16  44  29  37  -1  28   0 0.00  0.0    0  8.2 20 320   M    M   6        28 310
17  68  29  49  11  16   0 0.00  0.0    0  6.0 17 250   M    M   4        25 250
18  63  37  50  12  15   0 0.06  0.0    0  5.1 13 240   M    M   6 1      19 230
================================================================================
SM  973  568       396   0  0.82    T    127.8          M      112
================================================================================
AV 54.1 31.6                               7.1 FASTST   M    M   6    MAX(MPH)
                                 MISC ---->  # 33 320               # 46  350
================================================================================
NOTES:
# LAST OF SEVERAL OCCURRENCES

COLUMN 17 PEAK WIND IN M.P.H.

PRELIMINARY LOCAL CLIMATOLOGICAL DATA (WS FORM: F-6) , PAGE 2

                                          STATION:  CHARLESTON WV
                                          MONTH:    FEBRUARY
                                          YEAR:     2017
                                          LATITUDE:   38 22 N
                                          LONGITUDE:  81 36 W

[TEMPERATURE DATA]      [PRECIPITATION DATA]       SYMBOLS USED IN COLUMN 16

AVERAGE MONTHLY: 42.8   TOTAL FOR MONTH:   0.82    1 = FOG OR MIST
DPTR FM NORMAL:   6.1   DPTR FM NORMAL:   -1.17    2 = FOG REDUCING VISIBILITY
HIGHEST:    74 ON  7    GRTST 24HR  0.65 ON  8- 9      TO 1/4 MILE OR LESS
LOWEST:     14 ON  4                               3 = THUNDER
                        SNOW, ICE PELLETS, HAIL    4 = ICE PELLETS
                        TOTAL MONTH:    T          5 = HAIL
                        GRTST 24HR    T  ON 15-15  6 = FREEZING RAIN OR DRIZZLE
                        GRTST DEPTH:   0           7 = DUSTSTORM OR SANDSTORM:
                                                       VSBY 1/2 MILE OR LESS
                                                   8 = SMOKE OR HAZE
[NO. OF DAYS WITH]      [WEATHER - DAYS WITH]      9 = BLOWING SNOW
                                                   X = TORNADO
MAX 32 OR BELOW:   0    0.01 INCH OR MORE:   6
MAX 90 OR ABOVE:   0    0.10 INCH OR MORE:   1
MIN 32 OR BELOW:  11    0.50 INCH OR MORE:   1
MIN  0 OR BELOW:   0    1.00 INCH OR MORE:   0

[HDD (BASE 65) ]
TOTAL THIS MO.   396    CLEAR  (SCALE 0-3)   3
DPTR FM NORMAL  -115    PTCLDY (SCALE 4-7)  11
TOTAL FM JUL 1  2571    CLOUDY (SCALE 8-10)  4
DPTR FM NORMAL  -628

[CDD (BASE 65) ]
TOTAL THIS MO.     0
DPTR FM NORMAL     0    [PRESSURE DATA]
TOTAL FM JAN 1     0    HIGHEST SLP M ON M
DPTR FM NORMAL     0    LOWEST  SLP 29.53 ON  7

[REMARKS]
