000
CXUS51 KRLX 261136
CF6CRW
PRELIMINARY LOCAL CLIMATOLOGICAL DATA (WS FORM: F-6)
STATION: CHARLESTON WV
MONTH: APRIL
YEAR: 2024
LATITUDE: 38 22 N
LONGITUDE: 81 36 W
TEMPERATURE IN F: :PCPN: SNOW: WIND :SUNSHINE: SKY :PK WND
================================================================================
1 2 3 4 5 6A 6B 7 8 9 10 11 12 13 14 15 16 17 18
12Z AVG MX 2MIN
DY MAX MIN AVG DEP HDD CDD WTR SNW DPTH SPD SPD DIR MIN PSBL S-S WX SPD DR
================================================================================
1 80 50 65 13 0 0 T 0.0 0 4.7 15 250 M M 8 1 24 280
2 75 60 68 16 0 3 0.63 0.0 0 8.8 31 260 M M 8 13 60 260
3 62 41 52 0 13 0 0.41 0.0 0 7.6 22 250 M M 9 1 36 250
4 45 37 41 -12 24 0 0.29 0.0 0 11.1 22 220 M M 9 46 280
5 45 36 41 -12 24 0 0.05 0.0 0 7.6 18 330 M M 9 28 320
6 52 36 44 -10 21 0 0.00 0.0 0 4.6 13 310 M M 8 19 320
7 67 30 49 -5 16 0 0.00 0.0 0 2.1 12 60 M M 2 1 17 60
8 77 47 62 8 3 0 T 0.0 0 6.3 16 200 M M 7 24 250
9 71 53 62 7 3 0 T 0.0 0 5.4 21 180 M M 9 26 190
10 70 57 64 9 1 0 0.05 0.0 0 3.3 10 170 M M 9 1 16 170
11 75 54 65 9 0 0 3.32 0.0 0 8.6 23 170 M M 9 13 41 300
12 54 48 51 -5 14 0 0.27 0.0 0 12.3 25 250 M M 9 1 39 240
13 67 48 58 2 7 0 T 0.0 0 8.6 22 300 M M 3 39 280
14 84 41 63 6 2 0 0.00 0.0 0 9.2 25 230 M M 2 40 260
15 87 66 77 20 0 12 0.00 0.0 0 7.8 17 240 M M 4 26 250
16 86 57 72 15 0 7 0.09 0.0 0 3.8 18 150 M M 5 3 28 140
17 84 61 73 15 0 8 0.01 0.0 0 10.3 30 210 M M 6 3 46 220
18 82 56 69 11 0 4 T 0.0 0 3.0 14 340 M M 4 20 310
19 75 53 64 6 1 0 0.03 0.0 0 4.4 17 310 M M 8 1 29 300
20 67 48 58 -1 7 0 0.00 0.0 0 6.6 21 260 M M 5 36 260
21 57 40 49 -10 16 0 0.00 0.0 0 4.1 14 320 M M 6 24 280
22 64 31 48 -11 17 0 0.00 0.0 0 2.2 14 220 M M 1 21 230
23 74 36 55 -5 10 0 0.06 0.0 0 6.8 24 260 M M 4 39 240
24 70 49 60 0 5 0 0.13 0.0 0 6.7 14 330 M M 6 1 24 320
25 66 39 53 -7 12 0 0.00 0.0 M 2.5 9 10 M M 3 17 360
================================================================================
SM 1736 1174 196 34 5.34 0.0 158.4 M 153
================================================================================
AV 69.4 47.0 6.3 FASTST M M 6 MAX(MPH)
MISC ----> 31 260 60 260
================================================================================
NOTES:
# LAST OF SEVERAL OCCURRENCES
COLUMN 17 PEAK WIND IN M.P.H.
PRELIMINARY LOCAL CLIMATOLOGICAL DATA (WS FORM: F-6) , PAGE 2
STATION: CHARLESTON WV
MONTH: APRIL
YEAR: 2024
LATITUDE: 38 22 N
LONGITUDE: 81 36 W
[TEMPERATURE DATA] [PRECIPITATION DATA] SYMBOLS USED IN COLUMN 16
AVERAGE MONTHLY: 58.2 TOTAL FOR MONTH: 5.34 1 = FOG OR MIST
DPTR FM NORMAL: 2.0 DPTR FM NORMAL: 2.44 2 = FOG REDUCING VISIBILITY
HIGHEST: 87 ON 15 GRTST 24HR 3.53 ON 11-12 TO 1/4 MILE OR LESS
LOWEST: 30 ON 7 3 = THUNDER
SNOW, ICE PELLETS, HAIL 4 = ICE PELLETS
TOTAL MONTH: 0.0 INCH 5 = HAIL
GRTST 24HR 0.0 6 = FREEZING RAIN OR DRIZZLE
GRTST DEPTH: 0 7 = DUSTSTORM OR SANDSTORM:
VSBY 1/2 MILE OR LESS
8 = SMOKE OR HAZE
[NO. OF DAYS WITH] [WEATHER - DAYS WITH] 9 = BLOWING SNOW
X = TORNADO
MAX 32 OR BELOW: 0 0.01 INCH OR MORE: 12
MAX 90 OR ABOVE: 0 0.10 INCH OR MORE: 6
MIN 32 OR BELOW: 2 0.50 INCH OR MORE: 2
MIN 0 OR BELOW: 0 1.00 INCH OR MORE: 1
[HDD (BASE 65) ]
TOTAL THIS MO. 196 CLEAR (SCALE 0-3) 4
DPTR FM NORMAL -48 PTCLDY (SCALE 4-7) 13
TOTAL FM JUL 1 3624 CLOUDY (SCALE 8-10) 8
DPTR FM NORMAL -588
[CDD (BASE 65) ]
TOTAL THIS MO. 34
DPTR FM NORMAL 14 [PRESSURE DATA]
TOTAL FM JAN 1 34 HIGHEST SLP M ON M
DPTR FM NORMAL 9 LOWEST SLP 29.28 ON 11
[REMARKS]