000
CXUS52 KCHS 210915
CF6CXM
PRELIMINARY LOCAL CLIMATOLOGICAL DATA (WS FORM: F-6)

                                          STATION:   DOWNTOWN CHARLESTON SC
                                          MONTH:     NOVEMBER
                                          YEAR:      2014
                                          LATITUDE:   32 46 N
                                          LONGITUDE:  79 56 W

  TEMPERATURE IN F:       :PCPN:    SNOW:  WIND      :SUNSHINE: SKY     :PK WND
================================================================================
1   2   3   4   5  6A  6B    7    8   9   10  11  12  13   14  15   16   17  18
                                     12Z  AVG MX 2MIN
DY MAX MIN AVG DEP HDD CDD  WTR  SNW DPTH SPD SPD DIR MIN PSBL S-S WX    SPD DR
================================================================================

 1  59  40  50 -14  15   0 0.04    M    M   M  17 260   M    M   M        28 320
 2  57  40  49 -15  16   0 0.00    M    M   M  17 350   M    M   M        27 350
 3  65  44  55  -9  10   0 0.00    M    M   M  18  20   M    M   M        22  20
 4  73  48  61  -3   4   0 0.00    M    M   M  10 150   M    M   M        11 150
 5  79  58  69   6   0   4 0.00    M    M   M  10 180   M    M   M        12 170
 6  76  62  69   6   0   4 0.00    M    M   M  14 220   M    M   M        23 220
 7  68  52  60  -3   5   0 0.00    M    M   M  13 360   M    M   M        20  70
 8  67  51  59  -4   6   0 0.00    M    M  6.0 15  10   M    M   M        18  10
 9  70  55  63   1   2   0 0.12    M    M   M  15  10   M    M   M        18  10
10  62  54  58  -4   7   0 0.00    M    M   M  23  10   M    M   M        24  20
11  75  58  67   5   0   2 0.00    M    M   M  20  10   M    M   M        23  10
12  75  58  67   6   0   2 0.00    M    M   M  10  10   M    M   M        14  M
13  72  58  65   4   0   0 0.00    M    M  3.9 10   M   M    M   M        14 320
14  61  43  52  -9  13   0 0.00    M    M  9.6 20  10   M    M   M        24  10
15  56  33  45 -16  20   0 0.00    M    M   M  24  20   M    M   M        27  10
16  57  46  52  -8  13   0 0.14    M    M   M  17  10   M    M   M        21  10
17  72  52  62   2   3   0 0.01    M    M   M  24 210   M    M   M        36 200
18  49  35  42 -18  23   0 0.00    M    M 12.0 14 290   M    M   M        26 290
19  53  32  43 -17  22   0 0.00    M    M  8.0  9 150   M    M   M        13 150
20  61  37  49 -10  16   0 0.00  0.0    M   M  14 208   M    M   M         M  M
================================================================================
SM 1307  956       175  12  0.31     0.0  39.5          M        M
================================================================================
AV 65.3 47.8                               7.9 FASTST   M    M   4    MAX(MPH)
                                 MISC ---->  # 24  20               # 36  200
================================================================================
NOTES:
# LAST OF SEVERAL OCCURRENCES

COLUMN 17 PEAK WIND IN M.P.H.

PRELIMINARY LOCAL CLIMATOLOGICAL DATA (WS FORM: F-6) , PAGE 2

                                          STATION:  DOWNTOWN CHARLESTON SC
                                          MONTH:    NOVEMBER
                                          YEAR:     2014
                                          LATITUDE:   32 46 N
                                          LONGITUDE:  79 56 W

[TEMPERATURE DATA]      [PRECIPITATION DATA]       SYMBOLS USED IN COLUMN 16

AVERAGE MONTHLY: 56.6   TOTAL FOR MONTH:   0.31    1 = FOG OR MIST
DPTR FM NORMAL:  -5.3   DPTR FM NORMAL:   -1.16    2 = FOG REDUCING VISIBILITY
HIGHEST:    79 ON  5    GRTST 24HR  0.14 ON 16-16      TO 1/4 MILE OR LESS
LOWEST:     32 ON 19                               3 = THUNDER
                        SNOW, ICE PELLETS, HAIL    4 = ICE PELLETS
                        TOTAL MONTH:   0.0 INCH    5 = HAIL
                        GRTST 24HR     0.0         6 = FREEZING RAIN OR DRIZZLE
                        GRTST DEPTH:  M  ON   M    7 = DUSTSTORM OR SANDSTORM:
                                                       VSBY 1/2 MILE OR LESS
                                                   8 = SMOKE OR HAZE
[NO. OF DAYS WITH]      [WEATHER - DAYS WITH]      9 = BLOWING SNOW
                                                   X = TORNADO
MAX 32 OR BELOW:   0    0.01 INCH OR MORE:   4
MAX 90 OR ABOVE:   0    0.10 INCH OR MORE:   2
MIN 32 OR BELOW:   1    0.50 INCH OR MORE:   0
MIN  0 OR BELOW:   0    1.00 INCH OR MORE:   0

[HDD (BASE 65) ]
TOTAL THIS MO.   175    CLEAR  (SCALE 0-3)   0
DPTR FM NORMAL    81    PTCLDY (SCALE 4-7)   0
TOTAL FM JUL 1   185    CLOUDY (SCALE 8-10)  0
DPTR FM NORMAL    50

[CDD (BASE 65) ]
TOTAL THIS MO.    12
DPTR FM NORMAL   -18    [PRESSURE DATA]
TOTAL FM JAN 1  2536    HIGHEST SLP M ON M
DPTR FM NORMAL   173    LOWEST  SLP M ON M

[REMARKS]
