000
CXUS53 KMKX 290756
CF6FLD
PRELIMINARY LOCAL CLIMATOLOGICAL DATA (WS FORM: F-6)

                                          STATION:   FOND_DU_LAC WI
                                          MONTH:     APRIL
                                          YEAR:      2017
                                          LATITUDE:   43 46 N
                                          LONGITUDE:  88 29 W

  TEMPERATURE IN F:       :PCPN:    SNOW:  WIND      :SUNSHINE: SKY     :PK WND
================================================================================
1   2   3   4   5  6A  6B    7    8   9   10  11  12  13   14  15   16   17  18
                                     12Z  AVG MX 2MIN
DY MAX MIN AVG DEP HDD CDD  WTR  SNW DPTH SPD SPD DIR MIN PSBL S-S WX    SPD DR
================================================================================

 1  61  27  44   3  21   0    T  0.0    0  3.9 13 300   M    M   0        16 290
 2  55  34  45   4  20   0 0.07    M    M  6.3 13 180   M    M   6        16 170
 3  49  43  46   4  19   0 0.31    M    M  9.6 18  10   M    M   9 1      26 360
 4  59  43  51   9  14   0 0.22    M    M  8.9 16 350   M    M   6        20 340
 5  46  39  43   0  22   0 0.00  0.0    M  9.3 25  20   M    M   6        33  20
 6  53  35  44   1  21   0 0.00  0.0    M 17.2 30  20   M    M   1        39  20
 7  57  32  45   1  20   0 0.00  0.0    0  8.3 17  20   M    M   0        23  20
 8  66  34  50   6  15   0 0.00  0.0    0 13.8 30 190   M    M   0        39 200
 9  73  55  64  20   1   0 0.00  0.0    0 14.2 25 190   M    M   5        35 180
10  71  38  55  10  10   0 0.04    M    0 13.2 25  50   M    M   6 18     30  50
11  46  35  41  -4  24   0    T  0.0    0  9.0 18 300   M    M  10 1      23 270
12  57  31  44  -2  21   0    T  0.0    0  6.4 15 140   M    M   5        19 140
13  52  40  46   0  19   0 0.33  0.0    0  8.4 16 130   M    M   8 1      19 130
14  59  35  47   1  18   0 0.13  0.0    0  9.7 20 130   M    M   4 1      24 130
15  77  54  66  19   0   1 2.07  0.0    0 10.6 25 210   M    M   6 138    35 200
16  68  50  59  12   6   0 0.06  0.0    0 12.5 30 300   M    M   4 1      38 290
17  59  38  49   1  16   0 0.00  0.0    0  8.1 21  80   M    M   3        24  80
18  68  39  54   6  11   0    T    M    0 12.6 31 190   M    M   4        41 190
19  62  42  52   4  13   0 0.10    M    0 11.2 31  70   M    M   5 3      38  70
20  54  41  48  -1  17   0 0.67    M    0 11.6 28 330   M    M  10 13     34 320
21  59  37  48  -1  17   0 0.00  0.0    M 10.3 22 310   M    M   4        29 320
22  64  32  48  -1  17   0 0.00  0.0    0  3.3  8 190   M    M   0        10 190
23  69  38  54   4  11   0 0.00  0.0    M 10.1 20  70   M    M   0        24  80
24  70  36  53   3  12   0 0.00  0.0    M 11.4 22 150   M    M   0        27 190
25  75  52  64  14   1   0    T  0.0    0 13.8 23 180   M    M   2        27 180
26  68  48  58   7   7   0 0.07  0.0    0 11.0 21 200   M    M   8 1      26 230
27  48  37  43  -8  22   0 0.90    M    0 11.6 23 280   M    M  10 1      29 280
28  52  37  45  -6  20   0 0.06  0.0    0  6.8 18  50   M    M   8        24  40
================================================================================
SM 1697 1102       415   1  5.03     0.0 283.1          M      130
================================================================================
AV 60.6 39.4                              10.1 FASTST   M    M   5    MAX(MPH)
                                 MISC ---->  # 31 190               # 41  190
================================================================================
NOTES:
# LAST OF SEVERAL OCCURRENCES

COLUMN 17 PEAK WIND IN M.P.H.

PRELIMINARY LOCAL CLIMATOLOGICAL DATA (WS FORM: F-6) , PAGE 2

                                          STATION:  FOND_DU_LAC WI
                                          MONTH:    APRIL
                                          YEAR:     2017
                                          LATITUDE:   43 46 N
                                          LONGITUDE:  88 29 W

[TEMPERATURE DATA]      [PRECIPITATION DATA]       SYMBOLS USED IN COLUMN 16

AVERAGE MONTHLY: 50.0   TOTAL FOR MONTH:   5.03    1 = FOG OR MIST
DPTR FM NORMAL:   3.6   DPTR FM NORMAL:    2.47    2 = FOG REDUCING VISIBILITY
HIGHEST:    77 ON 15    GRTST 24HR  2.07 ON 15-15      TO 1/4 MILE OR LESS
LOWEST:     27 ON  1                               3 = THUNDER
                        SNOW, ICE PELLETS, HAIL    4 = ICE PELLETS
                        TOTAL MONTH:   0.0 INCH    5 = HAIL
                        GRTST 24HR     0.0         6 = FREEZING RAIN OR DRIZZLE
                        GRTST DEPTH:   0           7 = DUSTSTORM OR SANDSTORM:
                                                       VSBY 1/2 MILE OR LESS
                                                   8 = SMOKE OR HAZE
[NO. OF DAYS WITH]      [WEATHER - DAYS WITH]      9 = BLOWING SNOW
                                                   X = TORNADO
MAX 32 OR BELOW:   0    0.01 INCH OR MORE:  13
MAX 90 OR ABOVE:   0    0.10 INCH OR MORE:   8
MIN 32 OR BELOW:   4    0.50 INCH OR MORE:   3
MIN  0 OR BELOW:   0    1.00 INCH OR MORE:   1

[HDD (BASE 65) ]
TOTAL THIS MO.   415    CLEAR  (SCALE 0-3)   9
DPTR FM NORMAL  -106    PTCLDY (SCALE 4-7)  15
TOTAL FM JUL 1  5976    CLOUDY (SCALE 8-10)  4
DPTR FM NORMAL  -921

[CDD (BASE 65) ]
TOTAL THIS MO.     1
DPTR FM NORMAL     1    [PRESSURE DATA]
TOTAL FM JAN 1     1    HIGHEST SLP M ON M
DPTR FM NORMAL     1    LOWEST  SLP 29.33 ON 26

[REMARKS]
