000
CXUS54 KFWD 210730
CF6MKN
PRELIMINARY LOCAL CLIMATOLOGICAL DATA (WS FORM: F-6)

                                          STATION:   COMANCHE
                                          MONTH:     SEPTEMBER
                                          YEAR:      2014
                                          LATITUDE:   31 55 N
                                          LONGITUDE:  98 36 W

  TEMPERATURE IN F:       :PCPN:    SNOW:  WIND      :SUNSHINE: SKY     :PK WND
================================================================================
1   2   3   4   5  6A  6B    7    8   9   10  11  12  13   14  15   16   17  18
                                     12Z  AVG MX 2MIN
DY MAX MIN AVG DEP HDD CDD  WTR  SNW DPTH SPD SPD DIR MIN PSBL S-S WX    SPD DR
================================================================================

 1 100  75  88   M   0  23 0.00  0.0    0 13.3 20 200   M    M   0        29 180
 2  99  75  87   M   0  22 0.00  0.0    0 11.7 17 200   M    M   0        23 200
 3  98  74  86   M   0  21 0.00  0.0    0 12.1 21 180   M    M   0        27 170
 4  98  71  85   M   0  20 0.00  0.0    0 10.2 17 190   M    M   0        28 170
 5  97  70  84   M   0  19 0.00  0.0    0  6.9 14 110   M    M   0        21 110
 6  92  72  82   M   0  17 0.00  0.0    0  6.8 13 360   M    M   0 3       M  M
 7  79  66  73   M   0   8 0.09  0.0    0  4.7  8 350   M    M   0         M  M
 8  94  67  81   M   0  16 0.00  0.0    0  3.5  9 140   M    M   0 1       M  M
 9  99  75  87   M   0  22 0.00  0.0    0 10.5 16 180   M    M   0        22 180
10 102  75  89   M   0  24 0.00  0.0    0 11.8 18 210   M    M   0        27 210
11  88  70  79   M   0  14 0.00  0.0    0  7.2 14  40   M    M   0        17  40
12  72  56  64   M   1   0 0.00  0.0    0 11.3 18 360   M    M   0 1      29  20
13  69  53  61   M   4   0 0.01  0.0    0  8.9 16  10   M    M   0 1      23  10
14  84  60  72   M   0   7 0.00  0.0    0  3.8  8 100   M    M   0         M  M
15  82  67  75   M   0  10 0.01  0.0    0  3.5  8 200   M    M   0 1       M  M
16  92  69  81   M   0  16 0.00  0.0    0  3.4 10 150   M    M   0         M  M
17  95  71  83   M   0  18 0.01  0.0    0  3.5  9 360   M    M   3         M  M
18  83  68  76   M   0  11    T  0.0    0  3.9 12  20   M    M   5         M  M
19  84  68  76   M   0  11 0.01  0.0    0  3.1  8 130   M    M   7 12      M  M
20  86  71  79   M   0  14    M  0.0    0  5.1 10  90   M    M   7 1       M  M
================================================================================
SM 1793 1373         5 293  0.13     0.0 145.2          M       22
================================================================================
AV 89.7 68.7                               7.3 FASTST   M    M   1    MAX(MPH)
                                 MISC ---->    21   M                 29    M
================================================================================
NOTES:
# LAST OF SEVERAL OCCURRENCES

COLUMN 17 PEAK WIND IN M.P.H.

PRELIMINARY LOCAL CLIMATOLOGICAL DATA (WS FORM: F-6) , PAGE 2

                                          STATION:  COMANCHE
                                          MONTH:    SEPTEMBER
                                          YEAR:     2014
                                          LATITUDE:   31 55 N
                                          LONGITUDE:  98 36 W

[TEMPERATURE DATA]      [PRECIPITATION DATA]       SYMBOLS USED IN COLUMN 16

AVERAGE MONTHLY: 79.2   TOTAL FOR MONTH:   0.13    1 = FOG OR MIST
DPTR FM NORMAL:     M   DPTR FM NORMAL:   -1.95    2 = FOG REDUCING VISIBILITY
HIGHEST:   102 ON 10    GRTST 24HR  0.09 ON  7- 7      TO 1/4 MILE OR LESS
LOWEST:     53 ON 13                               3 = THUNDER
                        SNOW, ICE PELLETS, HAIL    4 = ICE PELLETS
                        TOTAL MONTH:   0.0 INCH    5 = HAIL
                        GRTST 24HR     0.0         6 = FREEZING RAIN OR DRIZZLE
                        GRTST DEPTH:   0           7 = DUSTSTORM OR SANDSTORM:
                                                       VSBY 1/2 MILE OR LESS
                                                   8 = SMOKE OR HAZE
[NO. OF DAYS WITH]      [WEATHER - DAYS WITH]      9 = BLOWING SNOW
                                                   X = TORNADO
MAX 32 OR BELOW:   0    0.01 INCH OR MORE:   5
MAX 90 OR ABOVE:  11    0.10 INCH OR MORE:   0
MIN 32 OR BELOW:   0    0.50 INCH OR MORE:   0
MIN  0 OR BELOW:   0    1.00 INCH OR MORE:   0

[HDD (BASE 65) ]
TOTAL THIS MO.     5    CLEAR  (SCALE 0-3)  16
DPTR FM NORMAL     M    PTCLDY (SCALE 4-7)   4
TOTAL FM JUL 1     5    CLOUDY (SCALE 8-10)  0
DPTR FM NORMAL     M

[CDD (BASE 65) ]
TOTAL THIS MO.   293
DPTR FM NORMAL     M    [PRESSURE DATA]
TOTAL FM JAN 1  2354    HIGHEST SLP M ON M
DPTR FM NORMAL     M    LOWEST  SLP M ON M

[REMARKS]
