000
CXUS56 KPDT 191832
CF6PSC
PRELIMINARY LOCAL CLIMATOLOGICAL DATA (WS FORM: F-6)

                                          STATION:   PASCO WA
                                          MONTH:     JANUARY
                                          YEAR:      2018
                                          LATITUDE:   46 16 N
                                          LONGITUDE: 119  7 W

  TEMPERATURE IN F:       :PCPN:    SNOW:  WIND      :SUNSHINE: SKY     :PK WND
================================================================================
1   2   3   4   5  6A  6B    7    8   9   10  11  12  13   14  15   16   17  18
                                     12Z  AVG MX 2MIN
DY MAX MIN AVG DEP HDD CDD  WTR  SNW DPTH SPD SPD DIR MIN PSBL S-S WX    SPD DR
================================================================================

 1  32  22  27  -6  38   0 0.00  0.0    0  3.8  9 360   M    M   8        11 350
 2  32  29  31  -2  34   0 0.00  0.0    0  5.6 10 320   M    M  10        12 320
 3  36  26  31  -2  34   0    T  0.0    0  1.7  8 310   M    M   6        10  20
 4  33  24  29  -4  36   0    T    T    0  1.1  6 330   M    M   6         8  30
 5  36  30  33   0  32   0 0.06  0.0    0  1.9 29 210   M    M  10 1      29 210
 6  44  30  37   4  28   0 0.00  0.0    0  2.2  8 320   M    M   7 128    11  50
 7  37  31  34   0  31   0 0.01  0.0    0  3.5  9 300   M    M  10 12     10 300
 8  38  31  35   1  30   0    T  0.0    0  2.3  9  30   M    M   8 18     11  30
 9  43  35  39   5  26   0 0.23  0.0    0  3.7 18 240   M    M   9 1      22 230
10  50  37  44  10  21   0 0.01  0.0    0 10.6 22 240   M    M   4        28 240
11  41  35  38   4  27   0 0.28  0.0    0  3.7 14 310   M    M   8 1      17 300
12  43  32  38   4  27   0    T  0.0    0  2.6  8 340   M    M   5 1      12 300
13  50  32  41   7  24   0 0.00  0.0    0  5.3 14 340   M    M   3        16 350
14  42  27  35   0  30   0 0.00  0.0    0  1.9  7 130   M    M   6 1       8 140
15  41  34  38   3  27   0 0.00  0.0    0  4.8 10 360   M    M  10 1      12 330
16  55  30  43   8  22   0 0.22  0.0    0  3.9 15 170   M    M   5 12     18 120
17  44  32  38   3  27   0 0.00  0.0    0  3.3 13 310   M    M   9 12     15 300
18  49  37  43   8  22   0 0.05  0.0    0  8.0 23 200   M    M   8 1      28 200
================================================================================
SM  746  554       516   0  0.86    T     69.9          M      132
================================================================================
AV 41.4 30.8                               3.9 FASTST   M    M   7    MAX(MPH)
                                 MISC ---->  # 29 210               # 29  210
================================================================================
NOTES:
# LAST OF SEVERAL OCCURRENCES

COLUMN 17 PEAK WIND IN M.P.H.

PRELIMINARY LOCAL CLIMATOLOGICAL DATA (WS FORM: F-6) , PAGE 2

                                          STATION:  PASCO WA
                                          MONTH:    JANUARY
                                          YEAR:     2018
                                          LATITUDE:   46 16 N
                                          LONGITUDE: 119  7 W

[TEMPERATURE DATA]      [PRECIPITATION DATA]       SYMBOLS USED IN COLUMN 16

AVERAGE MONTHLY: 36.1   TOTAL FOR MONTH:   0.86    1 = FOG OR MIST
DPTR FM NORMAL:   2.2   DPTR FM NORMAL:    0.03    2 = FOG REDUCING VISIBILITY
HIGHEST:    55 ON 16    GRTST 24HR  0.28 ON 11-11      TO 1/4 MILE OR LESS
LOWEST:     22 ON  1                               3 = THUNDER
                        SNOW, ICE PELLETS, HAIL    4 = ICE PELLETS
                        TOTAL MONTH:    T          5 = HAIL
                        GRTST 24HR    T  ON  4- 4  6 = FREEZING RAIN OR DRIZZLE
                        GRTST DEPTH:   0           7 = DUSTSTORM OR SANDSTORM:
                                                       VSBY 1/2 MILE OR LESS
                                                   8 = SMOKE OR HAZE
[NO. OF DAYS WITH]      [WEATHER - DAYS WITH]      9 = BLOWING SNOW
                                                   X = TORNADO
MAX 32 OR BELOW:   2    0.01 INCH OR MORE:   7
MAX 90 OR ABOVE:   0    0.10 INCH OR MORE:   3
MIN 32 OR BELOW:  13    0.50 INCH OR MORE:   0
MIN  0 OR BELOW:   0    1.00 INCH OR MORE:   0

[HDD (BASE 65) ]
TOTAL THIS MO.   516    CLEAR  (SCALE 0-3)   1
DPTR FM NORMAL   -44    PTCLDY (SCALE 4-7)  10
TOTAL FM JUL 1  2703    CLOUDY (SCALE 8-10)  7
DPTR FM NORMAL   -73

[CDD (BASE 65) ]
TOTAL THIS MO.     0
DPTR FM NORMAL     0    [PRESSURE DATA]
TOTAL FM JAN 1     0    HIGHEST SLP 30.68 ON  1
DPTR FM NORMAL     0    LOWEST  SLP 29.59 ON  9

[REMARKS]
