000
CXUS55 KRIW 010945
CF6RIW
PRELIMINARY LOCAL CLIMATOLOGICAL DATA (WS FORM: F-6)

                                          STATION:   RIVERTON WY
                                          MONTH:     JUNE
                                          YEAR:      2015
                                          LATITUDE:   43  2 N
                                          LONGITUDE: 108 27 W

  TEMPERATURE IN F:       :PCPN:    SNOW:  WIND      :SUNSHINE: SKY     :PK WND
================================================================================
1   2   3   4   5  6A  6B    7    8   9   10  11  12  13   14  15   16   17  18
                                     12Z  AVG MX 2MIN
DY MAX MIN AVG DEP HDD CDD  WTR  SNW DPTH SPD SPD DIR MIN PSBL S-S WX    SPD DR
================================================================================

 1  83  54  69  10   0   4    T  0.0    0 11.6 41 320   M    M   1 38     54 320
 2  78  46  62   3   3   0    T  0.0    0  6.6 39 280   M    M   0        48 280
 3  75  50  63   4   2   0 0.12  0.0    0  7.8 38 270   M    M   1 3      44 270
 4  74  47  61   1   4   0 0.00  0.0    0  7.7 23  60   M    M   1 3      30  70
 5  73  52  63   3   2   0 0.00  0.0    0  6.9 17  60   M    M   4 3      21  50
 6  68  52  60   0   5   0    T  0.0    0  6.4 18 230   M    M   3        23 230
 7  77  54  66   6   0   1 0.00  0.0    0  6.7 21 340   M    M   3        26 340
 8  84  54  69   8   0   4 0.00  0.0    0  6.7 13 310   M    M   1        17 280
 9  87  57  72  11   0   7 0.03  0.0    0  8.4 21 170   M    M   0 3      25 170
10  82  54  68   7   0   3 0.14  0.0    0 10.4 30 320   M    M   3 13     38 360
11  75  54  65   3   0   0 0.02  0.0    0  6.3 16  50   M    M   5        22  40
12  84  52  68   6   0   3 0.00  0.0    0  8.1 20 300   M    M   0        23 310
13  83  54  69   7   0   4 0.00  0.0    0  8.1 17 290   M    M   0        21 280
14  78  52  65   2   0   0 0.14    T    0 10.5 26  70   M    M   1 3      32  70
15  68  52  60  -3   5   0 0.32  0.0    0  8.5 30 320   M    M   7 13     37 310
16  75  50  63   0   2   0 0.01  0.0    0  8.0 24  40   M    M   2        41  20
17  84  49  67   3   0   2 0.00  0.0    0  5.4 17  10   M    M   0        22  10
18  87  53  70   6   0   5 0.00  0.0    0  5.7 17  50   M    M   0        23  40
19  92  57  75  11   0  10 0.00  0.0    0 10.9 25 270   M    M   0        30 270
20  84  55  70   5   0   5 0.00  0.0    0  7.7 16 290   M    M   0        20 290
21  90  51  71   6   0   6 0.00  0.0    0  9.5 29 270   M    M   0        36 280
22  82  52  67   2   0   2 0.00  0.0    0  7.7 23  20   M    M   0        29  20
23  86  56  71   5   0   6 0.00  0.0    0  5.2 15 360   M    M   0        19  10
24  90  56  73   7   0   8 0.00  0.0    0  9.1 22  70   M    M   0        30  80
25  85  59  72   6   0   7    T  0.0    0  8.4 23  50   M    M   0        29  50
26  87  56  72   5   0   7 0.00  0.0    0  5.7 14  50   M    M   1        17  50
27  93  56  75   8   0  10    T  0.0    0  8.8 36 310   M    M   1        46 320
28  93  62  78  10   0  13    T  0.0    0  8.8 28  20   M    M   0        40  20
29  91  62  77   9   0  12 0.00  0.0    0  5.6 16 300   M    M   0        19 300
30  91  63  77   9   0  12 0.01  0.0    0  7.9 28  30   M    M   1 3      35  40
================================================================================
SM 2479 1621        23 131  0.79    T    235.1          M       35
================================================================================
AV 82.6 54.0                               7.8 FASTST   M    M   1    MAX(MPH)
                                 MISC ---->  # 41 320               # 54  320
================================================================================
NOTES:
# LAST OF SEVERAL OCCURRENCES

COLUMN 17 PEAK WIND IN M.P.H.

PRELIMINARY LOCAL CLIMATOLOGICAL DATA (WS FORM: F-6) , PAGE 2

                                          STATION:  RIVERTON WY
                                          MONTH:    JUNE
                                          YEAR:     2015
                                          LATITUDE:   43  2 N
                                          LONGITUDE: 108 27 W

[TEMPERATURE DATA]      [PRECIPITATION DATA]       SYMBOLS USED IN COLUMN 16

AVERAGE MONTHLY: 68.3   TOTAL FOR MONTH:   0.79    1 = FOG OR MIST
DPTR FM NORMAL:   5.1   DPTR FM NORMAL:   -0.49    2 = FOG REDUCING VISIBILITY
HIGHEST:    93 ON 28,27 GRTST 24HR  0.32 ON 15-15      TO 1/4 MILE OR LESS
LOWEST:     46 ON  2                               3 = THUNDER
                        SNOW, ICE PELLETS, HAIL    4 = ICE PELLETS
                        TOTAL MONTH:    T          5 = HAIL
                        GRTST 24HR    T  ON 14-14  6 = FREEZING RAIN OR DRIZZLE
                        GRTST DEPTH:   0           7 = DUSTSTORM OR SANDSTORM:
                                                       VSBY 1/2 MILE OR LESS
                                                   8 = SMOKE OR HAZE
[NO. OF DAYS WITH]      [WEATHER - DAYS WITH]      9 = BLOWING SNOW
                                                   X = TORNADO
MAX 32 OR BELOW:   0    0.01 INCH OR MORE:   8
MAX 90 OR ABOVE:   7    0.10 INCH OR MORE:   4
MIN 32 OR BELOW:   0    0.50 INCH OR MORE:   0
MIN  0 OR BELOW:   0    1.00 INCH OR MORE:   0

[HDD (BASE 65) ]
TOTAL THIS MO.    23    CLEAR  (SCALE 0-3)  26
DPTR FM NORMAL   -96    PTCLDY (SCALE 4-7)   4
TOTAL FM JUL 1  7209    CLOUDY (SCALE 8-10)  0
DPTR FM NORMAL  -661

[CDD (BASE 65) ]
TOTAL THIS MO.   131
DPTR FM NORMAL    65    [PRESSURE DATA]
TOTAL FM JAN 1   131    HIGHEST SLP 30.16 ON 26
DPTR FM NORMAL    56    LOWEST  SLP 29.62 ON 19

[REMARKS]
#FINAL-06-15#
