000
CXUS54 KMEG 011707
CLMJBR


CLIMATE REPORT
NATIONAL WEATHER SERVICE MEMPHIS TN
1157 AM CDT WED NOV 1 2017

...................................

...THE JONESBORO CLIMATE SUMMARY FOR THE MONTH OF OCTOBER 2017...

CLIMATE NORMAL PERIOD 1981 TO 2010
CLIMATE RECORD PERIOD 1897 TO 2017

WEATHER         OBSERVED          NORMAL  DEPART  LAST YEAR`S
                 VALUE   DATE(S)  VALUE   FROM    VALUE  DATE(S)
                                          NORMAL
................................................................
TEMPERATURE (F)
RECORD
 HIGH              98   10/04/1897
 LOW               21   10/29/1910
HIGHEST            94   10/10        73      21     90  10/19
LOWEST             30   10/29        49     -19     40  10/22
AVG. MAXIMUM     76.7              72.7     4.0     80.9
AVG. MINIMUM     51.3              49.8     1.5     56.4
MEAN             64.0              61.2     2.8     68.7
DAYS MAX >= 90      3               0.3     2.7        1
DAYS MAX <= 32      0               0.0     0.0        0
DAYS MIN <= 32      2               0.8     1.2        0
DAYS MIN <= 0       0               0.0     0.0        0

PRECIPITATION (INCHES)
RECORD
 MAXIMUM        15.66   1984
 MINIMUM            T   2005
TOTALS           1.04              4.26   -3.22     1.64
DAILY AVG.       0.03              0.14   -0.11     0.05
DAYS >= .01         6                MM      MM        7
DAYS >= .10         4                MM      MM        4
DAYS >= .50         0                MM      MM        1
DAYS >= 1.00        0                MM      MM        0
GREATEST
 24 HR. TOTAL    0.40   10/22 TO 10/22

SNOWFALL (INCHES)
RECORDS
 TOTAL            0.2   1925
TOTALS            0.0               0.0     0.0      0.0
SINCE 7/1         0.0               0.0     0.0      0.0
SNOWDEPTH AVG.      0                MM      MM        0
DAYS >= 1.0         0                MM      MM        0
GREATEST
 SNOW DEPTH         0   MM                             0  MM
 24 HR TOTAL      0.0   10/31 TO 10/31

DEGREE_DAYS
HEATING TOTAL     151               169     -18       31
 SINCE 7/1        153               187     -34       31
COOLING TOTAL     126                53      73      154
 SINCE 1/1       1940              1824     116     2268
.................................................................

WIND (MPH)
AVERAGE WIND SPEED              6.8
HIGHEST WIND SPEED/DIRECTION    32/230    DATE  10/09
HIGHEST GUST SPEED/DIRECTION    78/210    DATE  10/12

SKY COVER
POSSIBLE SUNSHINE (PERCENT)   MM
AVERAGE SKY COVER           0.30
NUMBER OF DAYS FAIR           18
NUMBER OF DAYS PC             13
NUMBER OF DAYS CLOUDY          0

AVERAGE RH (PERCENT)     69

WEATHER CONDITIONS. NUMBER OF DAYS WITH
THUNDERSTORM              0     MIXED PRECIP               0
HEAVY RAIN                3     RAIN                       3
LIGHT RAIN                9     FREEZING RAIN              0
LT FREEZING RAIN          0     HAIL                       0
HEAVY SNOW                0     SNOW                       0
LIGHT SNOW                0     SLEET                      0
FOG                      12     FOG W/VIS <= 1/4 MILE      2
HAZE                      3

-  INDICATES NEGATIVE NUMBERS.
R  INDICATES RECORD WAS SET OR TIED.
MM INDICATES DATA IS MISSING.
T  INDICATES TRACE AMOUNT.

$$
