000
CXUS54 KCRP 031744
CLMVCT
CLIMATE REPORT
NATIONAL WEATHER SERVICE CORPUS CHRISTI TX
1224 PM CDT WED APR 03 2024
...................................
...THE VICTORIA CLIMATE SUMMARY FOR THE MONTH OF MARCH 2024...
CLIMATE NORMAL PERIOD 1991 TO 2020
CLIMATE RECORD PERIOD 1893 TO 2024
WEATHER OBSERVED NORMAL DEPART LAST YEAR`S
VALUE DATE(S) VALUE FROM VALUE DATE(S)
NORMAL
................................................................
TEMPERATURE (F)
RECORD
HIGH 99 03/26/1928
03/04/2002
LOW 21 03/02/1980
HIGHEST 90 03/05 74 16 89 03/24
LOWEST 43 03/10 53 -10 43 03/19
AVG. MAXIMUM 76.6 75.0 1.6 78.4
AVG. MINIMUM 57.4 53.9 3.5 58.2
MEAN 67.0 64.4 2.6 68.3
DAYS MAX >= 90 1 0.2 0.8 0
DAYS MAX <= 32 0 0.0 0.0 0
DAYS MIN <= 32 0 0.6 -0.6 0
DAYS MIN <= 0 0 0.0 0.0 0
PRECIPITATION (INCHES)
RECORD
MAXIMUM 11.61 1997
MINIMUM 0.00 1916
TOTALS 1.93 2.99 -1.06 0.78
DAILY AVG. 0.06 0.10 -0.04 0.03
DAYS >= .01 6 7.4 -1.4 7
DAYS >= .10 2 4.0 -2.0 2
DAYS >= .50 1 1.8 -0.8 0
DAYS >= 1.00 1 1.1 -0.1 0
GREATEST
24 HR. TOTAL 1.48 03/21 TO 03/21 0.52 03/16 TO 03/17
SNOWFALL (INCHES)
RECORDS
TOTAL 0.0 MM
24 HR TOTAL 0.0 MM
TOTALS 0.0 MM MM 0.0
SINCE 7/1 T MM MM MM
SNOWDEPTH AVG. 0 0
DAYS >= 1.0 0 MM MM 0
GREATEST
SNOW DEPTH 0 0
24 HR TOTAL 0.0 MM
DEGREE DAYS
HEATING TOTAL 56 109 -53 67
SINCE 7/1 965 1140 -175 MM
COOLING TOTAL 125 92 33 176
SINCE 1/1 170 143 27 MM
................................................................
WIND (MPH)
AVERAGE WIND SPEED 9.8
HIGHEST WIND SPEED/DIRECTION 32/150 DATE 03/24
HIGHEST GUST SPEED/DIRECTION 51/150 DATE 03/24
SKY COVER
AVERAGE SKY COVER 0.58
AVERAGE RH (PERCENT) 74
WEATHER CONDITIONS. NUMBER OF DAYS WITH
THUNDERSTORM 3 MIXED PRECIP 0
HEAVY RAIN 1 RAIN 2
LIGHT RAIN 9 FREEZING RAIN 0
LT FREEZING RAIN 0 HAIL 0
HEAVY SNOW 0 SNOW 0
LIGHT SNOW 0 SLEET 0
FOG 18 FOG W/VIS <= 1/4 MILE 3
HAZE 15
- INDICATES NEGATIVE NUMBERS.
R INDICATES RECORD WAS SET OR TIED.
MM INDICATES DATA IS MISSING.
T INDICATES TRACE AMOUNT.
$$