000
CDUS43 KIND 210536
CLILAF


CLIMATE REPORT
NATIONAL WEATHER SERVICE INDIANAPOLIS IN
1236 AM EST WED FEB 21 2018


...................................

...THE LAFAYETTE IN CLIMATE SUMMARY FOR FEBRUARY 20 2018...

CLIMATE NORMAL PERIOD 1981 TO 2010
CLIMATE RECORD PERIOD 9999 TO 9999


WEATHER ITEM   OBSERVED TIME   NORMAL DEPARTURE LAST
                VALUE   (LST)  VALUE  FROM      YEAR
                                      NORMAL
......................................................
TEMPERATURE (F)
 YESTERDAY
  MAXIMUM         69    320 PM  40     29       68
  MINIMUM         42   1159 PM  24     18       36
  AVERAGE         56            32     24       52

PRECIPITATION (IN)
  YESTERDAY        1.50          0.06   1.44     0.00
  MONTH TO DATE    3.60          1.17   2.43     0.71
  SINCE DEC 1      5.52          5.54  -0.02     6.27
  SINCE JAN 1      4.81          3.03   1.78     4.71

DEGREE DAYS
 HEATING
  YESTERDAY        9            33    -24       13
  MONTH TO DATE  730           712     18      553
  SINCE DEC 1   3210          2979    231     2704
  SINCE JUL 1   4255          4080    175     3550

 COOLING
  YESTERDAY        0             0      0        0
  MONTH TO DATE    0             0      0        0
  SINCE DEC 1      0             0      0        0
  SINCE JAN 1      0             0      0        0
......................................................


WIND (MPH)
  HIGHEST WIND SPEED    23   HIGHEST WIND DIRECTION     S (200)
  HIGHEST GUST SPEED    35   HIGHEST GUST DIRECTION     S (200)
  AVERAGE WIND SPEED    11.4


SKY COVER
  AVERAGE SKY COVER 0.9


WEATHER CONDITIONS
 THE FOLLOWING WEATHER WAS RECORDED YESTERDAY.
  THUNDERSTORM
  HEAVY RAIN
  RAIN
  LIGHT RAIN
  FOG


RELATIVE HUMIDITY (PERCENT)
 HIGHEST   100           800 PM
 LOWEST     73           100 AM
 AVERAGE    87

..........................................................


THE LAFAYETTE IN CLIMATE NORMALS FOR TODAY
                         NORMAL
 MAXIMUM TEMPERATURE (F)   41
 MINIMUM TEMPERATURE (F)   24


SUNRISE AND SUNSET
FEBRUARY 21 2018......SUNRISE   733 AM EST   SUNSET   630 PM EST
FEBRUARY 22 2018......SUNRISE   732 AM EST   SUNSET   631 PM EST


-  INDICATES NEGATIVE NUMBERS.
R  INDICATES RECORD WAS SET OR TIED.
MM INDICATES DATA IS MISSING.
T  INDICATES TRACE AMOUNT.




$$
