000
CDUS43 KIND 290533
CLILAF


CLIMATE REPORT
NATIONAL WEATHER SERVICE INDIANAPOLIS IN
131 AM EDT SAT APR 29 2017


...................................

...THE LAFAYETTE IN CLIMATE SUMMARY FOR APRIL 28 2017...

CLIMATE NORMAL PERIOD 1981 TO 2010
CLIMATE RECORD PERIOD 9999 TO 9999


WEATHER ITEM   OBSERVED TIME   NORMAL DEPARTURE LAST
                VALUE   (LST)  VALUE  FROM      YEAR
                                      NORMAL
......................................................
TEMPERATURE (F)
 YESTERDAY
  MAXIMUM         56    119 PM  67    -11       64
  MINIMUM         43    436 AM  45     -2       46
  AVERAGE         50            56     -6       55

PRECIPITATION (IN)
  YESTERDAY        0.43          0.13   0.30     0.12
  MONTH TO DATE    2.73          3.28  -0.55     2.43
  SINCE MAR 1      6.40          5.95   0.45     6.72
  SINCE JAN 1     11.30          9.57   1.73     9.45

DEGREE DAYS
 HEATING
  YESTERDAY       15            10      5       10
  MONTH TO DATE  265           388   -123      404
  SINCE MAR 1    989          1139   -150      976
  SINCE JUL 1   4677          5473   -796     4784

 COOLING
  YESTERDAY        0             1     -1        0
  MONTH TO DATE   13            10      3        2
  SINCE MAR 1     14            11      3        2
  SINCE JAN 1     14            11      3        2
......................................................


WIND (MPH)
  HIGHEST WIND SPEED    13   HIGHEST WIND DIRECTION    SE (140)
  HIGHEST GUST SPEED    18   HIGHEST GUST DIRECTION    SE (150)
  AVERAGE WIND SPEED     4.6


SKY COVER
  AVERAGE SKY COVER 0.6


WEATHER CONDITIONS
 THE FOLLOWING WEATHER WAS RECORDED YESTERDAY.
  THUNDERSTORM
  HEAVY RAIN
  RAIN
  LIGHT RAIN
  FOG


RELATIVE HUMIDITY (PERCENT)
 HIGHEST   100           300 PM
 LOWEST     77          1000 AM
 AVERAGE    89

..........................................................


THE LAFAYETTE IN CLIMATE NORMALS FOR TODAY
                         NORMAL
 MAXIMUM TEMPERATURE (F)   68
 MINIMUM TEMPERATURE (F)   45


SUNRISE AND SUNSET
APRIL 29 2017.........SUNRISE   649 AM EDT   SUNSET   841 PM EDT
APRIL 30 2017.........SUNRISE   648 AM EDT   SUNSET   843 PM EDT


-  INDICATES NEGATIVE NUMBERS.
R  INDICATES RECORD WAS SET OR TIED.
MM INDICATES DATA IS MISSING.
T  INDICATES TRACE AMOUNT.




$$
