424
CDUS43 KIND 250542
CLILAF


CLIMATE REPORT
NATIONAL WEATHER SERVICE INDIANAPOLIS IN
141 AM EDT SAT JUN 25 2016


...................................

...THE LAFAYETTE IN CLIMATE SUMMARY FOR JUNE 24 2016...

CLIMATE NORMAL PERIOD 1981 TO 2010
CLIMATE RECORD PERIOD 9999 TO 9999


WEATHER ITEM   OBSERVED TIME   NORMAL DEPARTURE LAST
                VALUE   (LST)  VALUE  FROM      YEAR
                                      NORMAL
......................................................
TEMPERATURE (F)
 YESTERDAY
  MAXIMUM         83    428 PM  85     -2       77
  MINIMUM         64    516 AM  63      1       59
  AVERAGE         74            74      0       68

PRECIPITATION (IN)
  YESTERDAY        0.00          0.13  -0.13      T
  MONTH TO DATE    4.78          3.28   1.50     5.31
  SINCE JUN 1      4.78          3.28   1.50     5.31
  SINCE JAN 1     16.89         17.30  -0.41    14.25

DEGREE DAYS
 HEATING
  YESTERDAY        0             0      0        0
  MONTH TO DATE    6            22    -16       19
  SINCE JUN 1      6            22    -16       19
  SINCE JUL 1   5025          5672   -647     6502

 COOLING
  YESTERDAY        9             9      0        3
  MONTH TO DATE  193           161     32      164
  SINCE JUN 1    193           161     32      164
  SINCE JAN 1    261           238     23      253
......................................................


WIND (MPH)
  HIGHEST WIND SPEED    13   HIGHEST WIND DIRECTION     E (70)
  HIGHEST GUST SPEED    19   HIGHEST GUST DIRECTION     N (20)
  AVERAGE WIND SPEED     5.1


SKY COVER
  AVERAGE SKY COVER 0.4


WEATHER CONDITIONS
 THE FOLLOWING WEATHER WAS RECORDED YESTERDAY.
  FOG


RELATIVE HUMIDITY (PERCENT)
 HIGHEST   100           300 AM
 LOWEST     55           600 PM
 AVERAGE    78

..........................................................


THE LAFAYETTE IN CLIMATE NORMALS FOR TODAY
                         NORMAL
 MAXIMUM TEMPERATURE (F)   85
 MINIMUM TEMPERATURE (F)   63


SUNRISE AND SUNSET
JUNE 25 2016..........SUNRISE   619 AM EDT   SUNSET   922 PM EDT
JUNE 26 2016..........SUNRISE   619 AM EDT   SUNSET   922 PM EDT


-  INDICATES NEGATIVE NUMBERS.
R  INDICATES RECORD WAS SET OR TIED.
MM INDICATES DATA IS MISSING.
T  INDICATES TRACE AMOUNT.




$$
