000
CDUS43 KIND 240536
CLILAF


CLIMATE REPORT
NATIONAL WEATHER SERVICE INDIANAPOLIS IN
132 AM EDT SAT JUN 24 2017


...................................

...THE LAFAYETTE IN CLIMATE SUMMARY FOR JUNE 23 2017...

CLIMATE NORMAL PERIOD 1981 TO 2010
CLIMATE RECORD PERIOD 9999 TO 9999


WEATHER ITEM   OBSERVED TIME   NORMAL DEPARTURE LAST
                VALUE   (LST)  VALUE  FROM      YEAR
                                      NORMAL
......................................................
TEMPERATURE (F)
 YESTERDAY
  MAXIMUM         77    759 AM  84     -7       85
  MINIMUM         63   1023 PM  63      0       68
  AVERAGE         70            74     -4       77

PRECIPITATION (IN)
  YESTERDAY        1.58          0.14   1.44     1.63
  MONTH TO DATE    4.13          3.15   0.98     4.78
  SINCE JUN 1      4.13          3.15   0.98     4.78
  SINCE JAN 1     24.54         17.17   7.37    16.89

DEGREE DAYS
 HEATING
  YESTERDAY        0             0      0        0
  MONTH TO DATE    6            22    -16        6
  SINCE JUN 1      6            22    -16        6
  SINCE JUL 1   4910          5672   -762     5025

 COOLING
  YESTERDAY        5             9     -4       12
  MONTH TO DATE  172           152     20      184
  SINCE JUN 1    172           152     20      184
  SINCE JAN 1    229           229      0      252
......................................................


WIND (MPH)
  HIGHEST WIND SPEED    22   HIGHEST WIND DIRECTION    NW (330)
  HIGHEST GUST SPEED    30   HIGHEST GUST DIRECTION    NW (330)
  AVERAGE WIND SPEED     5.5


SKY COVER
  AVERAGE SKY COVER 0.7


WEATHER CONDITIONS
 THE FOLLOWING WEATHER WAS RECORDED YESTERDAY.
  THUNDERSTORM
  HEAVY RAIN
  RAIN
  LIGHT RAIN
  FOG


RELATIVE HUMIDITY (PERCENT)
 HIGHEST   100           100 AM
 LOWEST     54           600 PM
 AVERAGE    77

..........................................................


THE LAFAYETTE IN CLIMATE NORMALS FOR TODAY
                         NORMAL
 MAXIMUM TEMPERATURE (F)   85
 MINIMUM TEMPERATURE (F)   63


SUNRISE AND SUNSET
JUNE 24 2017..........SUNRISE   619 AM EDT   SUNSET   922 PM EDT
JUNE 25 2017..........SUNRISE   619 AM EDT   SUNSET   922 PM EDT


-  INDICATES NEGATIVE NUMBERS.
R  INDICATES RECORD WAS SET OR TIED.
MM INDICATES DATA IS MISSING.
T  INDICATES TRACE AMOUNT.




$$
