000
CDUS43 KIND 302035
CLILAF


CLIMATE REPORT
NATIONAL WEATHER SERVICE INDIANAPOLIS IN
435 PM EDT TUE SEP 30 2014


...................................

...THE LAFAYETTE IN CLIMATE SUMMARY FOR SEPTEMBER 30 2014...
VALID TODAY AS OF 0400 PM LOCAL TIME.

CLIMATE NORMAL PERIOD 1981 TO 2010
CLIMATE RECORD PERIOD 9999 TO 9999


WEATHER ITEM   OBSERVED TIME   NORMAL DEPARTURE LAST
                VALUE   (LST)  VALUE  FROM      YEAR
                                      NORMAL
......................................................
TEMPERATURE (F)
 TODAY
  MAXIMUM         68    255 PM  72     -4       75
  MINIMUM         54    814 AM  49      5       50
  AVERAGE         61            60      1       63

PRECIPITATION (IN)
  TODAY            0.00          0.10  -0.10     0.00
  MONTH TO DATE    4.80          2.66   2.14     3.93
  SINCE SEP 1      4.80          2.66   2.14     3.93
  SINCE JAN 1     30.12         28.21   1.91    31.56

......................................................


WIND (MPH)
  HIGHEST WIND SPEED    14   HIGHEST WIND DIRECTION     N (20)
  HIGHEST GUST SPEED    19   HIGHEST GUST DIRECTION     N (340)
  AVERAGE WIND SPEED     8.3


SKY COVER
  AVERAGE SKY COVER 0.8


WEATHER CONDITIONS
 THE FOLLOWING WEATHER WAS RECORDED TODAY.
  FOG


RELATIVE HUMIDITY (PERCENT)
 HIGHEST    97           100 AM
 LOWEST     53           300 PM

..........................................................


THE LAFAYETTE IN CLIMATE NORMALS FOR TOMORROW
                         NORMAL
 MAXIMUM TEMPERATURE (F)   71
 MINIMUM TEMPERATURE (F)   48


SUNRISE AND SUNSET
SEPTEMBER 30 2014.....SUNRISE   743 AM EDT   SUNSET   732 PM EDT
OCTOBER  1 2014.......SUNRISE   744 AM EDT   SUNSET   730 PM EDT


-  INDICATES NEGATIVE NUMBERS.
R  INDICATES RECORD WAS SET OR TIED.
MM INDICATES DATA IS MISSING.
T  INDICATES TRACE AMOUNT.




$$
