000
CDUS43 KIND 260532
CLILAF


CLIMATE REPORT
NATIONAL WEATHER SERVICE INDIANAPOLIS IN
132 AM EDT WED JUL 26 2017


...................................

...THE LAFAYETTE IN CLIMATE SUMMARY FOR JULY 25 2017...

CLIMATE NORMAL PERIOD 1981 TO 2010
CLIMATE RECORD PERIOD 9999 TO 9999


WEATHER ITEM   OBSERVED TIME   NORMAL DEPARTURE LAST
                VALUE   (LST)  VALUE  FROM      YEAR
                                      NORMAL
......................................................
TEMPERATURE (F)
 YESTERDAY
  MAXIMUM         80    420 PM  84     -4       86
  MINIMUM         58    601 AM  64     -6       68
  AVERAGE         69            74     -5       77

PRECIPITATION (IN)
  YESTERDAY        0.00          0.11  -0.11     0.22
  MONTH TO DATE    6.32          3.33   2.99     4.38
  SINCE JUN 1     12.63          7.43   5.20     9.91
  SINCE JAN 1     33.04         21.45  11.59    22.02

DEGREE DAYS
 HEATING
  YESTERDAY        0             0      0        0
  MONTH TO DATE    0             0      0       10
  SINCE JUN 1     19            22     -3       20
  SINCE JUL 1      0             0      0       10

 COOLING
  YESTERDAY        4             9     -5       12
  MONTH TO DATE  243           245     -2      218
  SINCE JUN 1    438           462    -24      451
  SINCE JAN 1    495           539    -44      519
......................................................


WIND (MPH)
  HIGHEST WIND SPEED    16   HIGHEST WIND DIRECTION     E (110)
  HIGHEST GUST SPEED    20   HIGHEST GUST DIRECTION     E (110)
  AVERAGE WIND SPEED     7.6


SKY COVER
  AVERAGE SKY COVER 0.0


WEATHER CONDITIONS
 THE FOLLOWING WEATHER WAS RECORDED YESTERDAY.
  NO SIGNIFICANT WEATHER WAS OBSERVED.


RELATIVE HUMIDITY (PERCENT)
 HIGHEST   100           600 AM
 LOWEST     48           200 PM
 AVERAGE    74

..........................................................


THE LAFAYETTE IN CLIMATE NORMALS FOR TODAY
                         NORMAL
 MAXIMUM TEMPERATURE (F)   84
 MINIMUM TEMPERATURE (F)   64


SUNRISE AND SUNSET
JULY 26 2017..........SUNRISE   640 AM EDT   SUNSET   908 PM EDT
JULY 27 2017..........SUNRISE   641 AM EDT   SUNSET   907 PM EDT


-  INDICATES NEGATIVE NUMBERS.
R  INDICATES RECORD WAS SET OR TIED.
MM INDICATES DATA IS MISSING.
T  INDICATES TRACE AMOUNT.




$$
