071
CDUS43 KIND 240533
CLILAF


CLIMATE REPORT
NATIONAL WEATHER SERVICE INDIANAPOLIS IN
133 AM EDT TUE OCT 24 2017


...................................

...THE LAFAYETTE IN CLIMATE SUMMARY FOR OCTOBER 23 2017...

CLIMATE NORMAL PERIOD 1981 TO 2010
CLIMATE RECORD PERIOD 9999 TO 9999


WEATHER ITEM   OBSERVED TIME   NORMAL DEPARTURE LAST
                VALUE   (LST)  VALUE  FROM      YEAR
                                      NORMAL
......................................................
TEMPERATURE (F)
 YESTERDAY
  MAXIMUM         62    844 AM  62      0       73
  MINIMUM         50   1159 PM  42      8       41
  AVERAGE         56            52      4       57

PRECIPITATION (IN)
  YESTERDAY        1.28          0.09   1.19     0.00
  MONTH TO DATE    1.75          2.15  -0.40     1.02
  SINCE SEP 1      3.21          4.81  -1.60     3.93
  SINCE JAN 1     39.60         30.36   9.24    31.27

DEGREE DAYS
 HEATING
  YESTERDAY        9            13     -4        8
  MONTH TO DATE   83           231   -148      141
  SINCE SEP 1    152           310   -158      166
  SINCE JUL 1    161           316   -155      176

 COOLING
  YESTERDAY        0             0      0        0
  MONTH TO DATE   44            13     31       29
  SINCE SEP 1    180           126     54      183
  SINCE JAN 1    853           978   -125     1095
......................................................


WIND (MPH)
  HIGHEST WIND SPEED    21   HIGHEST WIND DIRECTION    NW (320)
  HIGHEST GUST SPEED    27   HIGHEST GUST DIRECTION    NW (330)
  AVERAGE WIND SPEED     8.5


SKY COVER
  AVERAGE SKY COVER 0.9


WEATHER CONDITIONS
 THE FOLLOWING WEATHER WAS RECORDED YESTERDAY.
  HEAVY RAIN
  RAIN
  LIGHT RAIN
  FOG


RELATIVE HUMIDITY (PERCENT)
 HIGHEST   100           100 AM
 LOWEST    100           100 AM
 AVERAGE   100

..........................................................


THE LAFAYETTE IN CLIMATE NORMALS FOR TODAY
                         NORMAL
 MAXIMUM TEMPERATURE (F)   62
 MINIMUM TEMPERATURE (F)   41


SUNRISE AND SUNSET
OCTOBER 24 2017.......SUNRISE   809 AM EDT   SUNSET   654 PM EDT
OCTOBER 25 2017.......SUNRISE   810 AM EDT   SUNSET   653 PM EDT


-  INDICATES NEGATIVE NUMBERS.
R  INDICATES RECORD WAS SET OR TIED.
MM INDICATES DATA IS MISSING.
T  INDICATES TRACE AMOUNT.




$$
