000
CXUS51 KPHI 011246
CLMACY
CLIMATE REPORT
NATIONAL WEATHER SERVICE MOUNT HOLLY NJ
846 AM EDT FRI SEP 01 2023
...................................
...THE ATLANTIC CITY AIRPORT NJ CLIMATE SUMMARY FOR THE MONTH OF AUGUST 2023...
CLIMATE NORMAL PERIOD: 1991 TO 2020
CLIMATE RECORD PERIOD: 1943 TO 2023
WEATHER OBSERVED NORMAL DEPART LAST YEAR`S
VALUE DATE(S) VALUE FROM VALUE DATE(S)
NORMAL
................................................................
TEMPERATURE (F)
RECORD
HIGH 104 08/07/1918
LOW 40 08/31/1976
08/31/1965
HIGHEST 92 08/15 94 -2 98 08/09
08/21
LOWEST 57 08/20 51 6 57 08/13
08/23
08/31
08/16
AVG. MAXIMUM 83.2 84.8 -1.6 87.7
AVG. MINIMUM 65.4 65.2 0.2 67.7
MEAN 74.3 75.0 -0.7 77.7
DAYS MAX >= 90 3 5.7 -2.7 12
DAYS MAX <= 32 0 0.0 0.0 0
DAYS MIN <= 32 0 0.0 0.0 0
DAYS MIN <= 0 0 0.0 0.0 0
PRECIPITATION (INCHES)
RECORD
MAXIMUM 16.06 1997
MINIMUM 0.42 1943
TOTALS 2.20 4.59 -2.39 4.46
DAILY AVG. 0.07 0.15 -0.08 0.14
DAYS >= .01 12 9.2 2.8 8
DAYS >= .10 5 5.8 -0.8 4
DAYS >= .50 2 2.6 -0.6 1
DAYS >= 1.00 0 1.3 -1.3 1
GREATEST
24 HR. TOTAL 0.75 08/07 TO 08/07 3.52
SNOWFALL (INCHES)
RECORDS
TOTAL 0.0 MM
24 HR TOTAL MM
TOTALS 0.0 0.0 0.0 0.0
SINCE 7/1 0.0 0.0 0.0 MM
SNOWDEPTH AVG. 0 0
DAYS >= 1.0 0 0.0 0.0 0
GREATEST
SNOW DEPTH 0 0 MM
24 HR TOTAL MM MM
DEGREE DAYS
HEATING TOTAL 0 1 -1 0
SINCE 7/1 0 0 0 MM
COOLING TOTAL 294 311 -17 401
SINCE 1/1 863 968 -105 MM
................................................................
WIND (MPH)
AVERAGE WIND SPEED 6.8
HIGHEST WIND SPEED/DIRECTION 28/290 DATE 08/07
HIGHEST GUST SPEED/DIRECTION 39/280 DATE 08/07
SKY COVER
POSSIBLE SUNSHINE (PERCENT) MM
AVERAGE SKY COVER 0.32
NUMBER OF DAYS FAIR 18
NUMBER OF DAYS PC 11
NUMBER OF DAYS CLOUDY 2
AVERAGE RH (PERCENT) 73
WEATHER CONDITIONS. NUMBER OF DAYS WITH
THUNDERSTORM 3 MIXED PRECIP 0
HEAVY RAIN 4 RAIN 4
LIGHT RAIN 11 FREEZING RAIN 0
LT FREEZING RAIN 0 HEAVY SNOW 0
SNOW 0 LIGHT SNOW 0
SLEET 0 FOG 15
FOG W/VIS <= 1/4 MILE 2 HAZE 0
- INDICATES NEGATIVE NUMBERS.
R INDICATES RECORD WAS SET OR TIED.
MM INDICATES DATA IS MISSING.
T INDICATES TRACE AMOUNT.
$$