000
CXUS51 KOKX 011457
CLMBDR
CLIMATE REPORT
NATIONAL WEATHER SERVICE NEW YORK, NY
1057 AM EDT TUE AUG 01 2023
...................................
...THE BRIDGEPORT CT CLIMATE SUMMARY FOR THE MONTH OF JULY 2023...
CLIMATE NORMAL PERIOD 1991 TO 2020
CLIMATE RECORD PERIOD 1948 TO 2023
WEATHER OBSERVED NORMAL DEPART LAST YEAR`S
VALUE DATE(S) VALUE FROM VALUE DATE(S)
NORMAL
................................................................
TEMPERATURE (F)
RECORD
HIGH 103 07/22/2011
07/22/1957
LOW 49 07/01/1988
HIGHEST 92 07/12 MM MM 94 07/20
07/24
LOWEST 60 07/31 MM MM 63 07/10
07/27
07/31
AVG. MAXIMUM 84.5 83.4 1.1 85.0
AVG. MINIMUM 69.4 67.9 1.5 69.2
MEAN 76.9 75.7 1.2 77.1
DAYS MAX >= 90 3 5.0 -2.0 5
DAYS MAX <= 32 0 0.0 0.0 0
DAYS MIN <= 32 0 0.0 0.0 0
DAYS MIN <= 0 0 0.0 0.0 0
PRECIPITATION (INCHES)
RECORD
MAXIMUM 12.84 1971
MINIMUM 0.47 1979
TOTALS 7.68 3.32 4.36 3.05
DAILY AVG. 0.25 0.11 0.14 0.10
DAYS >= .01 13 8.9 4.1 5
DAYS >= .10 12 5.7 6.3 4
DAYS >= .50 6 2.1 3.9 2
DAYS >= 1.00 4 0.7 3.3 1
GREATEST
24 HR. TOTAL 2.49 07/03 TO 07/04 1.79 07/18 TO 07/18
STORM TOTAL 1.47 1.79
(MM/DD(HH)) MM
DEGREE DAYS
HEATING TOTAL 0 0 0 0
SINCE 7/1 0 0 0 MM
COOLING TOTAL 377 330 47 383
SINCE 1/1 497 523 -26 MM
................................................................
WIND (MPH)
AVERAGE WIND SPEED 6.7
HIGHEST WIND SPEED/DIRECTION 33/290 DATE 07/25
33/290 07/29
HIGHEST GUST SPEED/DIRECTION 50/200 DATE 07/18
WEATHER CONDITIONS. NUMBER OF DAYS WITH
THUNDERSTORM 10 MIXED PRECIP 0
HEAVY RAIN 8 RAIN 10
LIGHT RAIN 13 FREEZING RAIN 0
LT FREEZING RAIN 0 HAIL 0
HEAVY SNOW 0 SNOW 0
LIGHT SNOW 0 SLEET 0
FOG 17 FOG W/VIS <= 1/4 MILE 2
HAZE 4
- INDICATES NEGATIVE NUMBERS.
R INDICATES RECORD WAS SET OR TIED.
MM INDICATES DATA IS MISSING.
T INDICATES TRACE AMOUNT.
$$