000
CXUS51 KILN 011303
CF6CVG
PRELIMINARY LOCAL CLIMATOLOGICAL DATA (WS FORM: F-6)
STATION: CINCINNATI OH
MONTH: AUGUST
YEAR: 2023
LATITUDE: 39 2 N
LONGITUDE: 84 40 W
TEMPERATURE IN F: :PCPN: SNOW: WIND :SUNSHINE: SKY :PK WND
================================================================================
1 2 3 4 5 6A 6B 7 8 9 10 11 12 13 14 15 16 17 18
12Z AVG MX 2MIN
DY MAX MIN AVG DEP HDD CDD WTR SNW DPTH SPD SPD DIR MIN PSBL S-S WX SPD DR
================================================================================
1 82 63 73 -3 0 8 0.00 0.0 0 5.9 13 100 M M 1 15 50
2 84 63 74 -2 0 9 0.00 0.0 0 5.3 12 140 M M 6 8 18 190
3 86 67 77 1 0 12 0.00 0.0 0 3.0 10 320 M M 7 18 16 330
4 88 66 77 1 0 12 0.00 0.0 0 5.0 12 20 M M 3 18 18 360
5 86 69 78 2 0 13 0.00 0.0 0 7.7 17 150 M M 6 18 22 170
6 85 71 78 2 0 13 0.00 0.0 0 9.3 20 240 M M 6 26 230
7 81 65 73 -3 0 8 0.45 0.0 0 11.1 32 220 M M 8 138 47 210
8 82 63 73 -3 0 8 T 0.0 0 5.6 14 270 M M 6 1 17 250
9 81 63 72 -4 0 7 0.04 0.0 0 7.8 21 270 M M 6 138 25 270
10 81 66 74 -2 0 9 0.02 0.0 0 6.9 16 280 M M 7 1 22 280
11 85 63 74 -2 0 9 0.00 0.0 0 6.9 16 210 M M 5 1 21 210
12 89 68 79 4 0 14 0.17 0.0 0 8.9 22 260 M M 6 138 29 240
13 87 62 75 0 0 10 0.00 0.0 0 4.4 13 350 M M 5 20 330
14 79 69 74 -1 0 9 0.21 0.0 0 7.3 29 30 M M 8 1 33 30
15 73 64 69 -6 0 4 T 0.0 0 10.5 24 280 M M 7 18 27 280
16 80 63 72 -3 0 7 0.00 0.0 0 4.9 12 320 M M 7 18 22 350
17 81 62 72 -3 0 7 T 0.0 0 10.0 22 280 M M 4 18 27 220
18 77 59 68 -7 0 3 0.00 0.0 0 6.1 13 320 M M 1 1 19 360
19 83 57 70 -5 0 5 0.00 0.0 0 3.3 10 190 M M 2 18 13 230
20 91 61 76 1 0 11 0.00 0.0 0 6.2 10 190 M M 3 1 14 200
21 94 71 83 8 0 18 0.00 0.0 0 3.6 12 30 M M 6 18 14 40
22 90 74 82 8 0 17 0.00 0.0 0 7.8 15 50 M M 3 18 23 50
23 93 68 81 7 0 16 0.00 0.0 0 5.6 14 280 M M 2 18 18 280
24 88 70 79 5 0 14 0.71 0.0 0 8.7 25 100 M M 6 138 32 80
25 94 71 83 9 0 18 0.08 0.0 0 7.7 30 290 M M 5 138 34 300
26 87 71 79 5 0 14 0.17 0.0 0 6.9 20 20 M M 8 138 24 20
27 82 66 74 0 0 9 0.00 0.0 0 9.7 17 60 M M 6 18 21 60
28 81 62 72 -2 0 7 0.00 0.0 0 9.2 14 340 M M 2 18 340
29 81 61 71 -2 0 6 0.00 0.0 0 5.9 13 340 M M 3 8 17 350
30 75 61 68 -5 0 3 0.00 0.0 0 10.9 22 360 M M 3 1 27 10
31 77 56 67 -6 0 2 0.00 0.0 0 11.1 16 80 M M 2 22 50
================================================================================
SM 2603 2015 0 302 1.85 0.0 223.2 M 150
================================================================================
AV 84.0 65.0 7.2 FASTST M M 5 MAX(MPH)
MISC ----> 32 220 47 210
================================================================================
NOTES:
# LAST OF SEVERAL OCCURRENCES
COLUMN 17 PEAK WIND IN M.P.H.
PRELIMINARY LOCAL CLIMATOLOGICAL DATA (WS FORM: F-6) , PAGE 2
STATION: CINCINNATI OH
MONTH: AUGUST
YEAR: 2023
LATITUDE: 39 2 N
LONGITUDE: 84 40 W
[TEMPERATURE DATA] [PRECIPITATION DATA] SYMBOLS USED IN COLUMN 16
AVERAGE MONTHLY: 74.5 TOTAL FOR MONTH: 1.85 1 = FOG OR MIST
DPTR FM NORMAL: -0.4 DPTR FM NORMAL: -1.58 2 = FOG REDUCING VISIBILITY
HIGHEST: 94 ON 25,21 GRTST 24HR 0.71 ON 24-24 TO 1/4 MILE OR LESS
LOWEST: 56 ON 31 3 = THUNDER
SNOW, ICE PELLETS, HAIL 4 = ICE PELLETS
TOTAL MONTH: 0.0 INCH 5 = HAIL
GRTST 24HR 0.0 6 = FREEZING RAIN OR DRIZZLE
GRTST DEPTH: 0 7 = DUSTSTORM OR SANDSTORM:
VSBY 1/2 MILE OR LESS
8 = SMOKE OR HAZE
[NO. OF DAYS WITH] [WEATHER - DAYS WITH] 9 = BLOWING SNOW
X = TORNADO
MAX 32 OR BELOW: 0 0.01 INCH OR MORE: 8
MAX 90 OR ABOVE: 5 0.10 INCH OR MORE: 5
MIN 32 OR BELOW: 0 0.50 INCH OR MORE: 1
MIN 0 OR BELOW: 0 1.00 INCH OR MORE: 0
[HDD (BASE 65) ]
TOTAL THIS MO. 0 CLEAR (SCALE 0-3) 8
DPTR FM NORMAL -2 PTCLDY (SCALE 4-7) 22
TOTAL FM JUL 1 0 CLOUDY (SCALE 8-10) 1
DPTR FM NORMAL -1
[CDD (BASE 65) ]
TOTAL THIS MO. 302
DPTR FM NORMAL -7 [PRESSURE DATA]
TOTAL FM JAN 1 900 HIGHEST SLP 30.22 ON 1
DPTR FM NORMAL -91 LOWEST SLP 29.68 ON 10
[REMARKS]
#FINAL-08-23#