000
CXUS51 KILN 011121
CF6CVG
PRELIMINARY LOCAL CLIMATOLOGICAL DATA (WS FORM: F-6)
STATION: CINCINNATI OH
MONTH: APRIL
YEAR: 2023
LATITUDE: 39 2 N
LONGITUDE: 84 40 W
TEMPERATURE IN F: :PCPN: SNOW: WIND :SUNSHINE: SKY :PK WND
================================================================================
1 2 3 4 5 6A 6B 7 8 9 10 11 12 13 14 15 16 17 18
12Z AVG MX 2MIN
DY MAX MIN AVG DEP HDD CDD WTR SNW DPTH SPD SPD DIR MIN PSBL S-S WX SPD DR
================================================================================
1 64 38 51 2 14 0 0.07 0.0 0 18.8 39 270 M M 8 13 58 270
2 54 37 46 -4 19 0 0.00 0.0 0 7.7 16 140 M M 6 20 130
3 71 42 57 7 8 0 0.04 0.0 0 10.5 23 180 M M 5 28 180
4 76 55 66 16 0 1 0.00 0.0 0 10.5 20 180 M M 9 13 27 180
5 77 55 66 15 0 1 1.31 0.0 0 12.3 44 300 M M 9 13 51 290
6 56 41 49 -2 16 0 T 0.0 0 8.7 20 340 M M 10 27 340
7 56 40 48 -4 17 0 0.00 0.0 0 10.3 20 60 M M 9 24 60
8 58 39 49 -3 16 0 0.00 0.0 0 12.2 18 70 M M 7 24 60
9 64 37 51 -1 14 0 0.00 0.0 0 10.3 20 50 M M 2 26 50
10 70 42 56 3 9 0 0.00 0.0 0 3.9 10 80 M M 4 13 160
11 74 38 56 3 9 0 0.00 0.0 0 4.7 15 290 M M 1 20 290
12 77 45 61 8 4 0 0.00 0.0 0 6.6 16 230 M M 2 20 250
13 79 47 63 9 2 0 0.00 0.0 0 2.7 12 160 M M 3 15 170
14 79 54 67 13 0 2 0.70 0.0 0 5.3 28 150 M M 8 13 31 150
15 78 55 67 13 0 2 0.00 0.0 0 7.2 14 200 M M 6 19 230
16 68 43 56 1 9 0 0.02 0.0 0 13.6 28 270 M M 8 1 37 270
17 56 39 48 -7 17 0 T 0.0 0 14.8 30 260 M M 8 40 270
18 64 30 47 -9 18 0 0.00 0.0 0 7.3 16 290 M M 2 21 280
19 79 45 62 6 3 0 0.00 0.0 0 8.9 20 200 M M 6 25 190
20 82 55 69 13 0 4 0.00 0.0 0 11.8 24 180 M M 6 30 180
21 67 47 57 0 8 0 0.62 0.0 0 7.6 23 320 M M 10 18 26 320
22 58 36 47 -10 18 0 0.16 0.0 0 11.7 25 290 M M 7 1 33 270
23 46 34 40 -17 25 0 0.00 0.0 0 7.8 17 310 M M 9 23 260
24 51 31 41 -17 24 0 0.00 0.0 0 5.8 15 350 M M 4 23 330
25 62 35 49 -9 16 0 0.00 0.0 0 5.7 13 160 M M 7 17 150
26 63 42 53 -5 12 0 0.00 0.0 0 6.8 14 310 M M 6 18 21 360
27 68 43 56 -3 9 0 0.42 0.0 0 9.5 17 30 M M 8 1 21 100
28 59 50 55 -4 10 0 0.28 0.0 0 9.0 20 280 M M 10 1 24 270
29 65 46 56 -3 9 0 0.08 0.0 0 8.4 23 190 M M 7 128 29 200
30 56 41 49 -11 16 0 0.08 0.0 0 13.5 37 290 M M 8 138 49 290
================================================================================
SM 1977 1282 322 10 3.78 0.0 273.9 M 195
================================================================================
AV 65.9 42.7 9.1 FASTST M M 7 MAX(MPH)
MISC ----> 44 300 58 270
================================================================================
NOTES:
# LAST OF SEVERAL OCCURRENCES
COLUMN 17 PEAK WIND IN M.P.H.
PRELIMINARY LOCAL CLIMATOLOGICAL DATA (WS FORM: F-6) , PAGE 2
STATION: CINCINNATI OH
MONTH: APRIL
YEAR: 2023
LATITUDE: 39 2 N
LONGITUDE: 84 40 W
[TEMPERATURE DATA] [PRECIPITATION DATA] SYMBOLS USED IN COLUMN 16
AVERAGE MONTHLY: 54.3 TOTAL FOR MONTH: 3.78 1 = FOG OR MIST
DPTR FM NORMAL: -0.3 DPTR FM NORMAL: -0.75 2 = FOG REDUCING VISIBILITY
HIGHEST: 82 ON 20 GRTST 24HR 1.31 ON 5- 5 TO 1/4 MILE OR LESS
LOWEST: 30 ON 18 3 = THUNDER
SNOW, ICE PELLETS, HAIL 4 = ICE PELLETS
TOTAL MONTH: 0.0 INCH 5 = HAIL
GRTST 24HR 0.0 6 = FREEZING RAIN OR DRIZZLE
GRTST DEPTH: 0 7 = DUSTSTORM OR SANDSTORM:
VSBY 1/2 MILE OR LESS
8 = SMOKE OR HAZE
[NO. OF DAYS WITH] [WEATHER - DAYS WITH] 9 = BLOWING SNOW
X = TORNADO
MAX 32 OR BELOW: 0 0.01 INCH OR MORE: 11
MAX 90 OR ABOVE: 0 0.10 INCH OR MORE: 6
MIN 32 OR BELOW: 2 0.50 INCH OR MORE: 3
MIN 0 OR BELOW: 0 1.00 INCH OR MORE: 1
[HDD (BASE 65) ]
TOTAL THIS MO. 322 CLEAR (SCALE 0-3) 5
DPTR FM NORMAL -6 PTCLDY (SCALE 4-7) 16
TOTAL FM JUL 1 4249 CLOUDY (SCALE 8-10) 9
DPTR FM NORMAL -513
[CDD (BASE 65) ]
TOTAL THIS MO. 10
DPTR FM NORMAL -6 [PRESSURE DATA]
TOTAL FM JAN 1 10 HIGHEST SLP 30.50 ON 7
DPTR FM NORMAL -9 LOWEST SLP 29.44 ON 1
[REMARKS]
#FINAL-04-23#