000
CXUS51 KILN 010540
CF6CVG
PRELIMINARY LOCAL CLIMATOLOGICAL DATA (WS FORM: F-6)
STATION: CINCINNATI OH
MONTH: MAY
YEAR: 2022
LATITUDE: 39 2 N
LONGITUDE: 84 40 W
TEMPERATURE IN F: :PCPN: SNOW: WIND :SUNSHINE: SKY :PK WND
================================================================================
1 2 3 4 5 6A 6B 7 8 9 10 11 12 13 14 15 16 17 18
12Z AVG MX 2MIN
DY MAX MIN AVG DEP HDD CDD WTR SNW DPTH SPD SPD DIR MIN PSBL S-S WX SPD DR
================================================================================
1 75 55 65 5 0 0 0.10 0.0 0 12.6 26 220 M M 5 1 38 210
2 73 43 58 -2 7 0 0.00 0.0 0 5.3 14 220 M M 4 20 290
3 79 58 69 9 0 4 1.08 0.0 0 11.5 28 220 M M 9 13 41 220
4 60 52 56 -5 9 0 0.00 0.0 0 9.1 16 320 M M 9 1 19 300
5 63 54 59 -2 6 0 0.19 0.0 0 8.8 16 80 M M 10 1 21 70
6 73 54 64 3 1 0 1.84 0.0 0 7.2 20 350 M M 10 13 22 360
7 62 50 56 -6 9 0 0.01 0.0 0 13.5 24 20 M M 10 1 29 20
8 70 47 59 -3 6 0 0.00 0.0 0 9.6 16 70 M M 4 26 90
9 78 53 66 4 0 1 0.00 0.0 0 11.5 20 150 M M 3 24 150
10 84 58 71 9 0 6 0.00 0.0 0 8.8 16 180 M M 3 20 180
11 87 66 77 14 0 12 0.00 0.0 0 5.8 14 60 M M 7 17 70
12 85 61 73 10 0 8 0.00 0.0 0 7.3 16 90 M M 5 18 100
13 83 64 74 11 0 9 0.00 0.0 0 8.9 15 120 M M 5 19 130
14 83 60 72 8 0 7 0.85 0.0 0 5.4 22 310 M M 6 13 29 300
15 85 57 71 7 0 6 0.00 0.0 0 2.8 26 300 M M 6 1 36 310
16 77 58 68 4 0 3 0.25 0.0 0 10.1 28 330 M M 6 13 39 310
17 81 52 67 3 0 2 0.00 0.0 0 8.6 24 310 M M 3 30 310
18 74 62 68 3 0 3 0.51 0.0 0 5.9 15 210 M M 8 1 22 210
19 81 60 71 6 0 6 1.82 0.0 0 8.0 35 280 M M 8 1238 49 280
20 86 66 76 11 0 11 0.48 0.0 0 13.2 24 200 M M 6 13 34 260
21 83 63 73 7 0 8 1.00 0.0 0 8.2 30 270 M M 6 138 38 280
22 69 58 64 -2 1 0 0.04 0.0 0 9.8 18 10 M M 9 1 21 20
23 63 53 58 -8 7 0 0.00 0.0 0 10.4 18 20 M M 8 23 10
24 75 52 64 -2 1 0 0.00 0.0 0 10.0 17 130 M M 4 22 140
25 83 64 74 7 0 9 0.08 0.0 0 9.4 22 160 M M 9 138 28 170
26 75 64 70 3 0 5 0.58 0.0 0 11.7 23 170 M M 9 18 30 170
27 67 57 62 -5 3 0 0.25 0.0 0 8.4 16 250 M M 8 13 21 250
28 74 55 65 -3 0 0 0.00 0.0 0 6.1 15 310 M M 8 1 19 330
29 81 60 71 3 0 6 0.00 0.0 0 7.7 16 170 M M 4 18 21 170
30 87 63 75 7 0 10 0.00 0.0 0 10.4 21 170 M M 2 28 160
31 88 64 76 8 0 11 0.00 0.0 0 7.9 16 190 M M 2 22 200
================================================================================
SM 2384 1783 50 127 9.08 0.0 273.9 M 196
================================================================================
AV 76.9 57.5 8.8 FASTST M M 6 MAX(MPH)
MISC ----> 35 280 49 280
================================================================================
NOTES:
# LAST OF SEVERAL OCCURRENCES
COLUMN 17 PEAK WIND IN M.P.H.
PRELIMINARY LOCAL CLIMATOLOGICAL DATA (WS FORM: F-6) , PAGE 2
STATION: CINCINNATI OH
MONTH: MAY
YEAR: 2022
LATITUDE: 39 2 N
LONGITUDE: 84 40 W
[TEMPERATURE DATA] [PRECIPITATION DATA] SYMBOLS USED IN COLUMN 16
AVERAGE MONTHLY: 67.2 TOTAL FOR MONTH: 9.08 1 = FOG OR MIST
DPTR FM NORMAL: 3.1 DPTR FM NORMAL: 4.41 2 = FOG REDUCING VISIBILITY
HIGHEST: 88 ON 31 GRTST 24HR 2.30 ON 19-20 TO 1/4 MILE OR LESS
LOWEST: 43 ON 2 3 = THUNDER
SNOW, ICE PELLETS, HAIL 4 = ICE PELLETS
TOTAL MONTH: 0.0 INCH 5 = HAIL
GRTST 24HR 0.0 6 = FREEZING RAIN OR DRIZZLE
GRTST DEPTH: 0 7 = DUSTSTORM OR SANDSTORM:
VSBY 1/2 MILE OR LESS
8 = SMOKE OR HAZE
[NO. OF DAYS WITH] [WEATHER - DAYS WITH] 9 = BLOWING SNOW
X = TORNADO
MAX 32 OR BELOW: 0 0.01 INCH OR MORE: 15
MAX 90 OR ABOVE: 0 0.10 INCH OR MORE: 12
MIN 32 OR BELOW: 0 0.50 INCH OR MORE: 7
MIN 0 OR BELOW: 0 1.00 INCH OR MORE: 4
[HDD (BASE 65) ]
TOTAL THIS MO. 50 CLEAR (SCALE 0-3) 5
DPTR FM NORMAL -68 PTCLDY (SCALE 4-7) 14
TOTAL FM JUL 1 4419 CLOUDY (SCALE 8-10) 12
DPTR FM NORMAL -461
[CDD (BASE 65) ]
TOTAL THIS MO. 127
DPTR FM NORMAL 37 [PRESSURE DATA]
TOTAL FM JAN 1 140 HIGHEST SLP 30.28 ON 23
DPTR FM NORMAL 31 LOWEST SLP 29.48 ON 6
[REMARKS]
#FINAL-05-22#