000
CXUS51 KILN 010539
CF6CVG
PRELIMINARY LOCAL CLIMATOLOGICAL DATA (WS FORM: F-6)
STATION: CINCINNATI OH
MONTH: APRIL
YEAR: 2022
LATITUDE: 39 2 N
LONGITUDE: 84 40 W
TEMPERATURE IN F: :PCPN: SNOW: WIND :SUNSHINE: SKY :PK WND
================================================================================
1 2 3 4 5 6A 6B 7 8 9 10 11 12 13 14 15 16 17 18
12Z AVG MX 2MIN
DY MAX MIN AVG DEP HDD CDD WTR SNW DPTH SPD SPD DIR MIN PSBL S-S WX SPD DR
================================================================================
1 44 33 39 -10 26 0 0.02 T 0 10.4 21 290 M M 8 1 28 310
2 51 31 41 -9 24 0 T 0.0 0 9.7 30 290 M M 6 36 290
3 57 38 48 -2 17 0 0.00 0.0 0 9.2 22 300 M M 5 30 290
4 59 44 52 2 13 0 T 0.0 0 10.1 20 150 M M 9 23 150
5 55 43 49 -2 16 0 0.27 0.0 0 5.0 12 130 M M 8 12 14 140
6 57 42 50 -1 15 0 0.40 0.0 0 8.9 22 280 M M 8 12 27 280
7 54 37 46 -6 19 0 0.01 0.0 0 10.4 24 270 M M 6 1 31 280
8 49 35 42 -10 23 0 0.06 0.0 0 9.9 22 280 M M 9 1 26 280
9 42 35 39 -13 26 0 0.01 T 0 10.8 24 290 M M 10 1 29 290
10 62 29 46 -7 19 0 0.00 0.0 0 9.5 21 150 M M 5 24 150
11 63 50 57 4 8 0 0.18 0.0 0 12.4 22 200 M M 9 1 30 220
12 70 51 61 8 4 0 T 0.0 0 10.0 20 170 M M 9 1 24 160
13 70 59 65 11 0 0 1.13 0.0 0 12.3 28 150 M M 9 13 34 150
14 61 41 51 -3 14 0 0.12 0.0 0 12.9 35 300 M M 4 1 41 300
15 70 40 55 1 10 0 T 0.0 0 12.4 28 260 M M 6 36 260
16 64 44 54 -1 11 0 T 0.0 0 12.3 25 230 M M 8 35 240
17 50 35 43 -12 22 0 0.00 0.0 0 12.6 20 60 M M 5 24 60
18 45 34 40 -16 25 0 0.52 T 0 13.2 25 290 M M 9 1 32 290
19 52 35 44 -12 21 0 0.00 0.0 0 11.4 23 290 M M 6 28 280
20 66 40 53 -3 12 0 0.00 0.0 0 10.9 21 150 M M 9 25 150
21 64 48 56 -1 9 0 0.27 0.0 0 9.5 30 200 M M 9 1 39 210
22 77 44 61 4 4 0 0.00 0.0 0 7.6 17 160 M M 3 1 20 140
23 83 58 71 14 0 6 0.00 0.0 0 10.2 23 190 M M 3 31 190
24 81 63 72 14 0 7 0.00 0.0 0 12.3 23 200 M M 5 30 190
25 72 51 62 4 3 0 0.10 0.0 0 10.4 26 280 M M 8 1 33 280
26 57 38 48 -10 17 0 0.00 0.0 0 9.9 20 300 M M 4 26 280
27 62 36 49 -10 16 0 0.00 0.0 0 8.2 20 290 M M 1 25 310
28 64 43 54 -5 11 0 0.01 0.0 0 10.1 17 80 M M 7 21 110
29 72 52 62 3 3 0 T 0.0 0 10.3 16 120 M M 9 21 110
30 73 52 63 3 2 0 0.20 0.0 0 12.5 24 130 M M 9 31 130
================================================================================
SM 1846 1281 390 13 3.30 T 315.3 M 206
================================================================================
AV 61.5 42.7 10.5 FASTST M M 7 MAX(MPH)
MISC ----> 35 300 41 300
================================================================================
NOTES:
# LAST OF SEVERAL OCCURRENCES
COLUMN 17 PEAK WIND IN M.P.H.
PRELIMINARY LOCAL CLIMATOLOGICAL DATA (WS FORM: F-6) , PAGE 2
STATION: CINCINNATI OH
MONTH: APRIL
YEAR: 2022
LATITUDE: 39 2 N
LONGITUDE: 84 40 W
[TEMPERATURE DATA] [PRECIPITATION DATA] SYMBOLS USED IN COLUMN 16
AVERAGE MONTHLY: 52.1 TOTAL FOR MONTH: 3.30 1 = FOG OR MIST
DPTR FM NORMAL: -2.5 DPTR FM NORMAL: -1.23 2 = FOG REDUCING VISIBILITY
HIGHEST: 83 ON 23 GRTST 24HR 1.25 ON 13-14 TO 1/4 MILE OR LESS
LOWEST: 29 ON 10 3 = THUNDER
SNOW, ICE PELLETS, HAIL 4 = ICE PELLETS
TOTAL MONTH: T 5 = HAIL
GRTST 24HR T ON 1- 1 6 = FREEZING RAIN OR DRIZZLE
GRTST DEPTH: 0 7 = DUSTSTORM OR SANDSTORM:
VSBY 1/2 MILE OR LESS
8 = SMOKE OR HAZE
[NO. OF DAYS WITH] [WEATHER - DAYS WITH] 9 = BLOWING SNOW
X = TORNADO
MAX 32 OR BELOW: 0 0.01 INCH OR MORE: 14
MAX 90 OR ABOVE: 0 0.10 INCH OR MORE: 9
MIN 32 OR BELOW: 2 0.50 INCH OR MORE: 2
MIN 0 OR BELOW: 0 1.00 INCH OR MORE: 1
[HDD (BASE 65) ]
TOTAL THIS MO. 390 CLEAR (SCALE 0-3) 2
DPTR FM NORMAL 62 PTCLDY (SCALE 4-7) 15
TOTAL FM JUL 1 4369 CLOUDY (SCALE 8-10) 13
DPTR FM NORMAL -393
[CDD (BASE 65) ]
TOTAL THIS MO. 13
DPTR FM NORMAL -3 [PRESSURE DATA]
TOTAL FM JAN 1 13 HIGHEST SLP 30.44 ON 22
DPTR FM NORMAL -6 LOWEST SLP 29.56 ON 13
[REMARKS]
#FINAL-04-22#