000
CXUS51 KILN 011123
CF6CVG
PRELIMINARY LOCAL CLIMATOLOGICAL DATA (WS FORM: F-6)
STATION: CINCINNATI OH
MONTH: MARCH
YEAR: 2022
LATITUDE: 39 2 N
LONGITUDE: 84 40 W
TEMPERATURE IN F: :PCPN: SNOW: WIND :SUNSHINE: SKY :PK WND
================================================================================
1 2 3 4 5 6A 6B 7 8 9 10 11 12 13 14 15 16 17 18
12Z AVG MX 2MIN
DY MAX MIN AVG DEP HDD CDD WTR SNW DPTH SPD SPD DIR MIN PSBL S-S WX SPD DR
================================================================================
1 66 37 52 13 13 0 0.00 0.0 0 8.9 18 240 M M 8 26 260
2 67 38 53 14 12 0 T 0.0 0 7.8 20 270 M M 4 26 200
3 62 35 49 10 16 0 T 0.0 0 11.6 26 10 M M 9 8 31 10
4 54 30 42 2 23 0 0.00 0.0 0 9.2 13 100 M M 6 17 40
5 76 45 61 21 4 0 0.00 0.0 0 14.6 29 180 M M 7 40 190
6 70 56 63 23 2 0 0.58 0.0 0 13.1 24 220 M M 9 138 34 210
7 65 35 50 9 15 0 0.83 0.0 0 16.9 41 270 M M 10 13 55 290
8 42 34 38 -3 27 0 0.00 0.0 0 5.5 15 310 M M 10 19 300
9 50 36 43 2 22 0 T T 0 6.7 14 320 M M 7 18 19 280
10 53 31 42 0 23 0 0.00 0.0 0 4.1 14 350 M M 2 8 16 350
11 55 27 41 -1 24 0 0.09 2.3 0 10.7 22 320 M M 7 128 30 320
12 28 19 24 -18 41 0 T T 2 16.9 28 300 M M 7 1 35 270
13 51 15 33 -10 32 0 0.00 0.0 T 12.5 28 220 M M 3 36 210
14 65 36 51 8 14 0 0.00 0.0 0 10.6 21 230 M M 3 29 210
15 68 42 55 12 10 0 0.00 0.0 0 5.8 16 270 M M 6 22 280
16 70 40 55 11 10 0 0.00 0.0 0 5.7 16 140 M M 5 21 130
17 73 43 58 14 7 0 0.00 0.0 0 3.9 12 190 M M 3 1 16 240
18 65 50 58 14 7 0 0.09 0.0 0 10.6 29 170 M M 9 1 36 170
19 58 41 50 5 15 0 0.21 0.0 0 12.7 22 260 M M 10 1 32 230
20 62 39 51 6 14 0 0.01 0.0 0 7.3 17 280 M M 3 1 23 290
21 71 40 56 11 9 0 0.00 0.0 0 7.6 17 180 M M 4 20 180
22 68 51 60 14 5 0 T 0.0 0 10.4 20 120 M M 10 28 150
23 70 49 60 14 5 0 0.11 0.0 0 16.1 30 220 M M 8 138 39 220
24 56 42 49 3 16 0 T 0.0 0 12.0 25 240 M M 8 1 35 220
25 46 37 42 -5 23 0 0.07 0.0 0 11.3 35 280 M M 8 1 44 280
26 39 30 35 -12 30 0 T T 0 16.5 25 300 M M 7 1 32 300
27 42 27 35 -12 30 0 0.00 0.0 0 13.4 23 300 M M 5 30 300
28 43 20 32 -16 33 0 0.00 0.0 0 7.1 18 350 M M 4 27 360
29 44 31 38 -10 27 0 T 0.0 0 11.5 20 100 M M 9 23 100
30 80 43 62 14 3 0 T 0.0 0 19.9 38 180 M M 8 48 180
31 62 37 50 1 15 0 0.15 0.0 0 14.8 28 200 M M 10 18 40 210
================================================================================
SM 1821 1136 527 0 2.14 2.3 335.7 M 209
================================================================================
AV 58.7 36.6 10.8 FASTST M M 7 MAX(MPH)
MISC ----> 41 270 55 290
================================================================================
NOTES:
# LAST OF SEVERAL OCCURRENCES
COLUMN 17 PEAK WIND IN M.P.H.
PRELIMINARY LOCAL CLIMATOLOGICAL DATA (WS FORM: F-6) , PAGE 2
STATION: CINCINNATI OH
MONTH: MARCH
YEAR: 2022
LATITUDE: 39 2 N
LONGITUDE: 84 40 W
[TEMPERATURE DATA] [PRECIPITATION DATA] SYMBOLS USED IN COLUMN 16
AVERAGE MONTHLY: 47.7 TOTAL FOR MONTH: 2.14 1 = FOG OR MIST
DPTR FM NORMAL: 4.1 DPTR FM NORMAL: -2.02 2 = FOG REDUCING VISIBILITY
HIGHEST: 80 ON 30 GRTST 24HR 1.06 ON 6- 7 TO 1/4 MILE OR LESS
LOWEST: 15 ON 13 3 = THUNDER
SNOW, ICE PELLETS, HAIL 4 = ICE PELLETS
TOTAL MONTH: 2.3 INCHES 5 = HAIL
GRTST 24HR 2.3 ON 11-11 6 = FREEZING RAIN OR DRIZZLE
GRTST DEPTH: 2 ON 12 7 = DUSTSTORM OR SANDSTORM:
VSBY 1/2 MILE OR LESS
8 = SMOKE OR HAZE
[NO. OF DAYS WITH] [WEATHER - DAYS WITH] 9 = BLOWING SNOW
X = TORNADO
MAX 32 OR BELOW: 1 0.01 INCH OR MORE: 9
MAX 90 OR ABOVE: 0 0.10 INCH OR MORE: 5
MIN 32 OR BELOW: 9 0.50 INCH OR MORE: 2
MIN 0 OR BELOW: 0 1.00 INCH OR MORE: 0
[HDD (BASE 65) ]
TOTAL THIS MO. 527 CLEAR (SCALE 0-3) 5
DPTR FM NORMAL -137 PTCLDY (SCALE 4-7) 15
TOTAL FM JUL 1 3979 CLOUDY (SCALE 8-10) 11
DPTR FM NORMAL -454
[CDD (BASE 65) ]
TOTAL THIS MO. 0
DPTR FM NORMAL -3 [PRESSURE DATA]
TOTAL FM JAN 1 0 HIGHEST SLP 30.43 ON 4
DPTR FM NORMAL -3 LOWEST SLP 29.31 ON 30
[REMARKS]
#FINAL-03-22#