000
CXUS51 KILN 010614
CF6CVG
PRELIMINARY LOCAL CLIMATOLOGICAL DATA (WS FORM: F-6)
STATION: CINCINNATI OH
MONTH: JANUARY
YEAR: 2021
LATITUDE: 39 2 N
LONGITUDE: 84 40 W
TEMPERATURE IN F: :PCPN: SNOW: WIND :SUNSHINE: SKY :PK WND
================================================================================
1 2 3 4 5 6A 6B 7 8 9 10 11 12 13 14 15 16 17 18
12Z AVG MX 2MIN
DY MAX MIN AVG DEP HDD CDD WTR SNW DPTH SPD SPD DIR MIN PSBL S-S WX SPD DR
================================================================================
1 53 31 42 11 23 0 1.19 0.0 0 13.5 28 290 M M 10 16 37 280
2 45 36 41 10 24 0 T 0.0 0 7.5 21 260 M M 10 1 26 250
3 38 34 36 5 29 0 T 0.0 0 6.4 16 260 M M 10 1 22 250
4 44 32 38 7 27 0 T T 0 2.3 9 180 M M 8 18 25 40
5 39 32 36 5 29 0 0.03 T 0 8.1 20 320 M M 10 18 24 330
6 38 34 36 5 29 0 0.00 0.0 0 6.1 13 80 M M 10 16 80
7 39 34 37 6 28 0 0.00 0.0 0 11.1 20 60 M M 10 25 80
8 34 30 32 1 33 0 0.00 0.0 0 12.5 17 340 M M 10 26 350
9 35 22 29 -2 36 0 0.00 0.0 0 6.2 14 350 M M 7 18 17 350
10 37 18 28 -3 37 0 0.00 0.0 0 2.9 10 320 M M 3 18 14 260
11 30 23 27 -4 38 0 0.00 0.0 0 5.7 13 280 M M 9 18 15 280
12 34 23 29 -2 36 0 T T 0 8.8 16 200 M M 6 18 19 200
13 47 27 37 6 28 0 0.00 0.0 0 9.6 15 210 M M 5 18 21 220
14 50 29 40 9 25 0 0.00 0.0 0 10.6 20 160 M M 8 18 23 160
15 47 33 40 9 25 0 0.09 0.1 0 9.2 23 210 M M 9 158 31 210
16 36 28 32 1 33 0 0.03 0.1 T 8.3 16 230 M M 10 1 22 220
17 36 30 33 2 32 0 0.09 0.2 T 8.2 15 260 M M 10 12 19 260
18 34 29 32 1 33 0 T T T 8.2 18 260 M M 10 8 23 270
19 45 30 38 7 27 0 0.00 0.0 0 7.9 22 260 M M 6 29 260
20 38 27 33 2 32 0 0.00 0.0 0 11.3 30 280 M M 6 38 280
21 51 33 42 11 23 0 0.00 0.0 0 11.1 22 270 M M 3 27 280
22 38 23 31 0 34 0 0.00 0.0 0 11.4 18 300 M M 2 23 290
23 34 13 24 -7 41 0 0.00 0.0 0 6.5 15 360 M M 2 18 350
24 33 27 30 -1 35 0 0.04 0.2 0 6.1 16 150 M M 10 1268 19 120
25 35 31 33 2 32 0 0.51 0.0 T 10.7 21 90 M M 10 126 25 90
26 45 34 40 9 25 0 0.03 0.0 0 11.6 24 290 M M 10 128 30 270
27 34 24 29 -2 36 0 0.13 1.9 0 10.8 22 350 M M 10 189 26 360
28 30 16 23 -8 42 0 0.00 0.0 2 7.7 15 340 M M 6 18 22 360
29 35 16 26 -5 39 0 0.00 0.0 1 2.9 8 100 M M 5 18 10 90
30 37 22 30 -1 35 0 0.34 1.6 1 11.0 25 80 M M 9 1 29 80
31 40 32 36 4 29 0 0.71 0.5 2 10.1 23 130 M M 10 125 28 130
================================================================================
SM 1211 853 975 0 3.19 4.6 264.3 M 244
================================================================================
AV 39.1 27.5 8.5 FASTST M M 8 MAX(MPH)
MISC ----> 30 280 38 280
================================================================================
NOTES:
# LAST OF SEVERAL OCCURRENCES
COLUMN 17 PEAK WIND IN M.P.H.
PRELIMINARY LOCAL CLIMATOLOGICAL DATA (WS FORM: F-6) , PAGE 2
STATION: CINCINNATI OH
MONTH: JANUARY
YEAR: 2021
LATITUDE: 39 2 N
LONGITUDE: 84 40 W
[TEMPERATURE DATA] [PRECIPITATION DATA] SYMBOLS USED IN COLUMN 16
AVERAGE MONTHLY: 33.3 TOTAL FOR MONTH: 3.19 1 = FOG OR MIST
DPTR FM NORMAL: 2.5 DPTR FM NORMAL: 0.19 2 = FOG REDUCING VISIBILITY
HIGHEST: 53 ON 1 GRTST 24HR 1.19 ON 1- 1 TO 1/4 MILE OR LESS
LOWEST: 13 ON 23 3 = THUNDER
SNOW, ICE PELLETS, HAIL 4 = ICE PELLETS
TOTAL MONTH: 4.6 INCHES 5 = HAIL
GRTST 24HR 1.9 ON 27-27 6 = FREEZING RAIN OR DRIZZLE
GRTST DEPTH: 2 ON 31,28 7 = DUSTSTORM OR SANDSTORM:
VSBY 1/2 MILE OR LESS
8 = SMOKE OR HAZE
[NO. OF DAYS WITH] [WEATHER - DAYS WITH] 9 = BLOWING SNOW
X = TORNADO
MAX 32 OR BELOW: 2 0.01 INCH OR MORE: 11
MAX 90 OR ABOVE: 0 0.10 INCH OR MORE: 5
MIN 32 OR BELOW: 24 0.50 INCH OR MORE: 3
MIN 0 OR BELOW: 0 1.00 INCH OR MORE: 1
[HDD (BASE 65) ]
TOTAL THIS MO. 975 CLEAR (SCALE 0-3) 3
DPTR FM NORMAL -78 PTCLDY (SCALE 4-7) 10
TOTAL FM JUL 1 2653 CLOUDY (SCALE 8-10) 18
DPTR FM NORMAL -319
[CDD (BASE 65) ]
TOTAL THIS MO. 0
DPTR FM NORMAL 0 [PRESSURE DATA]
TOTAL FM JAN 1 0 HIGHEST SLP 30.62 ON 28
DPTR FM NORMAL 0 LOWEST SLP 29.53 ON 15
[REMARKS]
#FINAL-01-21#