000
CXUS51 KILN 010539
CF6CVG
PRELIMINARY LOCAL CLIMATOLOGICAL DATA (WS FORM: F-6)
STATION: CINCINNATI OH
MONTH: JULY
YEAR: 2020
LATITUDE: 39 2 N
LONGITUDE: 84 40 W
TEMPERATURE IN F: :PCPN: SNOW: WIND :SUNSHINE: SKY :PK WND
================================================================================
1 2 3 4 5 6A 6B 7 8 9 10 11 12 13 14 15 16 17 18
12Z AVG MX 2MIN
DY MAX MIN AVG DEP HDD CDD WTR SNW DPTH SPD SPD DIR MIN PSBL S-S WX SPD DR
================================================================================
1 90 68 79 4 0 14 0.00 0.0 0 4.2 13 70 M M 3 18 15 50
2 89 73 81 6 0 16 0.00 0.0 0 6.6 14 60 M M 2 18 60
3 92 67 80 4 0 15 0.00 0.0 0 3.9 13 340 M M 5 1 19 360
4 94 69 82 6 0 17 0.00 0.0 0 2.7 9 10 M M 4 8 13 30
5 95 71 83 7 0 18 0.00 0.0 0 4.5 16 340 M M 3 38 20 320
6 91 71 81 5 0 16 0.40 0.0 0 5.6 31 140 M M 7 138 37 140
7 91 68 80 4 0 15 T 0.0 0 4.9 15 350 M M 4 138 18 340
8 91 69 80 4 0 15 T 0.0 0 3.5 13 280 M M 4 138 15 170
9 90 71 81 5 0 16 0.92 0.0 0 3.2 30 70 M M 4 138 36 70
10 87 71 79 3 0 14 0.04 0.0 0 10.9 25 290 M M 4 138 31 280
11 87 66 77 1 0 12 0.10 0.0 0 9.0 33 340 M M 5 3 45 320
12 84 64 74 -2 0 9 0.04 0.0 0 7.5 28 350 M M 6 3 33 270
13 85 61 73 -3 0 8 0.00 0.0 0 5.4 12 330 M M 2 1 19 60
14 89 66 78 2 0 13 0.00 0.0 0 3.4 10 130 M M 3 8 13 110
15 90 65 78 2 0 13 0.00 0.0 0 5.5 15 170 M M 5 8 19 160
16 88 70 79 3 0 14 T 0.0 0 10.6 18 280 M M 8 8 24 270
17 88 65 77 1 0 12 0.00 0.0 0 4.1 12 170 M M 4 18 18 170
18 93 71 82 6 0 17 0.00 0.0 0 6.4 15 270 M M 5 19 270
19 95 72 84 8 0 19 0.73 0.0 0 10.8 32 350 M M 4 13 39 350
20 91 70 81 5 0 16 0.00 0.0 0 3.9 15 320 M M 6 19 320
21 91 72 82 6 0 17 T 0.0 0 5.2 21 290 M M 6 18 30 280
22 82 68 75 -1 0 10 1.44 0.0 0 7.5 35 310 M M 9 138 43 290
23 85 71 78 2 0 13 0.89 0.0 0 5.7 26 340 M M 9 138 31 340
24 89 68 79 3 0 14 T 0.0 0 3.7 10 300 M M 3 1 13 290
25 89 66 78 2 0 13 0.00 0.0 0 2.9 10 270 M M 2 15 280
26 92 66 79 3 0 14 0.00 0.0 0 4.8 10 210 M M 2 13 220
27 90 72 81 5 0 16 0.21 0.0 0 7.9 40 280 M M 5 13 49 280
28 86 68 77 1 0 12 0.00 0.0 0 5.3 13 320 M M 5 16 320
29 90 66 78 2 0 13 0.00 0.0 0 2.5 10 270 M M 4 13 280
30 78 67 73 -3 0 8 2.00 0.0 0 7.0 20 270 M M 10 13 24 280
31 80 69 75 -1 0 10 0.02 0.0 0 6.6 17 20 M M 10 1 20 20
================================================================================
SM 2752 2121 0 429 6.79 0.0 175.7 M 153
================================================================================
AV 88.8 68.4 5.7 FASTST M M 5 MAX(MPH)
MISC ----> 40 280 49 280
================================================================================
NOTES:
# LAST OF SEVERAL OCCURRENCES
COLUMN 17 PEAK WIND IN M.P.H.
PRELIMINARY LOCAL CLIMATOLOGICAL DATA (WS FORM: F-6) , PAGE 2
STATION: CINCINNATI OH
MONTH: JULY
YEAR: 2020
LATITUDE: 39 2 N
LONGITUDE: 84 40 W
[TEMPERATURE DATA] [PRECIPITATION DATA] SYMBOLS USED IN COLUMN 16
AVERAGE MONTHLY: 78.6 TOTAL FOR MONTH: 6.79 1 = FOG OR MIST
DPTR FM NORMAL: 2.7 DPTR FM NORMAL: 3.03 2 = FOG REDUCING VISIBILITY
HIGHEST: 95 ON 19, 5 GRTST 24HR 2.02 ON 30-31 TO 1/4 MILE OR LESS
LOWEST: 61 ON 13 3 = THUNDER
SNOW, ICE PELLETS, HAIL 4 = ICE PELLETS
TOTAL MONTH: 0.0 INCH 5 = HAIL
GRTST 24HR 0.0 6 = FREEZING RAIN OR DRIZZLE
GRTST DEPTH: 0 7 = DUSTSTORM OR SANDSTORM:
VSBY 1/2 MILE OR LESS
8 = SMOKE OR HAZE
[NO. OF DAYS WITH] [WEATHER - DAYS WITH] 9 = BLOWING SNOW
X = TORNADO
MAX 32 OR BELOW: 0 0.01 INCH OR MORE: 11
MAX 90 OR ABOVE: 16 0.10 INCH OR MORE: 8
MIN 32 OR BELOW: 0 0.50 INCH OR MORE: 5
MIN 0 OR BELOW: 0 1.00 INCH OR MORE: 2
[HDD (BASE 65) ]
TOTAL THIS MO. 0 CLEAR (SCALE 0-3) 7
DPTR FM NORMAL 0 PTCLDY (SCALE 4-7) 20
TOTAL FM JUL 1 0 CLOUDY (SCALE 8-10) 4
DPTR FM NORMAL 0
[CDD (BASE 65) ]
TOTAL THIS MO. 429
DPTR FM NORMAL 90 [PRESSURE DATA]
TOTAL FM JAN 1 801 HIGHEST SLP M ON M
DPTR FM NORMAL 142 LOWEST SLP 28.95 ON 30
[REMARKS]
#FINAL-07-20#