000
CXUS53 KABR 011200
CF6MBG
PRELIMINARY LOCAL CLIMATOLOGICAL DATA (WS FORM: F-6)
STATION: MOBRIDGE SD
MONTH: DECEMBER
YEAR: 2022
LATITUDE: 45 32 N
LONGITUDE: 100 25 W
TEMPERATURE IN F: :PCPN: SNOW: WIND :SUNSHINE: SKY :PK WND
================================================================================
1 2 3 4 5 6A 6B 7 8 9 10 11 12 13 14 15 16 17 18
12Z AVG MX 2MIN
DY MAX MIN AVG DEP HDD CDD WTR SNW DPTH SPD SPD DIR MIN PSBL S-S WX SPD DR
================================================================================
1 41 22 32 5 33 0 0.00 0.0 0 10.6 24 160 M M 0 31 130
2 36 2 19 -7 46 0 0.04 0.1 0 18.3 33 320 M M 4 44 320
3 31 -8 12 -14 53 0 0.00 0.0 T 5.9 17 180 M M 0 22 200
4 50 5 28 2 37 0 0.00 0.0 T 6.9 22 340 M M 0 33 340
5 27 17 22 -3 43 0 0.00 0.0 0 10.7 17 90 M M 9 25 330
6 26 8 17 -8 48 0 0.04 0.5 0 12.9 25 160 M M 9 31 150
7 16 -1 8 -16 57 0 0.12 1.5 2 9.1 17 150 M M 4 24 150
8 23 0 12 -12 53 0 0.00 0.0 2 3.2 14 160 M M 7 18 16 160
9 34 -4 15 -9 50 0 0.00 0.0 2 8.1 20 150 M M 1 18 25 150
10 36 12 24 1 41 0 0.00 0.0 2 6.1 14 80 M M 0 128 19 320
11 40 18 29 6 36 0 0.00 0.0 2 13.2 21 140 M M 0 28 140
12 34 29 32 9 33 0 0.03 T 2 12.7 21 140 M M 7 18 26 140
13 34 31 33 11 32 0 0.55 5.0 2 15.9 22 30 M M 10 128 31 30
14 32 21 27 5 38 0 0.10 1.0 7 19.6 29 320 M M 10 1289 42 320
15 21 15 18 -4 47 0 0.06 0.9 8 27.6 38 320 M M 10 19 50 320
16 17 11 14 -8 51 0 0.05 0.1 8 24.4 33 330 M M 10 9 45 330
17 11 -8 2 -19 63 0 T T 8 11.2 28 320 M M 7 18 34 320
18 3 -8 -2 -23 67 0 0.00 0.0 8 4.8 10 10 M M 8 13 360
19 3 -12 -4 -25 69 0 T T 8 6.5 15 330 M M 7 8 18 330
20 -2 -13 -7 -27 72 0 0.00 0.0 8 7.4 17 320 M M 3 23 330
21 -7 -19 -13 -33 78 0 0.11 1.0 8 15.9 30 320 M M 9 8 41 330
22 -10 -19 -14 -34 79 0 T 0.1 9 25.3 37 310 M M 10 8 52 320
23 -5 -14 -9 -29 74 0 T T 9 18.6 31 310 M M 0 8 40 320
24 2 -18 -8 -27 73 0 0.00 0.0 9 3.5 12 320 M M 3 14 320
25 29 -9 10 -9 55 0 0.05 T 9 14.9 36 320 M M 7 8 47 320
26 16 -10 3 -16 62 0 T T 9 10.8 22 170 M M 4 18 26 170
27 31 15 23 4 42 0 0.00 0.0 9 6.9 14 160 M M 0 16 170
28 43 26 35 17 30 0 0.00 0.0 8 4.4 12 330 M M 3 13 320
29 33 13 23 5 42 0 0.00 0.0 6 6.9 25 320 M M 5 32 310
30 30 13 22 4 43 0 0.00 0.0 5 7.9 17 100 M M 2 1 20 100
31 21 9 15 -3 50 0 0.00 0.0 5 2.5 8 310 M M 5 128 10 90
================================================================================
SM 696 124 1597 0 1.15 10.2 352.7 M 154
================================================================================
AV 22.5 4.0 11.4 FASTST M M 5 MAX(MPH)
MISC ----> 38 320 52 320
================================================================================
NOTES:
# LAST OF SEVERAL OCCURRENCES
COLUMN 17 PEAK WIND IN M.P.H.
PRELIMINARY LOCAL CLIMATOLOGICAL DATA (WS FORM: F-6) , PAGE 2
STATION: MOBRIDGE SD
MONTH: DECEMBER
YEAR: 2022
LATITUDE: 45 32 N
LONGITUDE: 100 25 W
[TEMPERATURE DATA] [PRECIPITATION DATA] SYMBOLS USED IN COLUMN 16
AVERAGE MONTHLY: 13.2 TOTAL FOR MONTH: 1.15 1 = FOG OR MIST
DPTR FM NORMAL: -8.6 DPTR FM NORMAL: 0.64 2 = FOG REDUCING VISIBILITY
HIGHEST: 50 ON 4 GRTST 24HR 0.55 ON 13-13 TO 1/4 MILE OR LESS
LOWEST: -19 ON 22,21 3 = THUNDER
SNOW, ICE PELLETS, HAIL 4 = ICE PELLETS
TOTAL MONTH: 10.2 INCHES 5 = HAIL
GRTST 24HR 5.0 ON 13-13 6 = FREEZING RAIN OR DRIZZLE
GRTST DEPTH: 9 ON 27,26 7 = DUSTSTORM OR SANDSTORM:
VSBY 1/2 MILE OR LESS
8 = SMOKE OR HAZE
[NO. OF DAYS WITH] [WEATHER - DAYS WITH] 9 = BLOWING SNOW
X = TORNADO
MAX 32 OR BELOW: 21 0.01 INCH OR MORE: 10
MAX 90 OR ABOVE: 0 0.10 INCH OR MORE: 4
MIN 32 OR BELOW: 31 0.50 INCH OR MORE: 1
MIN 0 OR BELOW: 14 1.00 INCH OR MORE: 0
[HDD (BASE 65) ]
TOTAL THIS MO. 1597 CLEAR (SCALE 0-3) 10
DPTR FM NORMAL 258 PTCLDY (SCALE 4-7) 12
TOTAL FM JUL 1 3182 CLOUDY (SCALE 8-10) 9
DPTR FM NORMAL 221
[CDD (BASE 65) ]
TOTAL THIS MO. 0
DPTR FM NORMAL 0 [PRESSURE DATA]
TOTAL FM JAN 1 968 HIGHEST SLP 30.75 ON 20
DPTR FM NORMAL 156 LOWEST SLP 29.19 ON 27
[REMARKS]
#FINAL-12-22#