241
CXUS51 KOKX 021755
CLSNYC
NYCCLSNYC 000
TTAA00 OKX 021752
CLIMATE REPORT
NATIONAL WEATHER SERVICE NEW YORK, NY
1252 PM EST TUE MAR 02 2021
...................................
...THE CENTRAL PARK NY CLIMATE SUMMARY FOR THE SEASON, FROM
12/1/2020 TO 2/28/2021...
CLIMATE NORMAL PERIOD 1981 TO 2010
CLIMATE RECORD PERIOD 1869 TO 2021
WEATHER OBSERVED NORMAL DEPART LAST YEAR`S
VALUE DATE(S) VALUE FROM VALUE
NORMAL
..............................................................
TEMPERATURE (F)
RECORD
HIGH 78 02/21/2018
LOW -15 02/09/1934
HIGHEST 62 12/01 MM MM
12/13
LOWEST 14 01/29 MM MM
AVG. MAXIMUM 41.2 41.0 0.2
AVG. MINIMUM 30.9 29.3 1.6
MEAN 36.0 35.1 0.9
DAYS MAX >= 90 0 0.0 0.0
DAYS MAX <= 32 12 17.0 -5.0
DAYS MIN <= 32 49 52.4 -3.4
DAYS MIN <= 0 0 0.0 0.0
PRECIPITATION (INCHES)
RECORD
MAXIMUM 20.71 1979
MINIMUM 4.22 1901
TOTALS 12.05 10.74 1.31 11.56
DAILY AVG. 0.13 0.12 0.01
DAYS >= .01 34 30.2 3.8
DAYS >= .10 24 18.9 5.1
DAYS >= .50 9 7.5 1.5
DAYS >= 1.00 2 3.0 -1.0
GREATEST
24 HR. TOTAL 1.85 02/01 TO 02/01
STORM TOTAL MM
(MM/DD(HH))
SNOWFALL (INCHES)
RECORDS
TOTAL 60.9 2011
24 HR TOTAL 27.3 01/23/2016 TO 01/23/2016
TOTALS 38.6 21.0 17.6
LIQUID EQUIV 3.90 2.10 1.80
SINCE 7/1 38.6 21.3 17.3
LIQUID 7/1 3.86
DAYS >= TRACE 24 9.0 15.0
DAYS >= 1.0 8 5.0 3.0
GREATEST
SNOW DEPTH 14 02/02
24 HR TOTAL 14.8 02/01 TO 02/01
STORM TOTAL MM
(MM/DD(HH))
DEGREE DAYS
HEATING TOTAL 2579 2690 -111
SINCE 7/1 3196 3521 -325
COOLING TOTAL 0 0 0
SINCE 1/1 0 0 0
..............................................................
WIND (MPH)
AVERAGE WIND SPEED 6.6
HIGHEST WIND SPEED/DIRECTION 26/300 DATE 01/29
HIGHEST GUST SPEED/DIRECTION 43/310 DATE 01/29
SKY COVER
POSSIBLE SUNSHINE (PERCENT) MM
AVERAGE SKY COVER 0.47
NUMBER OF DAYS FAIR 35
NUMBER OF DAYS PC 33
NUMBER OF DAYS CLOUDY 22
AVERAGE RH (PERCENT) 61
WEATHER CONDITIONS. NUMBER OF DAYS WITH
THUNDERSTORM 1 MIXED PRECIP 0
HEAVY RAIN 6 RAIN 11
LIGHT RAIN 23 FREEZING RAIN 0
LT FREEZING RAIN 3 HAIL 0
HEAVY SNOW 6 SNOW 8
LIGHT SNOW 20 SLEET 4
FOG 36 FOG W/VIS <= 1/4 MILE 6
HAZE 21
- INDICATES NEGATIVE NUMBERS.
R INDICATES RECORD WAS SET OR TIED.
MM INDICATES DATA IS MISSING.
T INDICATES TRACE AMOUNT.
$$