000
CXUS51 KOKX 022251
CLSNYC
CLIMATE REPORT
NATIONAL WEATHER SERVICE NEW YORK, NY
649 PM EDT FRI SEP 02 2022
...................................
...THE CENTRAL PARK NY CLIMATE SUMMARY FOR THE SEASON, FROM
6/1/2022 TO 8/31/2022...
CLIMATE NORMAL PERIOD 1991 TO 2020
CLIMATE RECORD PERIOD 1869 TO 2022
WEATHER OBSERVED NORMAL DEPART LAST YEAR`S
VALUE DATE(S) VALUE FROM VALUE
NORMAL
..............................................................
TEMPERATURE (F)
RECORD
HIGH 106 07/09/1936
LOW 44 06/01/1945
HIGHEST 97 08/09 MM MM
LOWEST 54 06/19 MM MM
AVG. MAXIMUM 84.4 82.6 1.8
AVG. MINIMUM 69.1 67.8 1.3
MEAN 76.8 75.2 1.6
DAYS MAX >= 90 22 15.0 7.0
DAYS MAX <= 32 0 0.0 0.0
DAYS MIN <= 32 0 0.0 0.0
DAYS MIN <= 0 0 0.0 0.0
PRECIPITATION (INCHES)
RECORD
MAXIMUM 25.23 2011
MINIMUM 3.92 1999
TOTALS 9.18 13.70 -4.52 24.03
DAILY AVG. 0.10 0.15 -0.05
DAYS >= .01 27 31.7 -4.7
DAYS >= .10 18 20.4 -2.4
DAYS >= .50 5 9.4 -4.4
DAYS >= 1.00 2 3.7 -1.7
GREATEST
24 HR. TOTAL 1.85 07/18 TO 07/18
STORM TOTAL 1.85
(MM/DD(HH))
SNOWFALL (INCHES)
RECORDS
TOTAL T 1990
1951
24 HR TOTAL T
TOTALS 0.0 0.0 0.0
LIQUID EQUIV 0.00 0.00 0.00
SINCE 7/1 0.0 0.0 0.0
LIQUID 7/1 0.00
DAYS >= TRACE 0 0.0 0.0
DAYS >= 1.0 0 0.0 0.0
GREATEST
SNOW DEPTH 0
24 HR TOTAL 0.0
STORM TOTAL 0.0
(MM/DD(HH))
DEGREE DAYS
HEATING TOTAL 1 16 -15
SINCE 7/1 0 0 0
COOLING TOTAL 1111 959 152
SINCE 1/1 1192 1040 152
..............................................................
WIND (MPH)
AVERAGE WIND SPEED 3.8
HIGHEST WIND SPEED/DIRECTION 20/050 DATE 07/16
HIGHEST GUST SPEED/DIRECTION 32/290 DATE 06/18
SKY COVER
POSSIBLE SUNSHINE (PERCENT) MM
AVERAGE SKY COVER 0.28
NUMBER OF DAYS FAIR 63
NUMBER OF DAYS PC 22
NUMBER OF DAYS CLOUDY 7
AVERAGE RH (PERCENT) 61
WEATHER CONDITIONS. NUMBER OF DAYS WITH
THUNDERSTORM 9 MIXED PRECIP 0
HEAVY RAIN 15 RAIN 12
LIGHT RAIN 34 FREEZING RAIN 0
LT FREEZING RAIN 0 HAIL 0
HEAVY SNOW 0 SNOW 0
LIGHT SNOW 0 SLEET 0
FOG 31 FOG W/VIS <= 1/4 MILE 4
HAZE 14
- INDICATES NEGATIVE NUMBERS.
R INDICATES RECORD WAS SET OR TIED.
MM INDICATES DATA IS MISSING.
T INDICATES TRACE AMOUNT.
$$