000
CXUS51 KBOX 011512
CF6ORH
PRELIMINARY LOCAL CLIMATOLOGICAL DATA (WS FORM: F-6)
STATION: WORCESTER MA
MONTH: NOVEMBER
YEAR: 2022
LATITUDE: 42 16 N
LONGITUDE: 71 52 W
TEMPERATURE IN F: :PCPN: SNOW: WIND :SUNSHINE: SKY :PK WND
================================================================================
1 2 3 4 5 6A 6B 7 8 9 10 11 12 13 14 15 16 17 18
12Z AVG MX 2MIN
DY MAX MIN AVG DEP HDD CDD WTR SNW DPTH SPD SPD DIR MIN PSBL S-S WX SPD DR
================================================================================
1 60 56 58 13 7 0 0.04 0.0 M 10.9 17 240 M M 7 1 21 250
2 68 51 60 15 5 0 0.00 0.0 M 7.6 20 320 M M 0 26 310
3 65 46 56 12 9 0 0.00 0.0 M 7.3 13 220 M M 0 16 210
4 68 45 57 13 8 0 0.00 0.0 M 13.9 28 250 M M 1 1 34 230
5 73 58 66 22 0 1 T 0.0 M 13.8 24 230 M M 5 33 220
6 72 62 67 23 0 2 T 0.0 M 16.8 30 230 M M 7 38 220
7 70 48 59 16 6 0 0.13 0.0 M 15.0 30 290 M M 4 1 38 280
8 51 35 43 0 22 0 0.00 0.0 M 11.6 21 350 M M 0 28 340
9 50 32 41 -1 24 0 0.00 0.0 M 7.9 17 240 M M 0 22 230
10 64 40 52 10 13 0 0.00 0.0 M 18.9 26 250 M M 0 33 250
11 68 53 61 19 4 0 1.00 0.0 M 11.4 24 190 M M 7 1 33 190
12 69 49 59 18 6 0 0.18 0.0 M 15.1 25 200 M M 7 1 36 210
13 50 36 43 2 22 0 0.19 0.0 M 10.9 28 300 M M 7 1 35 300
14 39 28 34 -7 31 0 0.00 0.0 M 11.1 22 300 M M 0 33 280
15 41 25 33 -7 32 0 0.23 2.0 M 4.0 10 70 M M 2 168 14 70
16 48 33 41 1 24 0 0.71 0.0 M 12.0 24 290 M M 9 126 31 270
17 42 32 37 -3 28 0 T 0.0 M 12.6 26 270 M M 4 8 37 250
18 41 29 35 -4 30 0 0.00 0.0 M 11.4 21 230 M M 3 25 220
19 40 26 33 -6 32 0 0.00 0.0 M 9.5 18 240 M M 0 22 240
20 34 24 29 -10 36 0 0.00 0.0 M 15.3 32 300 M M 3 42 300
21 36 19 28 -10 37 0 0.00 0.0 M 14.2 28 250 M M 0 35 250
22 46 30 38 0 27 0 0.00 0.0 M 9.1 25 250 M M 0 32 260
23 49 35 42 4 23 0 0.00 0.0 M 9.4 18 300 M M 1 23 280
24 47 30 39 2 26 0 0.00 0.0 M 6.9 17 230 M M 0 21 220
25 48 37 43 6 22 0 0.02 0.0 M 14.8 28 240 M M 5 1 37 280
26 51 34 43 6 22 0 0.00 0.0 M 14.6 23 300 M M 0 33 290
27 57 44 51 15 14 0 0.48 0.0 M 13.8 26 270 M M 4 1 37 260
28 53 34 44 8 21 0 0.00 0.0 M 11.8 25 250 M M 4 36 250
29 40 27 34 -2 31 0 0.00 0.0 M 3.3 10 320 M M 0 13 320
30 57 34 46 11 19 0 0.86 0.0 M 13.0 32 290 M M 10 18 44 290
================================================================================
SM 1597 1132 581 3 3.84 2.0 347.9 M 90
================================================================================
AV 53.2 37.7 11.6 FASTST M M 3 MAX(MPH)
MISC ----> # 32 300 44 290
================================================================================
NOTES:
# LAST OF SEVERAL OCCURRENCES
COLUMN 17 PEAK WIND IN M.P.H.
PRELIMINARY LOCAL CLIMATOLOGICAL DATA (WS FORM: F-6) , PAGE 2
STATION: WORCESTER MA
MONTH: NOVEMBER
YEAR: 2022
LATITUDE: 42 16 N
LONGITUDE: 71 52 W
[TEMPERATURE DATA] [PRECIPITATION DATA] SYMBOLS USED IN COLUMN 16
AVERAGE MONTHLY: 45.5 TOTAL FOR MONTH: 3.84 1 = FOG OR MIST
DPTR FM NORMAL: 5.3 DPTR FM NORMAL: -0.16 2 = FOG REDUCING VISIBILITY
HIGHEST: 73 ON 5 GRTST 24HR 1.18 ON 11-12 TO 1/4 MILE OR LESS
LOWEST: 19 ON 21 3 = THUNDER
SNOW, ICE PELLETS, HAIL 4 = ICE PELLETS
TOTAL MONTH: 2.0 INCHES 5 = HAIL
GRTST 24HR 2.0 ON 15-15 6 = FREEZING RAIN OR DRIZZLE
GRTST DEPTH: M ON M 7 = DUSTSTORM OR SANDSTORM:
VSBY 1/2 MILE OR LESS
8 = SMOKE OR HAZE
[NO. OF DAYS WITH] [WEATHER - DAYS WITH] 9 = BLOWING SNOW
X = TORNADO
MAX 32 OR BELOW: 0 0.01 INCH OR MORE: 10
MAX 90 OR ABOVE: 0 0.10 INCH OR MORE: 8
MIN 32 OR BELOW: 11 0.50 INCH OR MORE: 3
MIN 0 OR BELOW: 0 1.00 INCH OR MORE: 1
[HDD (BASE 65) ]
TOTAL THIS MO. 581 CLEAR (SCALE 0-3) 17
DPTR FM NORMAL -163 PTCLDY (SCALE 4-7) 11
TOTAL FM JUL 1 1084 CLOUDY (SCALE 8-10) 2
DPTR FM NORMAL -282
[CDD (BASE 65) ]
TOTAL THIS MO. 3
DPTR FM NORMAL 3 [PRESSURE DATA]
TOTAL FM JAN 1 713 HIGHEST SLP 30.66 ON 9
DPTR FM NORMAL 212 LOWEST SLP 29.25 ON 27
[REMARKS]
#FINAL-11-22#