000
CXUS51 KBOX 011555
CF6ORH
PRELIMINARY LOCAL CLIMATOLOGICAL DATA (WS FORM: F-6)
STATION: WORCESTER MA
MONTH: AUGUST
YEAR: 2022
LATITUDE: 42 16 N
LONGITUDE: 71 52 W
TEMPERATURE IN F: :PCPN: SNOW: WIND :SUNSHINE: SKY :PK WND
================================================================================
1 2 3 4 5 6A 6B 7 8 9 10 11 12 13 14 15 16 17 18
12Z AVG MX 2MIN
DY MAX MIN AVG DEP HDD CDD WTR SNW DPTH SPD SPD DIR MIN PSBL S-S WX SPD DR
================================================================================
1 79 66 73 2 0 8 0.10 0.0 M 7.6 13 240 M M 6 1 17 220
2 86 66 76 5 0 11 T 0.0 M 10.5 17 290 M M 6 13 24 300
3 85 67 76 5 0 11 0.00 0.0 M 7.1 15 250 M M 0 19 250
4 91 66 79 8 0 14 0.00 0.0 M 11.5 18 230 M M 0 24 220
5 90 71 81 11 0 16 0.07 0.0 M 7.4 16 300 M M 2 3 20 300
6 93 70 82 12 0 17 0.00 0.0 M 10.0 17 230 M M 1 25 210
7 93 74 84 14 0 19 0.05 0.0 M 13.6 24 250 M M 2 13 33 220
8 92 73 83 13 0 18 0.02 0.0 M 13.3 23 210 M M 2 29 210
9 91 66 79 9 0 14 T 0.0 M 12.0 21 320 M M 2 13 28 280
10 80 65 73 3 0 8 T 0.0 M 4.3 10 130 M M 9 1 14 60
11 81 64 73 3 0 8 0.00 0.0 M 6.3 13 310 M M 4 12 17 350
12 78 62 70 0 0 5 0.00 0.0 M 9.4 15 300 M M 1 21 340
13 75 58 67 -3 0 2 0.00 0.0 M 5.7 12 20 M M 4 15 50
14 79 58 69 -1 0 4 0.00 0.0 M 6.9 14 310 M M 0 19 340
15 81 61 71 1 0 6 0.00 0.0 M 6.2 13 300 M M 1 17 90
16 80 60 70 0 0 5 T 0.0 M 8.1 17 80 M M 3 25 80
17 76 63 70 1 0 5 0.06 0.0 M 8.5 16 290 M M 8 1 22 20
18 80 59 70 1 0 5 T 0.0 M 12.0 24 280 M M 3 31 290
19 86 62 74 5 0 9 0.00 0.0 M 9.9 17 310 M M 1 22 300
20 90 65 78 9 0 13 0.01 0.0 M 7.7 18 160 M M 2 3 26 200
21 84 62 73 4 0 8 0.00 0.0 M 8.3 17 170 M M 2 12 22 200
22 70 62 66 -3 0 1 0.58 0.0 M 3.1 12 80 M M 9 1 17 90
23 76 65 71 2 0 6 0.92 0.0 M 4.2 16 140 M M 9 123 18 140
24 82 64 73 5 0 8 T 0.0 M 6.5 14 280 M M 6 1 19 300
25 86 69 78 10 0 13 0.00 0.0 M 7.4 13 300 M M 3 19 290
26 84 66 75 7 0 10 0.51 0.0 M 7.3 38 260 M M 4 123 57 250
27 81 64 73 5 0 8 0.00 0.0 M 5.2 12 10 M M 5 1 15 130
28 78 63 71 3 0 6 0.00 0.0 M 5.6 13 220 M M 6 17 210
29 83 63 73 6 0 8 0.00 0.0 M 12.0 18 220 M M 6 1 25 220
30 85 69 77 10 0 12 T 0.0 M 13.1 20 190 M M 4 27 190
31 78 62 70 3 0 5 0.24 0.0 M 10.5 23 280 M M 3 1 30 290
================================================================================
SM 2573 2005 0 283 2.56 0.0 261.2 M 114
================================================================================
AV 83.0 64.7 8.4 FASTST M M 4 MAX(MPH)
MISC ----> 38 260 57 250
================================================================================
NOTES:
# LAST OF SEVERAL OCCURRENCES
COLUMN 17 PEAK WIND IN M.P.H.
PRELIMINARY LOCAL CLIMATOLOGICAL DATA (WS FORM: F-6) , PAGE 2
STATION: WORCESTER MA
MONTH: AUGUST
YEAR: 2022
LATITUDE: 42 16 N
LONGITUDE: 71 52 W
[TEMPERATURE DATA] [PRECIPITATION DATA] SYMBOLS USED IN COLUMN 16
AVERAGE MONTHLY: 73.8 TOTAL FOR MONTH: 2.56 1 = FOG OR MIST
DPTR FM NORMAL: 4.5 DPTR FM NORMAL: -1.58 2 = FOG REDUCING VISIBILITY
HIGHEST: 93 ON 7, 6 GRTST 24HR 0.92 ON 23-23 TO 1/4 MILE OR LESS
LOWEST: 58 ON 14,13 3 = THUNDER
SNOW, ICE PELLETS, HAIL 4 = ICE PELLETS
TOTAL MONTH: 0.0 INCH 5 = HAIL
GRTST 24HR 0.0 6 = FREEZING RAIN OR DRIZZLE
GRTST DEPTH: M ON M 7 = DUSTSTORM OR SANDSTORM:
VSBY 1/2 MILE OR LESS
8 = SMOKE OR HAZE
[NO. OF DAYS WITH] [WEATHER - DAYS WITH] 9 = BLOWING SNOW
X = TORNADO
MAX 32 OR BELOW: 0 0.01 INCH OR MORE: 10
MAX 90 OR ABOVE: 7 0.10 INCH OR MORE: 5
MIN 32 OR BELOW: 0 0.50 INCH OR MORE: 3
MIN 0 OR BELOW: 0 1.00 INCH OR MORE: 0
[HDD (BASE 65) ]
TOTAL THIS MO. 0 CLEAR (SCALE 0-3) 16
DPTR FM NORMAL -20 PTCLDY (SCALE 4-7) 12
TOTAL FM JUL 1 0 CLOUDY (SCALE 8-10) 3
DPTR FM NORMAL -28
[CDD (BASE 65) ]
TOTAL THIS MO. 283
DPTR FM NORMAL 130 [PRESSURE DATA]
TOTAL FM JAN 1 677 HIGHEST SLP 30.25 ON 28
DPTR FM NORMAL 226 LOWEST SLP 29.71 ON 31
[REMARKS]
#FINAL-08-22#