301
CXUS51 KBOX 010910
CF6ORH
PRELIMINARY LOCAL CLIMATOLOGICAL DATA (WS FORM: F-6)
STATION: WORCESTER MA
MONTH: JANUARY
YEAR: 2024
LATITUDE: 42 16 N
LONGITUDE: 71 52 W
TEMPERATURE IN F: :PCPN: SNOW: WIND :SUNSHINE: SKY :PK WND
================================================================================
1 2 3 4 5 6A 6B 7 8 9 10 11 12 13 14 15 16 17 18
12Z AVG MX 2MIN
DY MAX MIN AVG DEP HDD CDD WTR SNW DPTH SPD SPD DIR MIN PSBL S-S WX SPD DR
================================================================================
1 37 24 31 5 34 0 0.00 0.0 M 5.1 15 310 M M 5 18 310
2 38 21 30 4 35 0 0.00 0.0 M 9.8 22 280 M M 0 31 280
3 39 26 33 7 32 0 0.00 0.0 M 7.6 23 290 M M 5 31 290
4 40 20 30 4 35 0 0.01 T M 12.4 23 330 M M 6 18 36 330
5 31 16 24 -2 41 0 0.00 0.0 M 12.4 25 310 M M 4 35 300
6 32 24 28 2 37 0 0.08 1.6 M 7.4 15 80 M M 10 1 23 80
7 32 22 27 2 38 0 0.89 13.9 M 12.1 22 20 M M 10 128 35 20
8 34 22 28 3 37 0 0.00 0.0 M 10.3 24 310 M M 3 8 31 310
9 40 21 31 6 34 0 1.03 1.3 M 7.4 16 100 M M 5 126 29 100
10 52 39 46 21 19 0 1.66 0.0 M 16.5 30 240 M M 8 128 42 240
11 41 34 38 13 27 0 0.00 0.0 M 12.0 26 270 M M 9 40 260
12 44 31 38 13 27 0 0.00 0.0 M 6.5 13 90 M M 1 19 100
13 57 34 46 22 19 0 1.34 0.0 M 13.7 32 250 M M 9 12 44 260
14 35 21 28 4 37 0 T T M 18.7 36 230 M M 4 1 58 250
15 28 15 22 -2 43 0 0.00 0.0 M 8.4 16 220 M M 2 21 240
16 27 18 23 -1 42 0 0.46 3.6 M 9.7 24 300 M M 9 168 37 310
17 22 13 18 -6 47 0 0.00 0.0 M 14.8 25 300 M M 1 39 300
18 26 13 20 -4 45 0 0.00 0.0 M 12.3 21 250 M M 2 31 270
19 25 15 20 -4 45 0 T T M 9.3 21 310 M M 8 18 28 330
20 17 9 13 -11 52 0 0.03 0.6 M 16.2 23 310 M M 5 18 36 300
21 24 8 16 -8 49 0 0.00 0.0 M 14.5 24 300 M M 1 32 290
22 34 14 24 0 41 0 0.00 0.0 M 14.3 26 250 M M 2 35 250
23 36 30 33 9 32 0 0.13 1.1 M 7.9 24 250 M M 7 1 35 270
24 40 29 35 11 30 0 0.56 0.9 M 4.8 14 220 M M 10 12 20 220
25 51 38 45 21 20 0 0.40 0.0 M 9.6 25 250 M M 10 1 39 260
26 38 34 36 12 29 0 0.61 0.0 M 7.0 14 80 M M 10 12 21 90
27 39 33 36 12 29 0 0.02 T M 4.2 12 30 M M 10 128 19 30
28 37 32 35 11 30 0 0.84 3.4 M 8.7 20 30 M M 10 126 33 20
29 33 29 31 7 34 0 0.11 1.6 M 9.8 18 20 M M 10 1 33 40
30 29 23 26 2 39 0 0.01 0.0 M 5.4 9 70 M M 10 1 15 80
31 31 23 27 3 38 0 0.00 0.0 M 6.4 12 250 M M 10 15 230
================================================================================
SM 1089 731 1097 0 8.18 28.0 315.2 M 196
================================================================================
AV 35.1 23.6 10.2 FASTST M M 6 MAX(MPH)
MISC ----> 36 230 58 250
================================================================================
NOTES:
# LAST OF SEVERAL OCCURRENCES
COLUMN 17 PEAK WIND IN M.P.H.
PRELIMINARY LOCAL CLIMATOLOGICAL DATA (WS FORM: F-6) , PAGE 2
STATION: WORCESTER MA
MONTH: JANUARY
YEAR: 2024
LATITUDE: 42 16 N
LONGITUDE: 71 52 W
[TEMPERATURE DATA] [PRECIPITATION DATA] SYMBOLS USED IN COLUMN 16
AVERAGE MONTHLY: 29.4 TOTAL FOR MONTH: 8.18 1 = FOG OR MIST
DPTR FM NORMAL: 4.7 DPTR FM NORMAL: 4.66 2 = FOG REDUCING VISIBILITY
HIGHEST: 57 ON 13 GRTST 24HR 3.15 ON 9-10 TO 1/4 MILE OR LESS
LOWEST: 8 ON 21 3 = THUNDER
SNOW, ICE PELLETS, HAIL 4 = ICE PELLETS
TOTAL MONTH: 28.0 INCHES 5 = HAIL
GRTST 24HR 13.9 ON 7- 7 6 = FREEZING RAIN OR DRIZZLE
GRTST DEPTH: M ON M 7 = DUSTSTORM OR SANDSTORM:
VSBY 1/2 MILE OR LESS
8 = SMOKE OR HAZE
[NO. OF DAYS WITH] [WEATHER - DAYS WITH] 9 = BLOWING SNOW
X = TORNADO
MAX 32 OR BELOW: 12 0.01 INCH OR MORE: 16
MAX 90 OR ABOVE: 0 0.10 INCH OR MORE: 11
MIN 32 OR BELOW: 25 0.50 INCH OR MORE: 7
MIN 0 OR BELOW: 0 1.00 INCH OR MORE: 3
[HDD (BASE 65) ]
TOTAL THIS MO. 1097 CLEAR (SCALE 0-3) 8
DPTR FM NORMAL -152 PTCLDY (SCALE 4-7) 9
TOTAL FM JUL 1 3092 CLOUDY (SCALE 8-10) 14
DPTR FM NORMAL -597
[CDD (BASE 65) ]
TOTAL THIS MO. 0
DPTR FM NORMAL 0 [PRESSURE DATA]
TOTAL FM JAN 1 0 HIGHEST SLP 30.59 ON 24
DPTR FM NORMAL 0 LOWEST SLP 28.95 ON 10
[REMARKS]
#FINAL-01-24#