098
CXUS51 KBOX 011215
CLMPVD
CLIMATE REPORT
NATIONAL WEATHER SERVICE BOSTON/NORTON MA
815 AM EDT SAT JUN 01 2024
...................................
...THE PROVIDENCE RI CLIMATE SUMMARY FOR THE MONTH OF MAY 2024...
CLIMATE NORMAL PERIOD 1991 TO 2020
CLIMATE RECORD PERIOD 1904 TO 2024
WEATHER OBSERVED NORMAL DEPART LAST YEAR`S
VALUE DATE(S) VALUE FROM VALUE
NORMAL
..............................................................
TEMPERATURE (F)
RECORD
HIGH 96 05/26/2010
LOW 29 05/09/1956
HIGHEST 85 05/22 84
LOWEST 41 05/11 33
AVG. MAXIMUM 67.8 68.9 -1.1
AVG. MINIMUM 51.4 49.2 2.2
MEAN 59.6 59.1 0.5
DAYS MAX >= 90 0 0.8 -0.8
DAYS MAX <= 32 0 0.0 0.0
DAYS MIN <= 32 0 0.0 0.0
DAYS MIN <= 0 0 0.0 0.0
PRECIPITATION (INCHES)
RECORD
MAXIMUM 10.58 1948
MINIMUM 0.57 1939
TOTALS 7.57 3.37 4.20
DAILY AVG. 0.24 0.11 0.13
DAYS >= .01 13 12.2 0.8
DAYS >= .10 10 7.1 2.9
DAYS >= .50 4 2.2 1.8
DAYS >= 1.00 4 0.5 3.5
GREATEST
24 HR. TOTAL 2.82 05/15 TO 05/16
SNOWFALL (INCHES)
RECORDS
TOTAL 7.0 1977
SNOW DEPTH T 05/06/1917
TOTALS 0.0 0.0 0.0
LIQUID EQUIV 0.00
SINCE 7/1 18.3 36.6 -18.3
SNOWDEPTH AVG. 0
DAYS >= TRACE 0 0.0 0.0
DAYS >= 1.0 0 0.0 0.0
GREATEST
SNOW DEPTH 0
24 HR TOTAL MM
DEGREE DAYS
HEATING TOTAL 187 212 -25
SINCE 7/1 4995 5440 -445
COOLING TOTAL 26 28 -2
SINCE 1/1 26 31 -5
..............................................................
WIND (MPH)
AVERAGE WIND SPEED 8.7
RESULTANT WIND SPEED/DIRECTION 2/090
HIGHEST WIND SPEED/DIRECTION 23/030 DATE 05/02
23/220 05/22
HIGHEST GUST SPEED/DIRECTION 32/040 DATE 05/02
32/360 05/19
SKY COVER
POSSIBLE SUNSHINE (PERCENT) MM
AVERAGE SKY COVER 0.70
NUMBER OF DAYS FAIR 3
NUMBER OF DAYS PC 12
NUMBER OF DAYS CLOUDY 16
AVERAGE RH (PERCENT) 80
WEATHER CONDITIONS. NUMBER OF DAYS WITH
THUNDERSTORM 2 MIXED PRECIP 0
HEAVY RAIN 5 RAIN 9
LIGHT RAIN 14 FREEZING RAIN 0
LT FREEZING RAIN 0 HAIL 0
HEAVY SNOW 0 SNOW 0
LIGHT SNOW 0 SLEET 0
FOG 17 FOG W/VIS <= 1/4 MILE 5
HAZE 1
- INDICATES NEGATIVE NUMBERS.
R INDICATES RECORD WAS SET OR TIED.
MM INDICATES DATA IS MISSING.
T INDICATES TRACE AMOUNT.
$$