168
CXUS51 KBOX 011410
CLMPVD
CLIMATE REPORT
NATIONAL WEATHER SERVICE BOSTON/NORTON MA
1010 AM EDT MON APR 01 2024
...................................
...THE PROVIDENCE RI CLIMATE SUMMARY FOR THE MONTH OF MARCH 2024...
CLIMATE NORMAL PERIOD 1991 TO 2020
CLIMATE RECORD PERIOD 1904 TO 2024
WEATHER OBSERVED NORMAL DEPART LAST YEAR`S
VALUE DATE(S) VALUE FROM VALUE
NORMAL
..............................................................
TEMPERATURE (F)
RECORD
HIGH 90 03/29/1945
LOW 1 03/19/1967
03/04/1950
03/06/1948
HIGHEST 64 03/14 61
LOWEST 22 03/01 24
AVG. MAXIMUM 51.5 47.7 3.8
AVG. MINIMUM 34.8 30.2 4.6
MEAN 43.2 38.9 4.3
DAYS MAX >= 90 0 0.0 0.0
DAYS MAX <= 32 0 1.6 -1.6
DAYS MIN <= 32 11 19.2 -8.2
DAYS MIN <= 0 0 0.0 0.0
PRECIPITATION (INCHES)
RECORD
MAXIMUM 16.34 2010
MINIMUM 0.07 1915
TOTALS 12.05 4.90 7.15
DAILY AVG. 0.39 0.16 0.23
DAYS >= .01 14 11.6 2.4
DAYS >= .10 11 7.2 3.8
DAYS >= .50 7 2.9 4.1
DAYS >= 1.00 4 1.3 2.7
GREATEST
24 HR. TOTAL 3.09 03/23 TO 03/23
SNOWFALL (INCHES)
RECORDS
MAXIMUM 31.6 1956
MINIMUM T MULTI-YEARS
SNOW DEPTH 20 03/06/2015
03/20/1956
TOTALS T 6.4 -6.4
LIQUID EQUIV T
SINCE 7/1 18.3 36.0 -17.7
SNOWDEPTH AVG. 0
DAYS >= TRACE 1 3.7 -2.7
DAYS >= 1.0 0 2.0 -2.0
GREATEST
SNOW DEPTH 0
24 HR TOTAL T 03/11 TO 03/11
DEGREE DAYS
HEATING TOTAL 668 808 -140
SINCE 7/1 4327 4752 -425
COOLING TOTAL 0 0 0
SINCE 1/1 0 0 0
..............................................................
WIND (MPH)
AVERAGE WIND SPEED 10.7
RESULTANT WIND SPEED/DIRECTION 4/320
HIGHEST WIND SPEED/DIRECTION 32/310 DATE 03/11
HIGHEST GUST SPEED/DIRECTION 52/290 DATE 03/11
SKY COVER
POSSIBLE SUNSHINE (PERCENT) MM
AVERAGE SKY COVER 0.66
NUMBER OF DAYS FAIR 4
NUMBER OF DAYS PC 12
NUMBER OF DAYS CLOUDY 15
AVERAGE RH (PERCENT) 68
WEATHER CONDITIONS. NUMBER OF DAYS WITH
THUNDERSTORM 0 MIXED PRECIP 0
HEAVY RAIN 6 RAIN 11
LIGHT RAIN 18 FREEZING RAIN 0
LT FREEZING RAIN 0 HAIL 0
HEAVY SNOW 0 SNOW 0
LIGHT SNOW 1 SLEET 0
FOG 16 FOG W/VIS <= 1/4 MILE 1
HAZE 0
- INDICATES NEGATIVE NUMBERS.
R INDICATES RECORD WAS SET OR TIED.
MM INDICATES DATA IS MISSING.
T INDICATES TRACE AMOUNT.
$$