000
CXUS51 KOKX 011441
CLMBDR
NYCCLMBDR 000
TTAA00 OKX 011421
CLIMATE REPORT
NATIONAL WEATHER SERVICE NEW YORK, NY
1021 AM EDT FRI SEP 01 2023
...................................
...THE BRIDGEPORT CT CLIMATE SUMMARY FOR THE MONTH OF AUGUST 2023...
CLIMATE NORMAL PERIOD 1991 TO 2020
CLIMATE RECORD PERIOD 1948 TO 2023
WEATHER OBSERVED NORMAL DEPART LAST YEAR`S
VALUE DATE(S) VALUE FROM VALUE DATE(S)
NORMAL
................................................................
TEMPERATURE (F)
RECORD
HIGH 100 08/09/2001
08/27/1948
LOW 44 08/29/1982
HIGHEST 89 08/13 MM MM 94 08/09
LOWEST 59 08/02 MM MM 60 08/14
AVG. MAXIMUM 79.9 81.9 -2.0 84.9
AVG. MINIMUM 66.3 67.0 -0.7 69.8
MEAN 73.1 74.5 -1.4 77.3
DAYS MAX >= 90 0 2.4 -2.4 4
DAYS MAX <= 32 0 0.0 0.0 0
DAYS MIN <= 32 0 0.0 0.0 0
DAYS MIN <= 0 0 0.0 0.0 0
PRECIPITATION (INCHES)
RECORD
MAXIMUM 13.29 1952
MINIMUM 0.72 1981
TOTALS 3.92 3.98 -0.06 0.82
DAILY AVG. 0.13 0.13 0.00 0.03
DAYS >= .01 12 9.2 2.8 6
DAYS >= .10 9 6.1 2.9 2
DAYS >= .50 3 2.5 0.5 0
DAYS >= 1.00 1 1.1 -0.1 0
GREATEST
24 HR. TOTAL 1.13 08/15 TO 08/15 0.36 08/17 TO 08/17
08/01 TO 08/01
08/17 TO 08/17
STORM TOTAL 1.13 0.36
(MM/DD(HH)) MM
DEGREE DAYS
HEATING TOTAL 0 1 -1 0
SINCE 7/1 0 0 0 MM
COOLING TOTAL 257 294 -37 390
SINCE 1/1 754 817 -63 MM
................................................................
WIND (MPH)
AVERAGE WIND SPEED 8.2
HIGHEST WIND SPEED/DIRECTION 29/220 DATE 08/18
HIGHEST GUST SPEED/DIRECTION 41/220 DATE 08/18
WEATHER CONDITIONS. NUMBER OF DAYS WITH
THUNDERSTORM 3 MIXED PRECIP 0
HEAVY RAIN 4 RAIN 5
LIGHT RAIN 17 FREEZING RAIN 0
LT FREEZING RAIN 0 HAIL 0
HEAVY SNOW 0 SNOW 0
LIGHT SNOW 0 SLEET 0
FOG 11 FOG W/VIS <= 1/4 MILE 0
HAZE 0
- INDICATES NEGATIVE NUMBERS.
R INDICATES RECORD WAS SET OR TIED.
MM INDICATES DATA IS MISSING.
T INDICATES TRACE AMOUNT.
$$