447
CXUS51 KBTV 011516
CLMBTV
CLIMATE REPORT
NATIONAL WEATHER SERVICE BURLINGTON VT
1116 AM EDT WED MAY 01 2024
...................................
...THE BURLINGTON VT CLIMATE SUMMARY FOR THE MONTH OF APRIL 2024...
CLIMATE NORMAL PERIOD: 1991 TO 2020
CLIMATE RECORD PERIOD: 1884 TO 2024
WEATHER OBSERVED NORMAL DEPART LAST YEAR`S
VALUE DATE(S) VALUE FROM VALUE DATE(S)
NORMAL
................................................................
TEMPERATURE (F)
RECORD
HIGH 91 04/19/1976
04/18/1976
LOW 2 04/07/1972
HIGHEST 76 04/12 54 22 88 04/13
LOWEST 27 04/25 34 -7 24 04/03
04/09
AVG. MAXIMUM 56.8 55.3 1.5 61.1
AVG. MINIMUM 36.9 35.9 1.0 40.1
MEAN 46.8 45.6 1.3 50.6
DAYS MAX >= 90 0 0.0 0.0 0
DAYS MAX <= 32 0 0.3 -0.3 0
DAYS MIN <= 32 8 12.9 -4.9 5
DAYS MIN <= 0 0 0.0 0.0 0
PRECIPITATION (INCHES)
RECORD
MAXIMUM 7.88 2011
MINIMUM 0.60 1896
TOTALS 3.21 3.07 0.14 2.81
DAILY AVG. 0.11 0.10 0.01 0.09
DAYS >= .01 13 13.2 -0.2 13
DAYS >= .10 9 7.6 1.4 7
DAYS >= .50 2 1.8 0.2 3
DAYS >= 1.00 0 0.2 -0.2 0
GREATEST
24 HR. TOTAL 0.93 04/03 TO 04/04 0.76 04/23 TO 04/23
04/22 TO 04/23
04/23 TO 04/23
STORM TOTAL 0.81 0.76
(MM/DD(HH)) MM
SNOWFALL (INCHES)
RECORDS
TOTAL 21.3 MM
TOTALS 10.0 4.1 5.9 T
SINCE 7/1 60.8 87.5 -26.7 MM
SNOWDEPTH AVG. 0 -1
DAYS >= 1.0 1 1.1 -0.1 0
GREATEST
SNOW DEPTH 7 04/05 -1 04/28
04/29
04/01
24 HR TOTAL MM MM
DEGREE DAYS
HEATING TOTAL 538 586 -48 434
SINCE 7/1 5692 6677 -985 MM
COOLING TOTAL 0 4 -4 10
SINCE 1/1 0 4 -4 MM
................................................................
WIND (MPH)
AVERAGE WIND SPEED 8.7
HIGHEST WIND SPEED/DIRECTION 33/190 DATE 04/12
33/330 04/24
HIGHEST GUST SPEED/DIRECTION 51/150 DATE 04/12
SKY COVER
POSSIBLE SUNSHINE (PERCENT) MM
AVERAGE SKY COVER 0.65
NUMBER OF DAYS FAIR 5
NUMBER OF DAYS PC 14
NUMBER OF DAYS CLOUDY 11
AVERAGE RH (PERCENT) 62
WEATHER CONDITIONS. NUMBER OF DAYS WITH
THUNDERSTORM 1 MIXED PRECIP 0
HEAVY RAIN 2 RAIN 6
LIGHT RAIN 18 FREEZING RAIN 0
LT FREEZING RAIN 0 HAIL 0
HEAVY SNOW 0 SNOW 2
LIGHT SNOW 6 SLEET 1
FOG 10 FOG W/VIS <= 1/4 MILE 0
HAZE 0
- INDICATES NEGATIVE NUMBERS.
R INDICATES RECORD WAS SET OR TIED.
MM INDICATES DATA IS MISSING.
T INDICATES TRACE AMOUNT.
$$