000
CXUS51 KBOX 011203
CF6BDL
PRELIMINARY LOCAL CLIMATOLOGICAL DATA (WS FORM: F-6)
STATION: HARTFORD CT
MONTH: APRIL
YEAR: 2023
LATITUDE: 41 55 N
LONGITUDE: 72 41 W
TEMPERATURE IN F: :PCPN: SNOW: WIND :SUNSHINE: SKY :PK WND
================================================================================
1 2 3 4 5 6A 6B 7 8 9 10 11 12 13 14 15 16 17 18
12Z AVG MX 2MIN
DY MAX MIN AVG DEP HDD CDD WTR SNW DPTH SPD SPD DIR MIN PSBL S-S WX SPD DR
================================================================================
1 68 40 54 11 11 0 0.32 0.0 0 7.3 25 250 M M 8 13 30 250
2 52 33 43 -1 22 0 0.00 0.0 0 13.7 31 310 M M 5 40 310
3 58 23 41 -3 24 0 0.00 0.0 0 9.6 26 180 M M 2 36 210
4 73 42 58 13 7 0 0.00 0.0 0 5.5 18 360 M M 7 22 10
5 54 40 47 2 18 0 T 0.0 0 8.9 16 120 M M 10 1 19 110
6 69 39 54 9 11 0 T 0.0 0 5.3 22 330 M M 9 18 29 330
7 59 39 49 3 16 0 0.00 0.0 0 12.7 30 270 M M 8 37 270
8 54 30 42 -4 23 0 0.00 0.0 0 5.4 16 340 M M 5 8 22 310
9 56 29 43 -4 22 0 0.00 0.0 0 5.8 16 190 M M 2 21 190
10 68 29 49 2 16 0 0.00 0.0 0 4.6 13 280 M M 2 8 15 270
11 78 35 57 9 8 0 0.00 0.0 0 8.4 25 250 M M 6 36 250
12 81 58 70 22 0 5 0.00 0.0 0 12.5 26 290 M M 5 36 320
13 92 51 72 24 0 7 0.00 0.0 0 6.4 20 260 M M 0 27 260
14 96 56 76 27 0 11 0.00 0.0 0 6.4 18 190 M M 7 24 180
15 76 53 65 16 0 0 0.10 0.0 0 6.1 18 220 M M 8 13 22 220
16 71 59 65 15 0 0 0.04 0.0 0 6.0 15 140 M M 10 1 16 150
17 62 54 58 8 7 0 0.06 0.0 0 6.2 13 270 M M 9 1 15 280
18 56 47 52 1 13 0 T 0.0 0 12.7 26 260 M M 7 30 270
19 54 36 45 -6 20 0 0.00 0.0 0 9.9 21 290 M M 7 27 290
20 70 39 55 4 10 0 0.00 0.0 0 6.0 15 260 M M 6 20 250
21 74 48 61 9 4 0 0.00 0.0 0 7.6 18 170 M M 4 24 180
22 63 48 56 4 9 0 0.18 0.0 0 8.0 16 120 M M 10 13 22 110
23 56 45 51 -2 14 0 3.13 0.0 0 6.7 16 360 M M 10 13 21 360
24 60 41 51 -2 14 0 0.00 0.0 0 5.6 15 270 M M 7 1 19 290
25 62 36 49 -4 16 0 0.00 0.0 0 4.9 16 300 M M 4 20 300
26 62 34 48 -6 17 0 T 0.0 0 6.2 21 240 M M 4 24 220
27 60 45 53 -1 12 0 0.18 0.0 0 6.6 15 190 M M 7 1 19 180
28 64 39 52 -3 13 0 0.00 0.0 0 6.5 17 190 M M 9 128 22 180
29 58 46 52 -3 13 0 0.45 0.0 0 8.5 18 120 M M 10 18 23 100
30 56 48 52 -3 13 0 1.54 0.0 0 11.4 18 20 M M 10 1 24 20
================================================================================
SM 1962 1262 353 23 6.00 0.0 231.4 M 198
================================================================================
AV 65.4 42.1 7.7 FASTST M M 7 MAX(MPH)
MISC ----> 31 310 40 310
================================================================================
NOTES:
# LAST OF SEVERAL OCCURRENCES
COLUMN 17 PEAK WIND IN M.P.H.
PRELIMINARY LOCAL CLIMATOLOGICAL DATA (WS FORM: F-6) , PAGE 2
STATION: HARTFORD CT
MONTH: APRIL
YEAR: 2023
LATITUDE: 41 55 N
LONGITUDE: 72 41 W
[TEMPERATURE DATA] [PRECIPITATION DATA] SYMBOLS USED IN COLUMN 16
AVERAGE MONTHLY: 53.7 TOTAL FOR MONTH: 6.00 1 = FOG OR MIST
DPTR FM NORMAL: 4.2 DPTR FM NORMAL: 2.12 2 = FOG REDUCING VISIBILITY
HIGHEST: 96 ON 14 GRTST 24HR 3.31 ON 22-23 TO 1/4 MILE OR LESS
LOWEST: 23 ON 3 3 = THUNDER
SNOW, ICE PELLETS, HAIL 4 = ICE PELLETS
TOTAL MONTH: 0.0 INCH 5 = HAIL
GRTST 24HR 0.0 6 = FREEZING RAIN OR DRIZZLE
GRTST DEPTH: 0 7 = DUSTSTORM OR SANDSTORM:
VSBY 1/2 MILE OR LESS
8 = SMOKE OR HAZE
[NO. OF DAYS WITH] [WEATHER - DAYS WITH] 9 = BLOWING SNOW
X = TORNADO
MAX 32 OR BELOW: 0 0.01 INCH OR MORE: 9
MAX 90 OR ABOVE: 2 0.10 INCH OR MORE: 7
MIN 32 OR BELOW: 4 0.50 INCH OR MORE: 2
MIN 0 OR BELOW: 0 1.00 INCH OR MORE: 2
[HDD (BASE 65) ]
TOTAL THIS MO. 353 CLEAR (SCALE 0-3) 4
DPTR FM NORMAL -120 PTCLDY (SCALE 4-7) 16
TOTAL FM JUL 1 4782 CLOUDY (SCALE 8-10) 10
DPTR FM NORMAL -873
[CDD (BASE 65) ]
TOTAL THIS MO. 23
DPTR FM NORMAL 16 [PRESSURE DATA]
TOTAL FM JAN 1 23 HIGHEST SLP 30.56 ON 9
DPTR FM NORMAL 16 LOWEST SLP 29.05 ON 30
[REMARKS]
#FINAL-04-23#