000
CXUS51 KLWX 010815
CF6BWI
PRELIMINARY LOCAL CLIMATOLOGICAL DATA (WS FORM: F-6)
STATION: BALTIMORE MD
MONTH: OCTOBER
YEAR: 2022
LATITUDE: 39 10 N
LONGITUDE: 76 40 W
TEMPERATURE IN F: :PCPN: SNOW: WIND :SUNSHINE: SKY :PK WND
================================================================================
1 2 3 4 5 6A 6B 7 8 9 10 11 12 13 14 15 16 17 18
12Z AVG MX 2MIN
DY MAX MIN AVG DEP HDD CDD WTR SNW DPTH SPD SPD DIR MIN PSBL S-S WX SPD DR
================================================================================
1 62 56 59 -4 6 0 0.66 0.0 0 14.5 23 50 M M 10 1 34 60
2 61 52 57 -6 8 0 0.77 0.0 0 10.9 18 30 M M 10 1 30 30
3 55 47 51 -11 14 0 0.59 0.0 0 10.2 20 30 M M 10 1 30 30
4 55 47 51 -11 14 0 1.23 0.0 0 7.9 15 360 M M 10 1 22 340
5 65 51 58 -4 7 0 0.26 0.0 0 6.9 14 320 M M 9 1 25 350
6 79 49 64 3 1 0 0.00 0.0 0 3.5 9 250 M M 4 16 320
7 79 52 66 5 0 1 0.00 0.0 0 7.4 15 310 M M 4 25 320
8 60 41 51 -9 14 0 0.00 0.0 0 6.5 16 290 M M 5 25 350
9 65 36 51 -9 14 0 0.00 0.0 0 5.2 17 300 M M 1 24 300
10 71 39 55 -5 10 0 0.00 0.0 0 3.4 13 250 M M 1 19 350
11 75 42 59 0 6 0 0.00 0.0 0 3.7 10 230 M M 1 14 230
12 73 46 60 1 5 0 0.00 0.0 0 4.9 15 110 M M 7 1 21 120
13 70 56 63 5 2 0 0.76 0.0 0 5.9 15 330 M M 10 1 24 340
14 70 47 59 1 6 0 0.02 0.0 0 2.3 12 150 M M 5 1 19 130
15 76 42 59 1 6 0 0.00 0.0 0 4.2 16 230 M M 2 25 170
16 73 50 62 5 3 0 0.00 0.0 0 3.4 13 210 M M 7 19 330
17 71 50 61 4 4 0 T 0.0 0 6.8 18 310 M M 7 27 290
18 56 37 47 -9 18 0 0.00 0.0 0 9.1 20 280 M M 4 27 280
19 58 34 46 -10 19 0 0.00 0.0 0 7.3 18 260 M M 5 27 240
20 62 35 49 -7 16 0 0.00 0.0 0 5.7 18 240 M M 1 24 260
21 68 35 52 -3 13 0 0.00 0.0 0 2.2 10 160 M M 1 14 170
22 71 37 54 -1 11 0 0.00 0.0 0 2.1 12 100 M M 3 1 17 70
23 67 42 55 0 10 0 0.16 0.0 0 5.7 14 20 M M 9 1 27 40
24 63 57 60 6 5 0 0.03 0.0 0 4.3 8 350 M M 10 1 19 360
25 64 58 61 7 4 0 T 0.0 0 1.9 8 100 M M 10 18 13 330
26 68 55 62 8 3 0 0.08 0.0 0 4.5 17 290 M M 8 1 24 290
27 67 49 58 5 7 0 0.00 0.0 0 7.3 17 330 M M 2 27 360
28 60 45 53 0 12 0 0.00 0.0 0 9.0 17 50 M M 6 26 40
29 64 39 52 -1 13 0 0.00 0.0 0 4.8 14 40 M M 3 20 60
30 62 36 49 -3 16 0 0.00 0.0 0 2.4 10 110 M M 6 17 90
31 67 46 57 5 8 0 0.10 0.0 0 2.7 10 200 M M 10 1 15 200
================================================================================
SM 2057 1408 275 1 4.66 0.0 176.6 M 181
================================================================================
AV 66.4 45.4 5.7 FASTST M M 6 MAX(MPH)
MISC ----> 23 50 34 60
================================================================================
NOTES:
# LAST OF SEVERAL OCCURRENCES
COLUMN 17 PEAK WIND IN M.P.H.
PRELIMINARY LOCAL CLIMATOLOGICAL DATA (WS FORM: F-6) , PAGE 2
STATION: BALTIMORE MD
MONTH: OCTOBER
YEAR: 2022
LATITUDE: 39 10 N
LONGITUDE: 76 40 W
[TEMPERATURE DATA] [PRECIPITATION DATA] SYMBOLS USED IN COLUMN 16
AVERAGE MONTHLY: 55.9 TOTAL FOR MONTH: 4.66 1 = FOG OR MIST
DPTR FM NORMAL: -1.5 DPTR FM NORMAL: 0.72 2 = FOG REDUCING VISIBILITY
HIGHEST: 79 ON 7, 6 GRTST 24HR 1.35 ON 3- 4 TO 1/4 MILE OR LESS
LOWEST: 34 ON 19 3 = THUNDER
SNOW, ICE PELLETS, HAIL 4 = ICE PELLETS
TOTAL MONTH: 0.0 INCH 5 = HAIL
GRTST 24HR 0.0 6 = FREEZING RAIN OR DRIZZLE
GRTST DEPTH: 0 7 = DUSTSTORM OR SANDSTORM:
VSBY 1/2 MILE OR LESS
8 = SMOKE OR HAZE
[NO. OF DAYS WITH] [WEATHER - DAYS WITH] 9 = BLOWING SNOW
X = TORNADO
MAX 32 OR BELOW: 0 0.01 INCH OR MORE: 11
MAX 90 OR ABOVE: 0 0.10 INCH OR MORE: 8
MIN 32 OR BELOW: 0 0.50 INCH OR MORE: 5
MIN 0 OR BELOW: 0 1.00 INCH OR MORE: 1
[HDD (BASE 65) ]
TOTAL THIS MO. 275 CLEAR (SCALE 0-3) 9
DPTR FM NORMAL 15 PTCLDY (SCALE 4-7) 11
TOTAL FM JUL 1 299 CLOUDY (SCALE 8-10) 11
DPTR FM NORMAL 5
[CDD (BASE 65) ]
TOTAL THIS MO. 1
DPTR FM NORMAL -23 [PRESSURE DATA]
TOTAL FM JAN 1 1551 HIGHEST SLP 30.49 ON 28
DPTR FM NORMAL 230 LOWEST SLP 29.57 ON 17
[REMARKS]
#FINAL-10-22#