000
CXUS51 KLWX 010815
CF6BWI
PRELIMINARY LOCAL CLIMATOLOGICAL DATA (WS FORM: F-6)
STATION: BALTIMORE MD
MONTH: JUNE
YEAR: 2022
LATITUDE: 39 10 N
LONGITUDE: 76 40 W
TEMPERATURE IN F: :PCPN: SNOW: WIND :SUNSHINE: SKY :PK WND
================================================================================
1 2 3 4 5 6A 6B 7 8 9 10 11 12 13 14 15 16 17 18
12Z AVG MX 2MIN
DY MAX MIN AVG DEP HDD CDD WTR SNW DPTH SPD SPD DIR MIN PSBL S-S WX SPD DR
================================================================================
1 94 74 84 15 0 19 0.00 0.0 0 6.8 17 280 M M 5 23 270
2 91 71 81 12 0 16 0.03 0.0 0 5.6 18 140 M M 8 138 26 130
3 81 62 72 2 0 7 0.00 0.0 0 7.5 17 330 M M 6 27 350
4 86 55 71 1 0 6 0.00 0.0 0 5.2 15 280 M M 2 22 280
5 80 59 70 0 0 5 0.00 0.0 0 6.5 18 60 M M 3 25 50
6 83 53 68 -3 0 3 0.00 0.0 0 5.4 16 130 M M 3 24 130
7 82 58 70 -1 0 5 0.06 0.0 0 5.0 15 160 M M 7 1 25 200
8 90 66 78 7 0 13 1.35 0.0 0 5.4 18 330 M M 7 13 24 330
9 83 61 72 0 0 7 0.51 0.0 0 10.9 29 280 M M 6 13 37 290
10 82 56 69 -3 0 4 0.00 0.0 0 5.0 13 270 M M 6 28 310
11 72 65 69 -3 0 4 0.05 0.0 0 3.9 8 240 M M 9 18 12 300
12 81 64 73 0 0 8 0.02 0.0 0 3.4 10 140 M M 7 1 18 120
13 92 70 81 8 0 16 0.00 0.0 0 4.0 15 270 M M 7 1 21 270
14 84 68 76 3 0 11 0.26 0.0 0 5.4 23 80 M M 7 38 30 90
15 89 65 77 3 0 12 0.00 0.0 0 4.8 14 150 M M 4 23 190
16 85 71 78 4 0 13 T 0.0 0 6.5 15 140 M M 9 3 21 170
17 96 71 84 10 0 19 0.00 0.0 0 9.6 24 290 M M 5 39 310
18 77 64 71 -3 0 6 0.00 0.0 0 13.0 25 300 M M 3 37 310
19 79 53 66 -9 0 1 0.00 0.0 0 9.8 22 330 M M 3 31 340
20 84 51 68 -7 0 3 0.00 0.0 0 5.1 14 310 M M 5 24 360
21 85 58 72 -3 0 7 T 0.0 0 3.7 10 200 M M 7 8 17 180
22 85 64 75 -1 0 10 0.41 0.0 0 6.6 21 100 M M 8 1 27 60
23 73 63 68 -8 0 3 0.25 0.0 0 6.5 13 90 M M 9 1 18 90
24 84 61 73 -3 0 8 0.00 0.0 0 2.5 10 110 M M 4 18 13 110
25 90 64 77 1 0 12 0.00 0.0 0 4.2 13 130 M M 2 1 18 230
26 91 70 81 5 0 16 T 0.0 0 5.6 16 170 M M 5 27 170
27 84 71 78 1 0 13 0.01 0.0 0 6.9 14 300 M M 6 21 320
28 84 55 70 -7 0 5 0.00 0.0 0 5.5 16 330 M M 5 26 20
29 89 60 75 -2 0 10 0.00 0.0 0 4.7 15 220 M M 4 23 250
30 91 67 79 2 0 14 0.00 0.0 0 3.7 12 110 M M 2 18 30
================================================================================
SM 2547 1890 0 276 2.95 0.0 178.7 M 164
================================================================================
AV 84.9 63.0 6.0 FASTST M M 5 MAX(MPH)
MISC ----> 29 280 39 310
================================================================================
NOTES:
# LAST OF SEVERAL OCCURRENCES
COLUMN 17 PEAK WIND IN M.P.H.
PRELIMINARY LOCAL CLIMATOLOGICAL DATA (WS FORM: F-6) , PAGE 2
STATION: BALTIMORE MD
MONTH: JUNE
YEAR: 2022
LATITUDE: 39 10 N
LONGITUDE: 76 40 W
[TEMPERATURE DATA] [PRECIPITATION DATA] SYMBOLS USED IN COLUMN 16
AVERAGE MONTHLY: 74.0 TOTAL FOR MONTH: 2.95 1 = FOG OR MIST
DPTR FM NORMAL: 0.4 DPTR FM NORMAL: -1.03 2 = FOG REDUCING VISIBILITY
HIGHEST: 96 ON 17 GRTST 24HR 1.86 ON 8- 9 TO 1/4 MILE OR LESS
LOWEST: 51 ON 20 3 = THUNDER
SNOW, ICE PELLETS, HAIL 4 = ICE PELLETS
TOTAL MONTH: 0.0 INCH 5 = HAIL
GRTST 24HR 0.0 6 = FREEZING RAIN OR DRIZZLE
GRTST DEPTH: 0 7 = DUSTSTORM OR SANDSTORM:
VSBY 1/2 MILE OR LESS
8 = SMOKE OR HAZE
[NO. OF DAYS WITH] [WEATHER - DAYS WITH] 9 = BLOWING SNOW
X = TORNADO
MAX 32 OR BELOW: 0 0.01 INCH OR MORE: 10
MAX 90 OR ABOVE: 8 0.10 INCH OR MORE: 5
MIN 32 OR BELOW: 0 0.50 INCH OR MORE: 2
MIN 0 OR BELOW: 0 1.00 INCH OR MORE: 1
[HDD (BASE 65) ]
TOTAL THIS MO. 0 CLEAR (SCALE 0-3) 5
DPTR FM NORMAL -11 PTCLDY (SCALE 4-7) 22
TOTAL FM JUL 1 3878 CLOUDY (SCALE 8-10) 3
DPTR FM NORMAL -604
[CDD (BASE 65) ]
TOTAL THIS MO. 276
DPTR FM NORMAL 10 [PRESSURE DATA]
TOTAL FM JAN 1 422 HIGHEST SLP 30.24 ON 29
DPTR FM NORMAL 45 LOWEST SLP 29.60 ON 9
[REMARKS]
#FINAL-06-22#