020
CXUS51 KILN 030135
CLMCMH
CLIMATE REPORT
NATIONAL WEATHER SERVICE WILMINGTON OH
835 PM EST SAT MAR 02 2024
...................................
...THE COLUMBUS OH CLIMATE SUMMARY FOR THE MONTH OF FEBRUARY 2024...
CLIMATE NORMAL PERIOD: 1991 TO 2020
CLIMATE RECORD PERIOD: 1869 TO 2024
WEATHER OBSERVED NORMAL DEPART LAST YEAR`S
VALUE DATE(S) VALUE FROM VALUE DATE(S)
NORMAL
................................................................
TEMPERATURE (F)
RECORD
HIGH 78 02/24/2017
LOW -20 02/10/1899
HIGHEST 67 02/26 40 27 73 02/23
02/27
LOWEST 13 02/18 23 -10 12 02/04
AVG. MAXIMUM 51.8 40.8 11.0 52.3
AVG. MINIMUM 29.2 24.2 5.0 30.0
MEAN 40.5 32.5 8.0 41.1
DAYS MAX >= 90 0 0.0 0.0 0
DAYS MAX <= 32 1 7.4 -6.4 2
DAYS MIN <= 32 21 22.1 -1.1 17
DAYS MIN <= 0 0 0.8 -0.8 0
PRECIPITATION (INCHES)
TOTALS 1.23 2.41 -1.18 1.62
DAILY AVG. 0.04 0.08 -0.04 0.06
DAYS >= .01 5 11.8 -6.8 7
DAYS >= .10 3 6.1 -3.1 3
DAYS >= .50 1 1.6 -0.6 1
DAYS >= 1.00 0 0.2 -0.2 0
GREATEST
24 HR. TOTAL 0.72 02/22 TO 02/22 0.73 02/27 TO 02/27
SNOWFALL (INCHES)
TOTALS 7.0 7.6 -0.6 T
SINCE 7/1 12.4 23.6 -11.2 11.5
DAYS >= TRACE 3 6.7 -3.7 2
DAYS >= 1.0 2 2.6 -0.6 0
GREATEST
24 HR TOTAL 4.4 02/16 TO 02/16 T 02/03 TO 02/03
02/17 TO 02/17
DEGREE DAYS
HEATING TOTAL 705 910 -205 661
SINCE 7/1 3327 4042 -715 3714
COOLING TOTAL 0 0 0 0
SINCE 1/1 0 0 0 0
................................................................
WIND (MPH)
AVERAGE WIND SPEED 8.0
RESULTANT WIND SPEED/DIRECTION 2/280
HIGHEST WIND SPEED/DIRECTION 35/290 DATE 02/28
HIGHEST GUST SPEED/DIRECTION 53/200 DATE 02/28
SKY COVER
AVERAGE SKY COVER 0.54
AVERAGE RH (PERCENT) 64
WEATHER CONDITIONS. NUMBER OF DAYS WITH
THUNDERSTORM 2 MIXED PRECIP 0
HEAVY RAIN 2 RAIN 1
LIGHT RAIN 4 FREEZING RAIN 0
LT FREEZING RAIN 0 HAIL 0
HEAVY SNOW 0 SNOW 1
LIGHT SNOW 3 SLEET 0
FOG 8 FOG W/VIS <= 1/4 MILE 1
HAZE 2
- INDICATES NEGATIVE NUMBERS.
R INDICATES RECORD WAS SET OR TIED.
MM INDICATES DATA IS MISSING.
T INDICATES TRACE AMOUNT.
$$