000
CXUS52 KRAH 011322
CLMFAY
CLIMATE REPORT
NATIONAL WEATHER SERVICE RALEIGH NC
922 AM EDT TUE AUG 01 2023
...................................
...THE FAYETTEVILLE NC CLIMATE SUMMARY FOR THE MONTH OF JULY 2023...
CLIMATE NORMAL PERIOD 1991 TO 2020
CLIMATE RECORD PERIOD 1910 TO 2023
WEATHER OBSERVED NORMAL DEPART LAST YEAR`S
VALUE DATE(S) VALUE FROM VALUE
NORMAL
..............................................................
TEMPERATURE (F)
RECORD
HIGH 107 07/22/1932
LOW 51 07/23/1944
07/05/1933
HIGHEST 97 07/21 100
LOWEST 70 07/02 64
07/18
07/23
AVG. MAXIMUM 91.9 91.4 0.5 91.9
AVG. MINIMUM 73.4 71.9 1.5 73.4
MEAN 82.7 81.7 1.0 82.6
DAYS MAX >= 90 27 24
DAYS MAX <= 32 0 0
DAYS MIN <= 32 0 0
DAYS MIN <= 0 0 0
PRECIPITATION (INCHES)
RECORD
MAXIMUM 13.35 1943
TOTALS 6.40 4.95 1.45 8.62
DAYS >= .01 11
DAYS >= .10 10
DAYS >= .50 5
DAYS >= 1.00 2
GREATEST
24 HR. TOTAL 2.27 07/08 TO 07/09
DEGREE DAYS
HEATING TOTAL 0 0 0 0
SINCE 7/1 0 0 0 MM
COOLING TOTAL 557 516 41 554
SINCE 1/1 1162 1216 -54 MM
..............................................................
WIND (MPH)
AVERAGE WIND SPEED 5.6
HIGHEST WIND SPEED/DIRECTION 31/330 DATE 07/09
HIGHEST GUST SPEED/DIRECTION 43/300 DATE 07/06
SKY COVER
POSSIBLE SUNSHINE (PERCENT) MM
AVERAGE SKY COVER 0.24
NUMBER OF DAYS FAIR 23
NUMBER OF DAYS PC 8
NUMBER OF DAYS CLOUDY 0
AVERAGE RH (PERCENT) 76
WEATHER CONDITIONS. NUMBER OF DAYS WITH
THUNDERSTORM 15 MIXED PRECIP 0
HEAVY RAIN 8 RAIN 5
LIGHT RAIN 14 FREEZING RAIN 0
LT FREEZING RAIN 0 HAIL 0
HEAVY SNOW 0 SNOW 0
LIGHT SNOW 0 SLEET 0
FOG 23 FOG W/VIS <= 1/4 MILE 5
HAZE 7
- INDICATES NEGATIVE NUMBERS.
R INDICATES RECORD WAS SET OR TIED.
MM INDICATES DATA IS MISSING.
T INDICATES TRACE AMOUNT.
&&
A RECORD DAILY HIGH MINIMUM TEMPERATURE OF 76 DEGREES WAS SET AT
FAYETTEVILLE NC ON JULY 3RD. THIS TIES THE PREVIOUS RECORD OF 76
DEGREES SET IN 2018.
A RECORD DAILY HIGH MINIMUM TEMPERATURE OF 77 DEGREES WAS SET AT
FAYETTEVILLE NC ON JULY 19TH. THIS TIES THE PREVIOUS RECORD OF 77
DEGREES SET IN 1988.
$$