149
CXUS52 KRAH 011413
CLMFAY
CLIMATE REPORT
NATIONAL WEATHER SERVICE RALEIGH NC
1013 AM EDT WED MAY 01 2024
...................................
...THE FAYETTEVILLE NC CLIMATE SUMMARY FOR THE MONTH OF APRIL 2024...
CLIMATE NORMAL PERIOD 1991 TO 2020
CLIMATE RECORD PERIOD 1910 TO 2024
WEATHER OBSERVED NORMAL DEPART LAST YEAR`S
VALUE DATE(S) VALUE FROM VALUE
NORMAL
..............................................................
TEMPERATURE (F)
RECORD
HIGH 96 04/12/1930
LOW 22 04/10/1996
HIGHEST 89 04/15 87
04/18
LOWEST 39 04/07 36
04/23
AVG. MAXIMUM 76.7 74.8 1.9 76.4
AVG. MINIMUM 53.0 50.8 2.2 52.2
MEAN 64.8 62.8 2.0 64.3
DAYS MAX >= 90 0 0
DAYS MAX <= 32 0 0
DAYS MIN <= 32 0 0
DAYS MIN <= 0 0 0
PRECIPITATION (INCHES)
RECORD
MAXIMUM 7.37 1918
TOTALS 1.94 3.15 -1.21 4.26
DAYS >= .01 5
DAYS >= .10 4
DAYS >= .50 2
DAYS >= 1.00 0
GREATEST
24 HR. TOTAL 0.82 04/20 TO 04/21
DEGREE DAYS
HEATING TOTAL 91 136 -45 104
SINCE 7/1 2175 2707 -532 2112
COOLING TOTAL 91 70 21 91
SINCE 1/1 110 91 19 143
..............................................................
WIND (MPH)
AVERAGE WIND SPEED 8.7
HIGHEST WIND SPEED/DIRECTION 40/280 DATE 04/12
HIGHEST GUST SPEED/DIRECTION 59/280 DATE 04/12
SKY COVER
POSSIBLE SUNSHINE (PERCENT) MM
AVERAGE SKY COVER 0.28
NUMBER OF DAYS FAIR 18
NUMBER OF DAYS PC 10
NUMBER OF DAYS CLOUDY 2
AVERAGE RH (PERCENT) 61
WEATHER CONDITIONS. NUMBER OF DAYS WITH
THUNDERSTORM 2 MIXED PRECIP 0
HEAVY RAIN 2 RAIN 4
LIGHT RAIN 6 FREEZING RAIN 0
LT FREEZING RAIN 0 HAIL 0
HEAVY SNOW 0 SNOW 0
LIGHT SNOW 0 SLEET 0
FOG 6 FOG W/VIS <= 1/4 MILE 1
HAZE 1
- INDICATES NEGATIVE NUMBERS.
R INDICATES RECORD WAS SET OR TIED.
MM INDICATES DATA IS MISSING.
T INDICATES TRACE AMOUNT.
&&
A RECORD HIGH MINIMUM TEMPERATURE OF 66 DEGREES WAS SET AT
FAYETTEVILLE NC APRIL 3 2024. THIS BROKE THE OLD RECORD OF 63 SET IN
1999.
$$