788
CXUS52 KRAH 011545
CLMFAY
CLIMATE REPORT
NATIONAL WEATHER SERVICE RALEIGH NC
1045 AM EST THU FEB 01 2024
...................................
...THE FAYETTEVILLE NC CLIMATE SUMMARY FOR THE MONTH OF JANUARY 2024...
CLIMATE NORMAL PERIOD 1991 TO 2020
CLIMATE RECORD PERIOD 1910 TO 2024
WEATHER OBSERVED NORMAL DEPART LAST YEAR`S
VALUE DATE(S) VALUE FROM VALUE
NORMAL
..............................................................
TEMPERATURE (F)
RECORD
HIGH 81 01/03/1952
01/27/1950
LOW 01/22/1985
01/21/1985
HIGHEST 80 01/26 76
LOWEST 18 01/21 25
AVG. MAXIMUM 58.0 54.0 4.0 61.0
AVG. MINIMUM 35.5 34.0 1.5 39.7
MEAN 46.7 44.0 2.7 50.4
DAYS MAX >= 90 0 0
DAYS MAX <= 32 0 0
DAYS MIN <= 32 14 8
DAYS MIN <= 0 0 0
PRECIPITATION (INCHES)
RECORD
MAXIMUM 7.84 1987
TOTALS 3.05 3.15 -0.10 3.21
DAYS >= .01 8
DAYS >= .10 4
DAYS >= .50 2
DAYS >= 1.00 1
GREATEST
24 HR. TOTAL 1.74 01/09 TO 01/09
DEGREE DAYS
HEATING TOTAL 567 652 -85 450
SINCE 7/1 1448 1698 -250 1421
COOLING TOTAL 8 2 6 4
SINCE 1/1 8 2 6 4
..............................................................
WIND (MPH)
AVERAGE WIND SPEED 8.2
HIGHEST WIND SPEED/DIRECTION 41/210 DATE 01/09
HIGHEST GUST SPEED/DIRECTION 62/220 DATE 01/09
SKY COVER
POSSIBLE SUNSHINE (PERCENT) MM
AVERAGE SKY COVER 0.33
NUMBER OF DAYS FAIR 19
NUMBER OF DAYS PC 7
NUMBER OF DAYS CLOUDY 5
AVERAGE RH (PERCENT) 64
WEATHER CONDITIONS. NUMBER OF DAYS WITH
THUNDERSTORM 1 MIXED PRECIP 0
HEAVY RAIN 2 RAIN 4
LIGHT RAIN 11 FREEZING RAIN 0
LT FREEZING RAIN 0 HAIL 0
HEAVY SNOW 0 SNOW 0
LIGHT SNOW 0 SLEET 0
FOG 9 FOG W/VIS <= 1/4 MILE 1
HAZE 3
- INDICATES NEGATIVE NUMBERS.
R INDICATES RECORD WAS SET OR TIED.
MM INDICATES DATA IS MISSING.
T INDICATES TRACE AMOUNT.
&&
A RECORD RAINFALL OF 1.74 INCHES WAS SET AT FAYETTEVILLE NC ON
JANUARY 9TH. THIS BREAKS THE OLD RECORD OF 1.54 INCHES SET IN 1986.
A RECORD HIGH MINIMUM TEMPERATURE OF 64 DEGREES WAS SET AT
FAYETTEVILLE NC ON JANUARY 25. THIS BREAKS THE OLD RECORD OF 59
DEGREES SET IN 1913.
A RECORD HIGH TEMPERATURE OF 80 DEGREES WAS SET AT FAYETTEVILLE NC
ON JANUARY 26. THIS BREAKS THE OLD RECORD OF 79 SET IN 1990.
A RECORD HIGH MINIMUM TEMPERATURE OF 60 DEGREES WAS SET AT
FAYETTEVILLE NC ON JANUARY 26. THIS BREAKS THE OLD RECORD OF 53
DEGREES SET IN 1916.
$$