944
CXUS51 KBUF 011701
CLMROC
CLIMATE REPORT
NATIONAL WEATHER SERVICE BUFFALO NY
101 PM EDT WED MAY 01 2024
...................................
...THE ROCHESTER NY CLIMATE SUMMARY FOR THE MONTH OF APRIL 2024...
CLIMATE NORMAL PERIOD: 1991 TO 2020
CLIMATE RECORD PERIOD: 1871 TO 2024
WEATHER OBSERVED NORMAL DEPART LAST YEAR`S
VALUE DATE(S) VALUE FROM VALUE DATE(S)
NORMAL
................................................................
TEMPERATURE (F)
RECORD
HIGH 93 04/28/1990
04/30/1970
LOW 11 04/04/1879
HIGHEST 79 04/09 84 04/14
LOWEST 28 04/26 25 04/02
AVG. MAXIMUM 57.8 56.6 1.2 61.4
AVG. MINIMUM 40.5 37.1 3.4 39.0
MEAN 49.1 46.8 2.3 50.2
DAYS MAX >= 90 0 0.0 0.0 0
DAYS MAX <= 32 0 0.4 -0.4 0
DAYS MIN <= 32 4 9.9 -5.9 6
DAYS MIN <= 0 0 0.0 0.0 0
PRECIPITATION (INCHES)
RECORD
MAXIMUM 5.81 2011
MINIMUM 0.94 1884
TOTALS 4.35 2.99 1.36 3.34
DAYS >= .01 16 15
DAYS >= .10 11 9
DAYS >= .50 2 3
DAYS >= 1.00 2 0
GREATEST
24 HR. TOTAL 1.22 04/03 TO 04/04 0.71 04/01 TO 04/01
03/31 TO 04/01
04/01 TO 04/01
SNOWFALL (INCHES)
RECORDS
TOTAL 23.8 1901
TOTALS 0.9 3.0 -2.1 T
SINCE 7/1 52.5 101.9 -49.4 MM
SNOWDEPTH AVG. 0 0
DAYS >= 1.0 0 1.0 -1.0 0
DAYS >= 0.1 2 0
GREATEST
SNOW DEPTH 1R 04/05 0 MM
24 HR TOTAL MM MM
DEGREE DAYS
HEATING TOTAL 467 549 -82 447
SINCE 7/1 5053 5993 -940 MM
COOLING TOTAL 0 4 -4 8
SINCE 1/1 0 4 -4 MM
................................................................
WIND (MPH)
AVERAGE WIND SPEED 9.6
HIGHEST WIND SPEED/DIRECTION 35/250
HIGHEST GUST SPEED/DIRECTION 49/240 DATE 04/12
SKY COVER
POSSIBLE SUNSHINE (PERCENT) MM
AVERAGE SKY COVER 0.70
NUMBER OF DAYS FAIR 5
NUMBER OF DAYS PC 8
NUMBER OF DAYS CLOUDY 17
AVERAGE RH (PERCENT) 66
WEATHER CONDITIONS. NUMBER OF DAYS WITH
THUNDERSTORM 3 MIXED PRECIP 0
HEAVY RAIN 2 RAIN 8
LIGHT RAIN 21 FREEZING RAIN 0
LT FREEZING RAIN 0 HAIL 0
HEAVY SNOW 0 SNOW 0
LIGHT SNOW 2 SLEET 0
FOG 14 FOG W/VIS <= 1/4 MILE 1
HAZE 2
- INDICATES NEGATIVE NUMBERS.
R INDICATES RECORD WAS SET OR TIED.
MM INDICATES DATA IS MISSING.
T INDICATES TRACE AMOUNT.
$$