000
CXUS51 KBGM 010807
CLMBGM
CLIMATE REPORT
NATIONAL WEATHER SERVICE BINGHAMTON, NY
407 AM EDT FRI SEP 01 2023
...................................
...THE BINGHAMTON NY CLIMATE SUMMARY FOR THE MONTH OF AUGUST 2023...
CLIMATE NORMAL PERIOD 1991 TO 2020
CLIMATE RECORD PERIOD 1951 TO 2023
WEATHER OBSERVED NORMAL DEPART LAST YEAR`S
VALUE DATE(S) VALUE FROM VALUE DATE(S)
NORMAL
................................................................
TEMPERATURE (F)
RECORD
HIGH 95 08/14/2002
08/09/2001
LOW 37 08/30/1965
HIGHEST 80 08/06 76 4 92 08/04
08/09
08/12
LOWEST 50 08/02 57 -7 50 08/13
08/14
AVG. MAXIMUM 74.9 76.7 -1.8 80.9
AVG. MINIMUM 59.0 58.0 1.0 60.3
MEAN 67.0 67.3 -0.3 70.6
DAYS MAX >= 90 0 0.7 -0.7 1
DAYS MAX <= 32 0 0.0 0.0 0
DAYS MIN <= 32 0 0.0 0.0 0
DAYS MIN <= 0 0 0.0 0.0 0
PRECIPITATION (INCHES)
RECORD
MAXIMUM 8.90 2011
MINIMUM 0.61 1953
TOTALS 7.33 4.10 3.23 3.32
DAILY AVG. 0.24 0.13 0.11 0.11
DAYS >= .01 17 11.1 5.9 12
DAYS >= .10 11 7.2 3.8 8
DAYS >= .50 5 2.7 2.3 3
DAYS >= 1.00 3 1.2 1.8 0
GREATEST
24 HR. TOTAL 1.61 08/04 TO 08/04
SNOWFALL (INCHES)
RECORDS
TOTAL T 2021
24 HR TOTAL T 08/10/2008 TO 08/10/2008
SNOW DEPTH 0 MM
TOTALS TR 0.0 0.0 0.0
SINCE 7/1 T 0.0 0.0 0.0
SNOWDEPTH AVG. 0 0
DAYS >= TRACE 1 0.0 1.0 0
DAYS >= 1.0 0 0.0 0.0 0
GREATEST
SNOW DEPTH TR 08/04 0
24 HR TOTAL TR 08/04 TO 08/04
DEGREE DAYS
HEATING TOTAL 18 36 -18 4
SINCE 7/1 19 60 -41 7
COOLING TOTAL 86 109 -23 186
SINCE 1/1 416 348 68 443
................................................................
WIND (MPH)
AVERAGE WIND SPEED 6.8
RESULTANT WIND SPEED/DIRECTION 2/270
HIGHEST WIND SPEED/DIRECTION 28/260 DATE 08/04
HIGHEST GUST SPEED/DIRECTION 37/280 DATE 08/04
37/320 08/12
SKY COVER
POSSIBLE SUNSHINE (PERCENT) MM
AVERAGE SKY COVER 0.52
NUMBER OF DAYS FAIR 11
NUMBER OF DAYS PC 11
NUMBER OF DAYS CLOUDY 9
AVERAGE RH (PERCENT) 76
WEATHER CONDITIONS. NUMBER OF DAYS WITH
THUNDERSTORM 7 MIXED PRECIP 0
HEAVY RAIN 10 RAIN 9
LIGHT RAIN 17 FREEZING RAIN 0
LT FREEZING RAIN 0 HAIL 0
HEAVY SNOW 0 SNOW 0
LIGHT SNOW 0 SLEET 0
FOG 20 FOG W/VIS <= 1/4 MILE 5
HAZE 3
- INDICATES NEGATIVE NUMBERS.
R INDICATES RECORD WAS SET OR TIED.
MM INDICATES DATA IS MISSING.
T INDICATES TRACE AMOUNT.
&&
HIGH TEMPERATURE OF 80 ON DAYS 12, 9 AND 6 TIED FOR THE COLDEST
HIGH TEMPERATURE FOR AUGUST
PRECIPITATION WAS THE 4TH GREATEST FOR AUGUST
$$
TAC