863
CXUS51 KGYX 040920 CCA
CLMCON
PWMCLMCON 000
TTAA00 GYX 011919
CLIMATE REPORT
NATIONAL WEATHER SERVICE GRAY ME
319 PM EDT WED MAY 01 2024
...................................
...THE CONCORD NH CLIMATE SUMMARY FOR THE MONTH OF APRIL 2024...
CLIMATE NORMAL PERIOD: 1991 TO 2020
CLIMATE RECORD PERIOD: 1868 TO 2024
WEATHER OBSERVED NORMAL DEPART LAST YEAR`S
VALUE DATE(S) VALUE FROM VALUE DATE(S)
NORMAL
................................................................
TEMPERATURE (F)
RECORD
HIGH 95 04/19/1976
LOW 4 04/05/2016
HIGHEST 71 04/09 82 -11 90 04/14
LOWEST 24 04/08 20 4 18 04/03
04/23
04/26
AVG. MAXIMUM 57.2 57.5 -0.3 59.3
AVG. MINIMUM 33.9 33.3 0.6 36.9
MEAN 45.5 45.4 0.1 48.1
DAYS MAX >= 90 0 0.2 -0.2 1
DAYS MAX <= 32 0 0.2 -0.2 0
DAYS MIN <= 32 16 16.0 0.0 7
DAYS MIN <= 0 0 0.0 0.0 0
PRECIPITATION (INCHES)
RECORD
MAXIMUM 7.74 1904
MINIMUM 0.42 1941
TOTALS 4.46 3.43 1.03 4.12
DAILY AVG. 0.15 0.11 0.04 0.14
DAYS >= .01 14 11.4 2.6 11
DAYS >= .10 8 6.9 1.1 5
DAYS >= .50 4 2.3 1.7 2
DAYS >= 1.00 2 0.7 1.3 1
GREATEST
24 HR. TOTAL 1.44 04/03 TO 04/04
SNOWFALL (INCHES)
RECORDS
TOTAL 35.0 1874
TOTALS 12.0 2.5 9.5 T
SINCE 7/1 55.5 67.7 -12.2 64.5
SNOWDEPTH AVG. 1
DAYS >= TRACE 3 1.3 1.7 1
DAYS >= 1.0 3 0.6 2.4 0
GREATEST
SNOW DEPTH 10 04/05
24 HR TOTAL 8.5 04/03 TO 04/04
DEGREE DAYS
HEATING TOTAL 577 590 -13 505
SINCE 7/1 5792 6630 -838 5888
COOLING TOTAL 0 2 -2 4
SINCE 1/1 0 2 -2 4
................................................................
WIND (MPH)
AVERAGE WIND SPEED 6.4
HIGHEST WIND SPEED/DIRECTION 30/070 DATE 04/04
HIGHEST GUST SPEED/DIRECTION 44/070 DATE 04/04
SKY COVER
AVERAGE SKY COVER 0.50
AVERAGE RH (PERCENT) 68
WEATHER CONDITIONS. NUMBER OF DAYS WITH
THUNDERSTORM 2 HEAVY RAIN 2
RAIN 6 LIGHT RAIN 16
FREEZING RAIN 0 LT FREEZING RAIN 0
HEAVY SNOW 1 SNOW 1
LIGHT SNOW 3 FOG 14
FOG W/VIS <= 1/4 MILE 5 HAZE 2
- INDICATES NEGATIVE NUMBERS.
R INDICATES RECORD WAS SET OR TIED.
MM INDICATES DATA IS MISSING.
T INDICATES TRACE AMOUNT.
$$