000
CXUS51 KILN 010540
CF6DAY
PRELIMINARY LOCAL CLIMATOLOGICAL DATA (WS FORM: F-6)
STATION: DAYTON OH
MONTH: MAY
YEAR: 2023
LATITUDE: 39 54 N
LONGITUDE: 84 12 W
TEMPERATURE IN F: :PCPN: SNOW: WIND :SUNSHINE: SKY :PK WND
================================================================================
1 2 3 4 5 6A 6B 7 8 9 10 11 12 13 14 15 16 17 18
12Z AVG MX 2MIN
DY MAX MIN AVG DEP HDD CDD WTR SNW DPTH SPD SPD DIR MIN PSBL S-S WX SPD DR
================================================================================
1 45 39 42 -17 23 0 0.27 0.0 0 19.3 35 280 M M 10 1 45 280
2 47 42 45 -15 20 0 0.02 0.0 0 13.7 26 270 M M 10 36 280
3 57 40 49 -11 16 0 T 0.0 0 13.4 22 320 M M 8 29 310
4 65 36 51 -9 14 0 0.00 0.0 0 4.2 10 310 M M 4 12 290
5 73 43 58 -3 7 0 0.00 0.0 0 8.2 16 130 M M 3 22 120
6 76 50 63 2 2 0 0.00 0.0 0 8.6 17 150 M M 6 21 140
7 78 59 69 8 0 4 0.31 0.0 0 9.7 21 290 M M 9 13 26 290
8 76 59 68 6 0 3 T 0.0 0 6.1 13 30 M M 9 17 90
9 72 52 62 0 3 0 0.00 0.0 0 10.5 18 10 M M 4 24 30
10 77 44 61 -1 4 0 0.00 0.0 0 6.2 16 100 M M 2 20 110
11 81 52 67 5 0 2 0.00 0.0 0 5.8 12 150 M M 8 18 150
12 79 62 71 8 0 6 0.35 0.0 0 5.3 15 220 M M 9 1 17 230
13 78 64 71 8 0 6 0.50 0.0 0 6.8 14 50 M M 9 1 19 70
14 77 59 68 5 0 3 0.00 0.0 0 9.9 18 50 M M 9 22 30
15 75 54 65 1 0 0 T 0.0 0 3.1 10 40 M M 9 13 50
16 68 56 62 -2 3 0 0.04 0.0 0 6.2 13 270 M M 8 1 16 270
17 68 45 57 -7 8 0 0.00 0.0 0 10.2 18 20 M M 1 25 10
18 74 40 57 -8 8 0 0.00 0.0 0 6.0 12 130 M M 0 16 170
19 80 56 68 3 0 3 0.19 0.0 0 8.9 20 220 M M 6 1 24 220
20 67 51 59 -6 6 0 0.21 0.0 0 11.3 21 340 M M 6 18 27 330
21 75 47 61 -5 4 0 0.00 0.0 0 3.5 14 330 M M 1 16 220
22 80 51 66 0 0 1 0.00 0.0 0 4.0 12 50 M M 5 16 60
23 81 55 68 2 0 3 0.00 0.0 0 5.2 16 150 M M 6 29 140
24 83 54 69 3 0 4 0.00 0.0 0 10.3 23 40 M M 3 30 30
25 70 46 58 -9 7 0 0.00 0.0 0 13.3 21 20 M M 3 26 10
26 76 44 60 -7 5 0 0.00 0.0 0 11.0 18 70 M M 0 26 60
27 77 49 63 -4 2 0 0.00 0.0 0 7.6 17 70 M M 6 23 110
28 80 60 70 2 0 5 0.00 0.0 0 6.5 17 60 M M 9 23 70
29 86 56 71 3 0 6 0.00 0.0 0 7.2 20 90 M M 6 25 90
30 86 61 74 6 0 9 0.00 0.0 0 7.6 16 130 M M 3 21 170
31 87 63 75 7 0 10 0.00 0.0 0 6.8 15 120 M M 2 21 130
================================================================================
SM 2294 1589 132 65 1.89 0.0 256.4 M 174
================================================================================
AV 74.0 51.3 8.3 FASTST M M 6 MAX(MPH)
MISC ----> 35 280 45 280
================================================================================
NOTES:
# LAST OF SEVERAL OCCURRENCES
COLUMN 17 PEAK WIND IN M.P.H.
PRELIMINARY LOCAL CLIMATOLOGICAL DATA (WS FORM: F-6) , PAGE 2
STATION: DAYTON OH
MONTH: MAY
YEAR: 2023
LATITUDE: 39 54 N
LONGITUDE: 84 12 W
[TEMPERATURE DATA] [PRECIPITATION DATA] SYMBOLS USED IN COLUMN 16
AVERAGE MONTHLY: 62.6 TOTAL FOR MONTH: 1.89 1 = FOG OR MIST
DPTR FM NORMAL: -1.4 DPTR FM NORMAL: -2.62 2 = FOG REDUCING VISIBILITY
HIGHEST: 87 ON 31 GRTST 24HR 0.83 ON 12-13 TO 1/4 MILE OR LESS
LOWEST: 36 ON 4 3 = THUNDER
SNOW, ICE PELLETS, HAIL 4 = ICE PELLETS
TOTAL MONTH: 0.0 INCH 5 = HAIL
GRTST 24HR 0.0 6 = FREEZING RAIN OR DRIZZLE
GRTST DEPTH: 0 7 = DUSTSTORM OR SANDSTORM:
VSBY 1/2 MILE OR LESS
8 = SMOKE OR HAZE
[NO. OF DAYS WITH] [WEATHER - DAYS WITH] 9 = BLOWING SNOW
X = TORNADO
MAX 32 OR BELOW: 0 0.01 INCH OR MORE: 8
MAX 90 OR ABOVE: 0 0.10 INCH OR MORE: 6
MIN 32 OR BELOW: 0 0.50 INCH OR MORE: 1
MIN 0 OR BELOW: 0 1.00 INCH OR MORE: 0
[HDD (BASE 65) ]
TOTAL THIS MO. 132 CLEAR (SCALE 0-3) 9
DPTR FM NORMAL 7 PTCLDY (SCALE 4-7) 12
TOTAL FM JUL 1 4590 CLOUDY (SCALE 8-10) 10
DPTR FM NORMAL -545
[CDD (BASE 65) ]
TOTAL THIS MO. 65
DPTR FM NORMAL -29 [PRESSURE DATA]
TOTAL FM JAN 1 76 HIGHEST SLP 30.33 ON 15
DPTR FM NORMAL -35 LOWEST SLP 29.39 ON 1
[REMARKS]
#FINAL-05-23#