589
CXUS51 KILN 020215
CLMCMH
CLIMATE REPORT
NATIONAL WEATHER SERVICE WILMINGTON OH
1015 PM EDT SAT JUN 01 2024
...................................
...THE COLUMBUS OH CLIMATE SUMMARY FOR THE MONTH OF MAY 2024...
CLIMATE NORMAL PERIOD: 1991 TO 2020
CLIMATE RECORD PERIOD: 1869 TO 2024
WEATHER OBSERVED NORMAL DEPART LAST YEAR`S
VALUE DATE(S) VALUE FROM VALUE DATE(S)
NORMAL
................................................................
TEMPERATURE (F)
RECORD
HIGH 96 05/31/1895
LOW 25 05/10/1966
HIGHEST 89 05/21 73 16 87 05/30
05/31
LOWEST 43 05/12 51 -8 38 05/01
05/02
05/04
AVG. MAXIMUM 77.9 74.1 3.8 73.8
AVG. MINIMUM 58.3 52.4 5.9 51.4
MEAN 68.1 63.3 4.8 62.6
DAYS MAX >= 90 0 0.7 -0.7 0
DAYS MAX <= 32 0 0.0 0.0 0
DAYS MIN <= 32 0 0.2 -0.2 0
DAYS MIN <= 0 0 0.0 0.0 0
PRECIPITATION (INCHES)
TOTALS 4.84 3.99 0.85 3.67
DAILY AVG. 0.16 0.13 0.03 0.12
DAYS >= .01 18 14.0 4.0 9
DAYS >= .10 12 8.6 3.4 5
DAYS >= .50 2 2.5 -0.5 1
DAYS >= 1.00 1 0.8 0.2 1
GREATEST
24 HR. TOTAL 1.62 05/06 TO 05/07 2.49 05/12 TO 05/12
SNOWFALL (INCHES)
TOTALS 0.0 0.0 0.0 0.0
SINCE 7/1 7.8 28.2 -15.6 12.5
DAYS >= TRACE 0 0.0 0.0 0
DAYS >= 1.0 0 0.0 0.0 0
GREATEST
24 HR TOTAL 0.0 0.0
DEGREE DAYS
HEATING TOTAL 35 138 -103 135
SINCE 7/1 4191 5216 -1025 4590
COOLING TOTAL 142 84 58 70
SINCE 1/1 174 98 76 80
................................................................
WIND (MPH)
AVERAGE WIND SPEED 6.6
RESULTANT WIND SPEED/DIRECTION 1/210
HIGHEST WIND SPEED/DIRECTION 30/160 DATE 05/26
HIGHEST GUST SPEED/DIRECTION 38/160 DATE 05/26
SKY COVER
AVERAGE SKY COVER 0.63
AVERAGE RH (PERCENT) 71
WEATHER CONDITIONS. NUMBER OF DAYS WITH
THUNDERSTORM 12 MIXED PRECIP 0
HEAVY RAIN 6 RAIN 8
LIGHT RAIN 18 FREEZING RAIN 0
LT FREEZING RAIN 0 HAIL 0
HEAVY SNOW 0 SNOW 0
LIGHT SNOW 0 SLEET 0
FOG 15 FOG W/VIS <= 1/4 MILE 0
HAZE 2
- INDICATES NEGATIVE NUMBERS.
R INDICATES RECORD WAS SET OR TIED.
MM INDICATES DATA IS MISSING.
T INDICATES TRACE AMOUNT.
$$