715
CXUS51 KILN 010604
CLMCMH
CLIMATE REPORT
NATIONAL WEATHER SERVICE WILMINGTON OH
204 AM EDT WED MAY 01 2024
...................................
...THE COLUMBUS OH CLIMATE SUMMARY FOR THE MONTH OF APRIL 2024...
CLIMATE NORMAL PERIOD: 1991 TO 2020
CLIMATE RECORD PERIOD: 1869 TO 2024
WEATHER OBSERVED NORMAL DEPART LAST YEAR`S
VALUE DATE(S) VALUE FROM VALUE DATE(S)
NORMAL
................................................................
TEMPERATURE (F)
RECORD
HIGH 90 04/25/1915
LOW 14 04/07/1982
HIGHEST 84 04/16 63 21 84 04/20
04/29
LOWEST 31 04/07 41 -10 29 04/25
AVG. MAXIMUM 66.9 64.1 2.8 65.7
AVG. MINIMUM 47.0 42.2 4.8 42.0
MEAN 57.0 53.2 3.8 53.9
DAYS MAX >= 90 0 0.0 0.0 0
DAYS MAX <= 32 0 0.0 0.0 0
DAYS MIN <= 32 1 4.2 -3.2 1
DAYS MIN <= 0 0 0.0 0.0 0
PRECIPITATION (INCHES)
TOTALS 5.87 3.85 2.02 3.17
DAILY AVG. 0.20 0.13 0.07 0.11
DAYS >= .01 11 13.7 -2.7 10
DAYS >= .10 8 8.1 -0.1 5
DAYS >= .50 4 2.7 1.3 2
DAYS >= 1.00 3 0.5 2.5 0
GREATEST
24 HR. TOTAL 2.06 04/01 TO 04/02 1.12 04/21 TO 04/22
SNOWFALL (INCHES)
TOTALS T 0.5 -0.5 T
SINCE 7/1 12.6 28.2 -15.6 12.5
DAYS >= TRACE 2 1.0 1.0 1
DAYS >= 1.0 0 0.2 -0.2 0
GREATEST
24 HR TOTAL T 04/04 TO 04/04 T 04/17 TO 04/17
04/17 TO 04/17
DEGREE DAYS
HEATING TOTAL 266 367 -101 340
SINCE 7/1 4156 5080 -924 4455
COOLING TOTAL 32 12 20 10
SINCE 1/1 32 14 18 10
................................................................
WIND (MPH)
AVERAGE WIND SPEED 9.4
RESULTANT WIND SPEED/DIRECTION 3/250
HIGHEST WIND SPEED/DIRECTION 35/190 DATE 04/17
HIGHEST GUST SPEED/DIRECTION 43/310 DATE 04/12
43/180 04/17
SKY COVER
AVERAGE SKY COVER 0.67
AVERAGE RH (PERCENT) 65
WEATHER CONDITIONS. NUMBER OF DAYS WITH
THUNDERSTORM 4 MIXED PRECIP 0
HEAVY RAIN 4 RAIN 6
LIGHT RAIN 16 FREEZING RAIN 0
LT FREEZING RAIN 0 HAIL 2
HEAVY SNOW 0 SNOW 0
LIGHT SNOW 1 SLEET 1
FOG 11 FOG W/VIS <= 1/4 MILE 0
HAZE 1
- INDICATES NEGATIVE NUMBERS.
R INDICATES RECORD WAS SET OR TIED.
MM INDICATES DATA IS MISSING.
T INDICATES TRACE AMOUNT.
$$