000
CXUS51 KILN 010535
CF6CVG
PRELIMINARY LOCAL CLIMATOLOGICAL DATA (WS FORM: F-6)
STATION: CINCINNATI OH
MONTH: JUNE
YEAR: 2023
LATITUDE: 39 2 N
LONGITUDE: 84 40 W
TEMPERATURE IN F: :PCPN: SNOW: WIND :SUNSHINE: SKY :PK WND
================================================================================
1 2 3 4 5 6A 6B 7 8 9 10 11 12 13 14 15 16 17 18
12Z AVG MX 2MIN
DY MAX MIN AVG DEP HDD CDD WTR SNW DPTH SPD SPD DIR MIN PSBL S-S WX SPD DR
================================================================================
1 88 66 77 8 0 12 0.00 0.0 0 5.9 16 100 M M 2 19 100
2 92 59 76 7 0 11 0.00 0.0 0 5.3 15 40 M M 1 29 80
3 93 67 80 11 0 15 T 0.0 0 7.3 25 10 M M 4 33 350
4 83 67 75 5 0 10 0.00 0.0 0 9.3 20 40 M M 6 8 25 40
5 81 58 70 0 0 5 0.00 0.0 0 7.0 15 30 M M 4 8 20 360
6 86 54 70 0 0 5 0.02 0.0 0 7.8 29 20 M M 7 18 38 20
7 76 59 68 -2 0 3 0.09 0.0 0 6.0 16 10 M M 5 18 22 10
8 77 52 65 -6 0 0 0.00 0.0 0 5.3 16 10 M M 2 18 20 20
9 80 49 65 -6 0 0 0.00 0.0 0 5.8 15 300 M M 0 18 24 240
10 84 52 68 -3 0 3 0.00 0.0 0 5.1 16 200 M M 3 18 23 200
11 81 61 71 0 0 6 1.33 0.0 0 9.6 26 210 M M 10 138 36 180
12 69 52 61 -11 4 0 0.02 0.0 0 11.9 23 340 M M 8 1 28 340
13 76 50 63 -9 2 0 0.02 0.0 0 11.3 30 290 M M 7 1 39 220
14 79 62 71 -1 0 6 T 0.0 0 8.8 18 260 M M 8 8 28 260
15 83 59 71 -1 0 6 0.00 0.0 0 6.1 13 270 M M 4 18 16 260
16 72 57 65 -8 0 0 T 0.0 0 9.6 20 340 M M 6 18 24 340
17 80 55 68 -5 0 3 0.00 0.0 0 4.0 9 330 M M 1 18 14 350
18 83 58 71 -2 0 6 0.00 0.0 0 6.8 16 130 M M 4 18 21 130
19 73 66 70 -3 0 5 0.39 0.0 0 10.4 17 130 M M 9 18 22 140
20 79 67 73 -1 0 8 T 0.0 0 13.6 22 70 M M 9 1 25 70
21 83 66 75 1 0 10 0.01 0.0 0 14.4 26 60 M M 8 1 32 60
22 71 62 67 -7 0 2 0.00 0.0 0 9.6 21 80 M M 9 26 80
23 77 63 70 -4 0 5 0.03 0.0 0 4.7 10 320 M M 10 1 13 310
24 87 66 77 3 0 12 0.00 0.0 0 6.3 16 290 M M 7 8 27 280
25 86 63 75 0 0 10 0.16 0.0 0 9.4 22 180 M M 6 138 31 180
26 82 64 73 -2 0 8 0.16 0.0 0 12.1 36 280 M M 6 1 43 290
27 76 62 69 -6 0 4 0.00 0.0 0 10.2 20 310 M M 8 18 26 310
28 83 58 71 -4 0 6 0.00 0.0 0 4.2 10 280 M M 4 18 15 90
29 86 65 76 1 0 11 0.19 0.0 0 9.0 25 250 M M 6 138 31 250
30 87 66 77 2 0 12 0.50 0.0 0 7.6 29 330 M M 7 138 40 340
================================================================================
SM 2433 1805 6 184 2.92 0.0 244.4 M 171
================================================================================
AV 81.1 60.2 8.1 FASTST M M 6 MAX(MPH)
MISC ----> 36 280 43 290
================================================================================
NOTES:
# LAST OF SEVERAL OCCURRENCES
COLUMN 17 PEAK WIND IN M.P.H.
PRELIMINARY LOCAL CLIMATOLOGICAL DATA (WS FORM: F-6) , PAGE 2
STATION: CINCINNATI OH
MONTH: JUNE
YEAR: 2023
LATITUDE: 39 2 N
LONGITUDE: 84 40 W
[TEMPERATURE DATA] [PRECIPITATION DATA] SYMBOLS USED IN COLUMN 16
AVERAGE MONTHLY: 70.6 TOTAL FOR MONTH: 2.92 1 = FOG OR MIST
DPTR FM NORMAL: -1.7 DPTR FM NORMAL: -1.83 2 = FOG REDUCING VISIBILITY
HIGHEST: 93 ON 3 GRTST 24HR 1.33 ON 11-11 TO 1/4 MILE OR LESS
LOWEST: 49 ON 9 3 = THUNDER
SNOW, ICE PELLETS, HAIL 4 = ICE PELLETS
TOTAL MONTH: 0.0 INCH 5 = HAIL
GRTST 24HR 0.0 6 = FREEZING RAIN OR DRIZZLE
GRTST DEPTH: 0 7 = DUSTSTORM OR SANDSTORM:
VSBY 1/2 MILE OR LESS
8 = SMOKE OR HAZE
[NO. OF DAYS WITH] [WEATHER - DAYS WITH] 9 = BLOWING SNOW
X = TORNADO
MAX 32 OR BELOW: 0 0.01 INCH OR MORE: 12
MAX 90 OR ABOVE: 2 0.10 INCH OR MORE: 6
MIN 32 OR BELOW: 0 0.50 INCH OR MORE: 2
MIN 0 OR BELOW: 0 1.00 INCH OR MORE: 1
[HDD (BASE 65) ]
TOTAL THIS MO. 6 CLEAR (SCALE 0-3) 6
DPTR FM NORMAL -6 PTCLDY (SCALE 4-7) 18
TOTAL FM JUL 1 4363 CLOUDY (SCALE 8-10) 6
DPTR FM NORMAL -526
[CDD (BASE 65) ]
TOTAL THIS MO. 184
DPTR FM NORMAL -49 [PRESSURE DATA]
TOTAL FM JAN 1 257 HIGHEST SLP M ON M
DPTR FM NORMAL -85 LOWEST SLP 29.55 ON 11
[REMARKS]
#FINAL-06-23#