355
CXUS51 KILN 010534
CF6CVG
PRELIMINARY LOCAL CLIMATOLOGICAL DATA (WS FORM: F-6)
STATION: CINCINNATI OH
MONTH: MAY
YEAR: 2024
LATITUDE: 39 2 N
LONGITUDE: 84 40 W
TEMPERATURE IN F: :PCPN: SNOW: WIND :SUNSHINE: SKY :PK WND
================================================================================
1 2 3 4 5 6A 6B 7 8 9 10 11 12 13 14 15 16 17 18
12Z AVG MX 2MIN
DY MAX MIN AVG DEP HDD CDD WTR SNW DPTH SPD SPD DIR MIN PSBL S-S WX SPD DR
================================================================================
1 80 51 66 6 0 1 0.00 0.0 0 4.9 15 230 M M 6 21 230
2 85 58 72 12 0 7 0.00 0.0 0 4.0 15 160 M M 4 22 170
3 72 64 68 8 0 3 0.13 0.0 0 5.8 14 160 M M 10 1 20 200
4 76 63 70 9 0 5 0.55 0.0 0 5.5 13 250 M M 8 13 19 260
5 79 61 70 9 0 5 T 0.0 0 5.8 14 290 M M 7 1 21 290
6 75 62 69 8 0 4 0.45 0.0 0 6.1 14 50 M M 10 1 21 230
7 77 63 70 8 0 5 2.05 0.0 0 9.6 28 330 M M 9 1238 43 350
8 80 60 70 8 0 5 0.59 0.0 0 6.0 21 180 M M 8 13 28 170
9 73 55 64 2 1 0 0.30 0.0 0 8.9 35 300 M M 9 13 48 290
10 68 51 60 -2 5 0 0.01 0.0 0 9.8 22 10 M M 7 1 27 350
11 70 50 60 -3 5 0 0.01 0.0 0 10.9 25 300 M M 6 1 34 300
12 76 46 61 -2 4 0 0.00 0.0 0 2.6 10 290 M M 2 17 240
13 78 55 67 4 0 2 0.01 0.0 0 10.0 21 200 M M 7 28 210
14 65 59 62 -2 3 0 0.21 0.0 0 7.9 14 120 M M 10 1 19 90
15 74 63 69 5 0 4 T 0.0 0 9.2 20 40 M M 9 1 25 30
16 80 58 69 5 0 4 0.00 0.0 0 4.8 13 230 M M 4 1 19 280
17 72 61 67 3 0 2 0.10 0.0 0 5.9 13 190 M M 9 1 17 240
18 81 59 70 5 0 5 0.00 0.0 0 3.6 9 330 M M 5 128 15 340
19 88 61 75 10 0 10 0.00 0.0 0 3.2 10 330 M M 2 14 330
20 86 63 75 10 0 10 0.00 0.0 0 4.9 14 190 M M 5 24 170
21 86 62 74 8 0 9 0.00 0.0 0 8.6 18 190 M M 4 25 190
22 83 65 74 8 0 9 0.64 0.0 0 10.6 21 210 M M 8 138 33 210
23 77 61 69 3 0 4 0.03 0.0 0 6.2 20 220 M M 8 138 27 230
24 81 59 70 4 0 5 T 0.0 0 5.6 16 190 M M 7 18 22 190
25 82 65 74 7 0 9 0.03 0.0 0 6.3 15 280 M M 6 1 18 280
26 80 65 73 6 0 8 0.30 0.0 0 9.2 35 210 M M 7 138 51 200
27 78 61 70 3 0 5 0.14 0.0 0 12.2 26 280 M M 6 1 34 280
28 77 59 68 0 0 3 0.00 0.0 0 10.2 22 280 M M 3 32 310
29 70 53 62 -6 3 0 0.01 0.0 0 7.5 22 300 M M 6 30 310
30 76 54 65 -3 0 0 0.00 0.0 0 4.5 12 30 M M 3 1 16 30
31 75 54 65 -3 0 0 0.00 0.0 0 8.7 16 90 M M 6 24 90
================================================================================
SM 2400 1821 21 124 5.56 0.0 219.0 M 201
================================================================================
AV 77.4 58.7 7.1 FASTST M M 6 MAX(MPH)
MISC ----> # 35 300 51 200
================================================================================
NOTES:
# LAST OF SEVERAL OCCURRENCES
COLUMN 17 PEAK WIND IN M.P.H.
PRELIMINARY LOCAL CLIMATOLOGICAL DATA (WS FORM: F-6) , PAGE 2
STATION: CINCINNATI OH
MONTH: MAY
YEAR: 2024
LATITUDE: 39 2 N
LONGITUDE: 84 40 W
[TEMPERATURE DATA] [PRECIPITATION DATA] SYMBOLS USED IN COLUMN 16
AVERAGE MONTHLY: 68.1 TOTAL FOR MONTH: 5.56 1 = FOG OR MIST
DPTR FM NORMAL: 4.0 DPTR FM NORMAL: 0.89 2 = FOG REDUCING VISIBILITY
HIGHEST: 88 ON 19 GRTST 24HR 2.64 ON 7- 8 TO 1/4 MILE OR LESS
LOWEST: 46 ON 12 3 = THUNDER
SNOW, ICE PELLETS, HAIL 4 = ICE PELLETS
TOTAL MONTH: 0.0 INCH 5 = HAIL
GRTST 24HR 0.0 6 = FREEZING RAIN OR DRIZZLE
GRTST DEPTH: 0 7 = DUSTSTORM OR SANDSTORM:
VSBY 1/2 MILE OR LESS
8 = SMOKE OR HAZE
[NO. OF DAYS WITH] [WEATHER - DAYS WITH] 9 = BLOWING SNOW
X = TORNADO
MAX 32 OR BELOW: 0 0.01 INCH OR MORE: 17
MAX 90 OR ABOVE: 0 0.10 INCH OR MORE: 11
MIN 32 OR BELOW: 0 0.50 INCH OR MORE: 4
MIN 0 OR BELOW: 0 1.00 INCH OR MORE: 1
[HDD (BASE 65) ]
TOTAL THIS MO. 21 CLEAR (SCALE 0-3) 3
DPTR FM NORMAL -97 PTCLDY (SCALE 4-7) 19
TOTAL FM JUL 1 4041 CLOUDY (SCALE 8-10) 9
DPTR FM NORMAL -839
[CDD (BASE 65) ]
TOTAL THIS MO. 124
DPTR FM NORMAL 34 [PRESSURE DATA]
TOTAL FM JAN 1 161 HIGHEST SLP M ON M
DPTR FM NORMAL 52 LOWEST SLP 29.49 ON 27
[REMARKS]
#FINAL-05-24#