000
CXUS51 KILN 010658
CF6CVG
PRELIMINARY LOCAL CLIMATOLOGICAL DATA (WS FORM: F-6)
STATION: CINCINNATI OH
MONTH: FEBRUARY
YEAR: 2022
LATITUDE: 39 2 N
LONGITUDE: 84 40 W
TEMPERATURE IN F: :PCPN: SNOW: WIND :SUNSHINE: SKY :PK WND
================================================================================
1 2 3 4 5 6A 6B 7 8 9 10 11 12 13 14 15 16 17 18
12Z AVG MX 2MIN
DY MAX MIN AVG DEP HDD CDD WTR SNW DPTH SPD SPD DIR MIN PSBL S-S WX SPD DR
================================================================================
1 61 29 45 13 20 0 0.00 0.0 T 10.3 20 220 M M 8 27 220
2 49 35 42 10 23 0 0.88 0.0 0 10.1 22 150 M M 10 1 28 150
3 35 22 29 -3 36 0 1.26 2.4 0 17.4 26 20 M M 10 146 32 30
4 24 15 20 -12 45 0 0.06 1.8 2 10.8 22 10 M M 9 18 27 10
5 21 12 17 -15 48 0 T T 3 6.8 15 280 M M 7 18 18 290
6 38 15 27 -6 38 0 0.00 0.0 1 5.8 13 180 M M 2 16 150
7 40 19 30 -3 35 0 0.00 0.0 1 7.4 16 320 M M 4 18 19 330
8 45 15 30 -3 35 0 0.00 0.0 1 7.4 15 190 M M 2 18 21 190
9 51 38 45 12 20 0 0.00 0.0 T 10.8 20 260 M M 6 26 270
10 44 29 37 3 28 0 0.00 0.0 T 8.4 17 230 M M 4 25 280
11 56 31 44 10 21 0 0.04 0.0 0 12.3 25 240 M M 7 1 36 260
12 41 23 32 -2 33 0 T T 0 11.9 21 300 M M 10 26 310
13 28 15 22 -12 43 0 0.04 0.6 0 9.0 20 330 M M 8 18 23 320
14 31 12 22 -12 43 0 T T T 3.6 9 250 M M 5 8 14 280
15 52 20 36 1 29 0 0.00 0.0 T 8.1 17 150 M M 4 8 21 130
16 64 44 54 19 11 0 0.00 0.0 0 17.2 29 190 M M 9 41 200
17 59 31 45 10 20 0 2.25 0.0 0 14.5 32 330 M M 10 1 40 320
18 34 24 29 -7 36 0 T T 0 11.3 22 310 M M 6 29 310
19 32 20 26 -10 39 0 0.00 0.0 0 12.7 32 290 M M 1 39 290
20 57 20 39 3 26 0 0.00 0.0 0 11.5 23 190 M M 0 30 180
21 64 38 51 15 14 0 0.00 0.0 0 13.2 22 180 M M 5 27 180
22 62 45 54 17 11 0 1.03 0.0 0 14.5 28 220 M M 10 138 45 230
23 45 28 37 0 28 0 T T 0 11.9 23 300 M M 10 146 27 300
24 37 29 33 -4 32 0 0.57 0.0 0 10.0 17 70 M M 10 168 20 50
25 35 29 32 -6 33 0 0.17 T 0 11.4 25 290 M M 10 12 33 270
26 37 24 31 -7 34 0 0.00 0.0 0 4.6 9 350 M M 9 15 350
27 49 21 35 -3 30 0 0.00 0.0 0 5.4 18 280 M M 1 1 30 320
28 52 26 39 1 26 0 0.00 0.0 0 5.4 14 220 M M 3 19 190
================================================================================
SM 1243 709 837 0 6.30 4.8 283.7 M 180
================================================================================
AV 44.4 25.3 10.1 FASTST M M 6 MAX(MPH)
MISC ----> # 32 330 45 230
================================================================================
NOTES:
# LAST OF SEVERAL OCCURRENCES
COLUMN 17 PEAK WIND IN M.P.H.
PRELIMINARY LOCAL CLIMATOLOGICAL DATA (WS FORM: F-6) , PAGE 2
STATION: CINCINNATI OH
MONTH: FEBRUARY
YEAR: 2022
LATITUDE: 39 2 N
LONGITUDE: 84 40 W
[TEMPERATURE DATA] [PRECIPITATION DATA] SYMBOLS USED IN COLUMN 16
AVERAGE MONTHLY: 34.9 TOTAL FOR MONTH: 6.30 1 = FOG OR MIST
DPTR FM NORMAL: 0.2 DPTR FM NORMAL: 3.13 2 = FOG REDUCING VISIBILITY
HIGHEST: 64 ON 21,16 GRTST 24HR 2.25 ON 17-17 TO 1/4 MILE OR LESS
LOWEST: 12 ON 14, 5 3 = THUNDER
SNOW, ICE PELLETS, HAIL 4 = ICE PELLETS
TOTAL MONTH: 4.8 INCHES 5 = HAIL
GRTST 24HR 2.4 ON 3- 3 6 = FREEZING RAIN OR DRIZZLE
GRTST DEPTH: 3 ON 5 7 = DUSTSTORM OR SANDSTORM:
VSBY 1/2 MILE OR LESS
8 = SMOKE OR HAZE
[NO. OF DAYS WITH] [WEATHER - DAYS WITH] 9 = BLOWING SNOW
X = TORNADO
MAX 32 OR BELOW: 5 0.01 INCH OR MORE: 9
MAX 90 OR ABOVE: 0 0.10 INCH OR MORE: 6
MIN 32 OR BELOW: 23 0.50 INCH OR MORE: 5
MIN 0 OR BELOW: 0 1.00 INCH OR MORE: 3
[HDD (BASE 65) ]
TOTAL THIS MO. 837 CLEAR (SCALE 0-3) 6
DPTR FM NORMAL -10 PTCLDY (SCALE 4-7) 9
TOTAL FM JUL 1 3452 CLOUDY (SCALE 8-10) 13
DPTR FM NORMAL -320
[CDD (BASE 65) ]
TOTAL THIS MO. 0
DPTR FM NORMAL 0 [PRESSURE DATA]
TOTAL FM JAN 1 0 HIGHEST SLP 30.56 ON 26
DPTR FM NORMAL 0 LOWEST SLP 29.44 ON 17
[REMARKS]
#FINAL-02-22#