000
CXUS55 KPUB 011505
CLAALS

CLIMATE REPORT
NATIONAL WEATHER SERVICE
805 AM MST FRI JAN 01 2021

...................................

...THE ALAMOSA CO CLIMATE SUMMARY FOR THE YEAR OF 2020...

CLIMATE NORMAL PERIOD 1981 TO 2010
CLIMATE RECORD PERIOD 1932 TO 2020

WEATHER         OBSERVED          NORMAL  DEPART
                VALUE   DATE(S)   VALUE   FROM
                                          NORMAL
................................................
TEMPERATURE (F)
RECORD
 HIGH             96   07/05/1989
 LOW             -50   01/28/1948

HIGHEST           93   07/11
LOWEST           -22   01/01

AVG. MAXIMUM    63.1               59.2     3.9
AVG. MINIMUM    24.8               23.9     0.9
MEAN            44.0               41.6     2.4

DAYS MAX >= 90    10
DAYS MAX <= 32    29
DAYS MIN <= 32   225
DAYS MIN <= 0     38

PRECIPITATION (INCHES)
RECORD
 MAXIMUM       11.55   1969
 MINIMUM        3.40   1956

TOTALS          6.13               7.31   -1.18

DAILY AVG.      0.02               0.02   -0.00
DAYS >= .01       47
DAYS >= .10       17
DAYS >= .50        3
DAYS >= 1.00       0

GREATEST
 24 HR. TOTAL   1.23   09/08 TO 09/09

SNOWFALL (INCHES)
RECORDS
 MAXIMUM        97.5   1973
 MINIMUM         6.4   1934

TOTALS          35.2               27.6     7.6
SINCE 7/1       31.5               10.3    21.2

SNOWDEPTH AVG.     0
DAYS >= TRACE     27               22.9     4.1
DAYS >= 1.0       10                9.3     0.7

GREATEST
 SNOW DEPTH       14   09/09
 24 HR TOTAL    13.8   09/08 TO 09/09

DEGREE DAYS
HEATING TOTAL   7596               8594    -998
 SINCE 7/1      3346               3637    -291
COOLING TOTAL     93                 52      41
 SINCE 1/1        93                 51      42

FREEZE DATES
RECORD
 EARLIEST     08/21/1980
 LATEST       06/29/1945

EARLIEST                        10/01
LATEST                          06/15
................................................

WIND (MPH)
AVERAGE WIND SPEED              7.2
RESULTANT WIND SPEED/DIRECTION   2/210
HIGHEST WIND SPEED/DIRECTION    48/240    DATE  06/13
HIGHEST GUST SPEED/DIRECTION    67/240    DATE  06/13

SKY COVER
POSSIBLE SUNSHINE (PERCENT)   MM
AVERAGE SKY COVER           0.16
NUMBER OF DAYS FAIR          301
NUMBER OF DAYS PC             49
NUMBER OF DAYS CLOUDY          9

AVERAGE RH (PERCENT)     49

WEATHER CONDITIONS. NUMBER OF DAYS WITH
THUNDERSTORM             27     MIXED PRECIP               0
HEAVY RAIN               12     RAIN                      17
LIGHT RAIN               72     FREEZING RAIN              1
LT FREEZING RAIN          1     HAIL                       0
HEAVY SNOW                2     SNOW                      10
LIGHT SNOW               31     SLEET                      0
FOG                      57     FOG W/VIS <= 1/4 MILE     20
HAZE                     66

-  INDICATES NEGATIVE NUMBERS.
R  INDICATES RECORD WAS SET OR TIED.
MM INDICATES DATA IS MISSING.
T  INDICATES TRACE AMOUNT.

$$
