000
CXUS55 KPUB 020354
CLAALS

CLIMATE REPORT
NATIONAL WEATHER SERVICE
854 PM MST WED JAN 01 2020

...................................

...THE ALAMOSA CO CLIMATE SUMMARY FOR THE YEAR OF 2019...

CLIMATE NORMAL PERIOD: 1981 TO 2010
CLIMATE RECORD PERIOD: 1932 TO 2019

WEATHER         OBSERVED          NORMAL  DEPART
                VALUE   DATE(S)   VALUE   FROM
                                          NORMAL
................................................

TEMPERATURE (F)
RECORD
 HIGH             96   07/05/1989
 LOW             -50   01/28/1948

HIGHEST           88   07/20
                       07/19
                       09/03
LOWEST           -26   01/30
                       12/30
                       12/31

AVG. MAXIMUM    58.6               59.2    -0.6
AVG. MINIMUM    23.0               23.9    -0.9
MEAN            40.8               41.6    -0.8

DAYS MAX >= 90     0
DAYS MAX <= 32    56
DAYS MIN <= 32   232
DAYS MIN <= 0     49

PRECIPITATION (INCHES)

RECORD
 MAXIMUM       11.55   1969
 MINIMUM        3.40   1956

TOTALS          7.81               7.31    0.50

DAILY AVG.      0.02               0.02   -0.00
DAYS >= .01       64
DAYS >= .10       24
DAYS >= .50        3
DAYS >= 1.00       0

GREATEST
 24 HR. TOTAL   0.64   06/10 TO 06/11

SNOWFALL (INCHES)

RECORDS
 MAXIMUM        97.5   1973
 MINIMUM         6.4   1934
 24 HR TOTAL    15.8   12/13/1967 TO 12/13/1967

TOTALS          53.5               27.6    25.9
SINCE 7/1       13.1               10.3     2.8
SNOWDEPTH AVG.     1
DAYS >= TRACE     52               22.9    29.1
DAYS >= 1.0       17                9.3     7.7

GREATEST
 SNOW DEPTH        8   01/11
 24 HR TOTAL     7.6   01/11 TO 01/11

DEGREE DAYS
HEATING TOTAL   8784               8594     190
 SINCE 7/1      3601               3637     -36
COOLING TOTAL     72                 52      20
 SINCE 1/1        72                 51      21

FREEZE DATES
RECORD
 EARLIEST     08/21/1980
 LATEST       06/29/1945

EARLIEST                        09/13
LATEST                          05/31
................................................

WIND (MPH)
AVERAGE WIND SPEED              7.5
RESULTANT WIND SPEED/DIRECTION   3/210
HIGHEST WIND SPEED/DIRECTION    47/250    DATE  04/20
HIGHEST GUST SPEED/DIRECTION    80/240    DATE  05/26

SKY COVER
POSSIBLE SUNSHINE (PERCENT)   MM
AVERAGE SKY COVER           0.19
NUMBER OF DAYS FAIR          283
NUMBER OF DAYS PC             67
NUMBER OF DAYS CLOUDY         15

AVERAGE RH (PERCENT)     56

WEATHER CONDITIONS. NUMBER OF DAYS WITH
THUNDERSTORM             43     MIXED PRECIP               0
HEAVY RAIN               10     RAIN                      21
LIGHT RAIN               96     FREEZING RAIN              0
LT FREEZING RAIN          1     HAIL                       0
HEAVY SNOW                6     SNOW                      17
LIGHT SNOW               52     SLEET                      0
FOG                      87     FOG W/VIS <= 1/4 MILE     30
HAZE                     52

-  INDICATES NEGATIVE NUMBERS.
R  INDICATES RECORD WAS SET OR TIED.
MM INDICATES DATA IS MISSING.
T  INDICATES TRACE AMOUNT.

$$
