779
CXUS55 KPUB 021330
CLAALS

CLIMATE REPORT
NATIONAL WEATHER SERVICE PUEBLO
630 AM MST WED JAN 2 2019

...................................

...THE ALAMOSA CO CLIMATE SUMMARY FOR THE YEAR OF 2018...

CLIMATE NORMAL PERIOD 1981 TO 2010
CLIMATE RECORD PERIOD 1932 TO 2019

WEATHER         OBSERVED          NORMAL  DEPART
                 VALUE   DATE(S)  VALUE   FROM
                                          NORMAL
................................................
TEMPERATURE (F)
RECORD
 HIGH              96   07/05/1989
 LOW              -50   01/28/1948

HIGHEST            91   07/22
                        07/19
                        06/28
LOWEST            -14   12/30

AVG. MAXIMUM     63.1              59.2     3.9
AVG. MINIMUM     25.0              23.9     1.1

MEAN             44.0              41.6     2.4

DAYS MAX >= 90      5
DAYS MAX <= 32     12
DAYS MIN <= 32    216
DAYS MIN <= 0      26

PRECIPITATION (INCHES)
RECORD
 MAXIMUM        11.55   1969
 MINIMUM         3.40   1956

TOTALS           5.77              7.31   -1.54

DAILY AVG.       0.01              0.02   -0.01

DAYS >= .01        55
DAYS >= .10        17
DAYS >= .50         3
DAYS >= 1.00        0

GREATEST
 24 HR. TOTAL    0.56   09/05 TO 09/05
                        06/03 TO 06/03

SNOWFALL (INCHES)
RECORDS
 MAXIMUM         69.1   1973
 MINIMUM          6.4   1934
 24 HR TOTAL     15.8   12/13/1967 TO 12/13/1967

TOTALS           21.3              27.6    -6.3
SINCE 7/1        13.9              10.3     3.6

SNOWDEPTH AVG.      0
DAYS >= TRACE      27              22.9     4.1
DAYS >= 1.0         7               9.3    -2.3

GREATEST
 SNOW DEPTH         6   10/31
 24 HR TOTAL      5.5   10/31 TO 10/31

DEGREE_DAYS
HEATING TOTAL    7641              8594    -953
 SINCE 7/1       3415              3637    -222

COOLING TOTAL     104                52      52
 SINCE 1/1        104                51      53

FREEZE DATES
RECORD
 EARLIEST     08/09/2009
 LATEST       07/02/1990

EARLIEST      09/14
LATEST        06/02
.................................................

WIND (MPH)
AVERAGE WIND SPEED              7.7
RESULTANT WIND SPEED/DIRECTION   2/211
HIGHEST WIND SPEED/DIRECTION    53/230    DATE  04/17
HIGHEST GUST SPEED/DIRECTION    68/230    DATE  04/17

SKY COVER
POSSIBLE SUNSHINE (PERCENT)   MM
AVERAGE SKY COVER           0.10
NUMBER OF DAYS FAIR          306
NUMBER OF DAYS PC             55
NUMBER OF DAYS CLOUDY          4

AVERAGE RH (PERCENT)     51

WEATHER CONDITIONS. NUMBER OF DAYS WITH
THUNDERSTORM         29   MIXED PRECIP           0
HEAVY RAIN            5   RAIN                  15
LIGHT RAIN           72   FREEZING RAIN          0
LT FREEZING RAIN      0   HAIL                   1
HEAVY SNOW            2   SNOW                  12
LIGHT SNOW           27   SLEET                  0
FOG                  56   FOG W/VIS <= 1/4 MILE 20
HAZE                 34

-  INDICATES NEGATIVE NUMBERS.
R  INDICATES RECORD WAS SET OR TIED.
MM INDICATES DATA IS MISSING.
T  INDICATES TRACE AMOUNT.

$$
